INSERT INTO `tblsessions` (`tenant_id`, `id`, `ip_address`, `timestamp`, `data`) VALUES
(1, 'oiqrb16e3gg2udi2ltn6u7j2uo6k41ur', '1.186.198.215', 1589544681, 0x5f5f63695f6c6173745f726567656e65726174657c693a313538393534343638313b),
(1, 'oj44npocmu9jv1t6pupk82gh0ue0g8bp', '1.186.198.36', 1589294632, 0x5f5f63695f6c6173745f726567656e65726174657c693a313538393239343633323b),
(1, 'ojossaugbbnek26icffkl4hcvgb8d8i7', '1.186.179.27', 1589450044, 0x5f5f63695f6c6173745f726567656e65726174657c693a313538393435303034343b),
(1, 'ojsgjvcm4oe3sdghasflr94v022mh7f2', '203.192.225.151', 1589958637, 0x5f5f63695f6c6173745f726567656e65726174657c693a313538393935383633373b),
(1, 'ok7rpg9rlbatqb1js3quq8emgb180k41', '203.192.225.84', 1589643086, 0x5f5f63695f6c6173745f726567656e65726174657c693a313538393634333038363b),
(1, 'oka02tbhaa2laqpm39kv11ueuarb9h88', '103.121.73.137', 1589476172, 0x5f5f63695f6c6173745f726567656e65726174657c693a313538393437363137323b),
(1, 'okvj56gd3ioq93ue0s5mq1lb3g1nm3qf', '1.38.150.110', 1589555828, 0x5f5f63695f6c6173745f726567656e65726174657c693a313538393535353832383b),
(1, 'oledn0vml4d03a7g0chinfbpbtbgo4n3', '1.186.199.233', 1589444821, 0x5f5f63695f6c6173745f726567656e65726174657c693a313538393434343832313b),
(1, 'olfqtq12vveumejq42b7nith9lnb9ul3', '103.16.35.160', 1589608220, 0x5f5f63695f6c6173745f726567656e65726174657c693a313538393630383232303b4642524c485f73746174657c733a33323a226535353463386631663335333130353161346237626135323062633963303764223b73746166665f757365725f69647c733a323a223337223b73746166665f6c6f676765645f696e7c623a313b74656e616e745f69647c733a323a223339223b73657475702d6d656e752d6f70656e7c733a303a22223b),
(1, 'olk6lrv1b9icvfg8rgapp1gqrpcf69nu', '1.186.199.246', 1589552940, 0x5f5f63695f6c6173745f726567656e65726174657c693a313538393535323934303b),
(1, 'oloo1213989tfd7vl2717grpr9mgqrhq', '203.192.225.84', 1589642894, 0x5f5f63695f6c6173745f726567656e65726174657c693a313538393634323839343b),
(1, 'olvrspcmpnr08gla1o9l1kb99d7j68pi', '203.192.225.238', 1590001571, 0x5f5f63695f6c6173745f726567656e65726174657c693a313539303030313537313b),
(1, 'om3us0e972dela7d51uffpo4a4dnad6l', '103.121.72.205', 1590059083, 0x5f5f63695f6c6173745f726567656e65726174657c693a313539303035393038333b),
(1, 'om9svvredor0sv5tdtuji5hnnp6haau3', '103.16.35.164', 1589283019, 0x5f5f63695f6c6173745f726567656e65726174657c693a313538393238333031393b),
(1, 'omi1v27jle9cuq3772tfr6lefr14rika', '1.186.198.52', 1590165168, 0x5f5f63695f6c6173745f726567656e65726174657c693a313539303136353136383b),
(1, 'omkokps7j6flv15ocp7n45iv3rksdgub', '203.192.225.238', 1590055959, 0x5f5f63695f6c6173745f726567656e65726174657c693a313539303035353935393b),
(1, 'omolj0oecosr02eh7gcunc4vaiif3q8g', '203.192.225.140', 1590165980, 0x5f5f63695f6c6173745f726567656e65726174657c693a313539303136353938303b),
(1, 'onk3gaoc0qt1tsp67b9tgtcmpafs0mgo', '103.121.73.137', 1589462029, 0x5f5f63695f6c6173745f726567656e65726174657c693a313538393436323032393b),
(1, 'onn3661ds459dqmvfkv943d30fagsu3k', '1.186.174.228', 1589362801, 0x5f5f63695f6c6173745f726567656e65726174657c693a313538393336323830313b73746166665f757365725f69647c733a313a2231223b73746166665f6c6f676765645f696e7c623a313b74656e616e745f69647c733a313a2231223b73657475702d6d656e752d6f70656e7c623a313b),
(1, 'oo9k7lfcaianu7ucbabvsvqoa9a0oh5t', '1.186.199.233', 1589452396, 0x5f5f63695f6c6173745f726567656e65726174657c693a313538393435323339363b),
(1, 'oo9tk0a9s4b2it2k9ljsoip1jgpntbec', '103.121.75.2', 1589264749, 0x5f5f63695f6c6173745f726567656e65726174657c693a313538393236343734393b),
(1, 'ood2en5cmrbctf2ihp0m12h97g12maqi', '1.186.199.233', 1589449308, 0x5f5f63695f6c6173745f726567656e65726174657c693a313538393434393330383b),
(1, 'ooi3b93b37f6d2h0ss3pad4bn77dva75', '203.192.225.140', 1590163626, 0x5f5f63695f6c6173745f726567656e65726174657c693a313539303136333632363b),
(1, 'ookbt08rm24vi5dtadagcktecq255aoq', '43.243.215.125', 1589508192, 0x5f5f63695f6c6173745f726567656e65726174657c693a313538393530383139323b),
(1, 'oosunjrfdj8hb58efbu85e0q04gkrndg', '1.186.179.27', 1589441981, 0x5f5f63695f6c6173745f726567656e65726174657c693a313538393434313938313b),
(1, 'op3b2csr9e7ohve8b1bcc0de3afp3v5o', '203.192.225.140', 1590140793, 0x5f5f63695f6c6173745f726567656e65726174657c693a313539303134303739333b),
(1, 'opfgr2uvv8d3vhsj1mt4en5dcijlevph', '103.245.106.186', 1588855249, 0x5f5f63695f6c6173745f726567656e65726174657c693a313538383835353234393b),
(1, 'opkk68fk640ra0rdcefhrbkh1hiak9l4', '103.121.73.137', 1589551386, 0x5f5f63695f6c6173745f726567656e65726174657c693a313538393535313338363b),
(1, 'oq0pt620lqd05eop0pmg4domu4qo2d2e', '103.121.72.122', 1590073920, 0x5f5f63695f6c6173745f726567656e65726174657c693a313539303037333932303b),
(1, 'oq1f5qdfllpkdb0li1qjabkl7fom7bsl', '1.186.197.246', 1589388498, 0x5f5f63695f6c6173745f726567656e65726174657c693a313538393338383439383b),
(1, 'oq3rafil9o3uf4c8r65q4gogjmmm3abu', '1.186.197.246', 1589386153, 0x5f5f63695f6c6173745f726567656e65726174657c693a313538393338363135333b),
(1, 'oqbq4beifmn61e43nq66s8sklrj9pnup', '103.121.75.7', 1589087970, 0x5f5f63695f6c6173745f726567656e65726174657c693a313538393038373937303b),
(1, 'oqcf79p8j4frvc9sc7s36do9f007lul1', '103.121.75.2', 1589300981, 0x5f5f63695f6c6173745f726567656e65726174657c693a313538393330303938313b),
(1, 'oqq636pngv2msl727klkpd4po2qfjg3f', '203.192.225.84', 1589639918, 0x5f5f63695f6c6173745f726567656e65726174657c693a313538393633393931383b),
(1, 'or3m7l133kl7kvnctlc06cvfpqjk794b', '34.251.98.67', 1588846349, 0x5f5f63695f6c6173745f726567656e65726174657c693a313538383834363334393b7265645f75726c7c733a33343a2268747470733a2f2f6465762e6d792e636f6e74726163746f72706c75732e6170702f223b),
(1, 'or5deho381h1rmtfdr5s17v3q6snnrdu', '1.186.197.246', 1589381427, 0x5f5f63695f6c6173745f726567656e65726174657c693a313538393338313432373b),
(1, 'or7at58sgq8bko53m72jbkcju4dga6up', '1.186.197.246', 1589380586, 0x5f5f63695f6c6173745f726567656e65726174657c693a313538393338303538363b),
(1, 'orqlsa1udn0aocgo01tfujm7q8ampcbe', '103.121.75.2', 1589284735, 0x5f5f63695f6c6173745f726567656e65726174657c693a313538393238343733353b),
(1, 'ors831b0tf7d3dq2vd1pahsc4mfpe6p2', '103.121.75.69', 1588786586, 0x5f5f63695f6c6173745f726567656e65726174657c693a313538383738363538363b),
(1, 'ors9sddp07m3plo786lfqp1n798emlr9', '1.186.197.89', 1589955590, 0x5f5f63695f6c6173745f726567656e65726174657c693a313538393935353539303b),
(1, 'os0htpd35n24lhg6ppvtgostup4nda7i', '203.192.225.128', 1588866486, 0x5f5f63695f6c6173745f726567656e65726174657c693a313538383836363438363b),
(1, 'os8c6fhp8b9p262f2aahtc05d1cbml2v', '103.121.73.137', 1589551374, 0x5f5f63695f6c6173745f726567656e65726174657c693a313538393535313337343b),
(1, 'osj6ng1huhr3easao40ic3bprhtjbn2h', '103.87.31.153', 1589539896, 0x5f5f63695f6c6173745f726567656e65726174657c693a313538393533393839363b73746166665f757365725f69647c733a313a2231223b73746166665f6c6f676765645f696e7c623a313b74656e616e745f69647c733a313a2231223b73657475702d6d656e752d6f70656e7c733a303a22223b7265645f75726c7c733a33343a2268747470733a2f2f6465762e6d792e636f6e74726163746f72706c75732e6170702f223b6d6573736167652d737563636573737c733a32333a22457870656e736520526563656970742064656c65746564223b5f5f63695f766172737c613a313a7b733a31353a226d6573736167652d73756363657373223b733a333a226f6c64223b7d),
(1, 'ot40v2i5q62sk3hfcjfjaou2710dldnm', '103.121.75.7', 1589143878, 0x5f5f63695f6c6173745f726567656e65726174657c693a313538393134333837383b),
(1, 'ot6bm4j99oc1nsj1p20b36vj7gaotmnd', '1.186.199.233', 1589443121, 0x5f5f63695f6c6173745f726567656e65726174657c693a313538393434333132313b),
(1, 'ot9n02fm8vanbb5lt3igi8vjriv1liv5', '103.16.35.164', 1589267865, 0x5f5f63695f6c6173745f726567656e65726174657c693a313538393236373836353b),
(1, 'otaa93efhf60mn9ufojcucep8m293our', '1.186.198.52', 1590057296, 0x5f5f63695f6c6173745f726567656e65726174657c693a313539303035373239363b),
(1, 'otcsiut6q8v21m563tcb3fb990in64m3', '1.186.198.115', 1589906571, 0x5f5f63695f6c6173745f726567656e65726174657c693a313538393930363537313b),
(1, 'otgj33gn497ojidosvf6il7q2foaqdp5', '1.186.197.246', 1589385033, 0x5f5f63695f6c6173745f726567656e65726174657c693a313538393338353033333b),
(1, 'otscq0763h8feqfenn5mut0qi8mdnav4', '203.192.225.238', 1590006160, 0x5f5f63695f6c6173745f726567656e65726174657c693a313539303030363136303b),
(1, 'ounb6v1k3h5v86l7nrjuv3tlodnn7s0h', '103.245.106.133', 1589565688, 0x5f5f63695f6c6173745f726567656e65726174657c693a313538393536353631323b7265645f75726c7c733a33393a2268747470733a2f2f6465762e6d792e636f6e74726163746f72706c75732e6170702f61646d696e223b4642524c485f73746174657c733a33323a226561613633353437646430316365613462323134356563393633323135663435223b66625f6578706972657c693a313539343734323138303b66625f6163636573735f746f6b656e7c733a3138343a22454141454f4358696755486342414b646a5a43647648334764546a3573674c4d6e6948504d62316c524f45574f396a6b4e5a414f546a4a50686b4e4f715a4259654a647571417742624c70774b4b74564c564d506b514a6d71684e41566464355a424c666672455a437059707334545654587269514b36594348397435674c59614751507a425a41466d585a436d6e4747315368625946346f6e4b59674a53324931724c7461556b33745748394b567454636e6770376549223b),
(1, 'out9gppi8gshir3dto0iter1rev56rpp', '203.192.225.140', 1590154277, 0x5f5f63695f6c6173745f726567656e65726174657c693a313539303135343237373b),
(1, 'ov4b1phtvo99j53us6f6o9sa6ttrncf4', '1.186.199.233', 1589464600, 0x5f5f63695f6c6173745f726567656e65726174657c693a313538393436343630303b),
(1, 'ov5j68d035hn36egs1ckso9tehotk3m0', '1.186.199.233', 1589454403, 0x5f5f63695f6c6173745f726567656e65726174657c693a313538393435343430333b),
(1, 'ovbdg4gm92i9kv2udak7neeasp0ckjpg', '103.121.75.2', 1589355914, 0x5f5f63695f6c6173745f726567656e65726174657c693a313538393335353931343b),
(1, 'ovhjc4ke25dmg3su2onhohfhakn6a2fb', '1.186.179.27', 1589468160, 0x5f5f63695f6c6173745f726567656e65726174657c693a313538393436383136303b),
(1, 'ovln5vdalvbtok5fd6mbrjimhfitgi9i', '106.77.8.145', 1589884007, 0x5f5f63695f6c6173745f726567656e65726174657c693a313538393838343030373b),
(1, 'ovr5mhl27et6poesdi79mt7duvg4mfdm', '203.192.225.84', 1589643072, 0x5f5f63695f6c6173745f726567656e65726174657c693a313538393634333037323b),
(1, 'p0cuamvd2m9cuf8ahnlv5nomi29lqdtn', '103.121.72.122', 1590124338, 0x5f5f63695f6c6173745f726567656e65726174657c693a313539303132343333383b),
(1, 'p0msck990iq1mus9v77dti1sm5k3k0co', '203.192.225.140', 1590155220, 0x5f5f63695f6c6173745f726567656e65726174657c693a313539303135353232303b),
(1, 'p1943buuu1stl9n36bn7u2449p020fqd', '64.233.172.225', 1589714106, 0x5f5f63695f6c6173745f726567656e65726174657c693a313538393731343130363b4642524c485f73746174657c733a33323a223531333539306464353438353261613136393637366634336635333462383862223b),
(1, 'p1hvph15p05hn7h4p4j3g4vo5ib2im6a', '203.192.225.140', 1590166180, 0x5f5f63695f6c6173745f726567656e65726174657c693a313539303136363138303b),
(1, 'p1sulfakj7av9brtlfukfdns83mvl9pg', '103.121.72.250', 1589406227, 0x5f5f63695f6c6173745f726567656e65726174657c693a313538393430363232373b),
(1, 'p232bl8lfla1hu9df977pvr3cj4rph7l', '1.186.199.233', 1589444616, 0x5f5f63695f6c6173745f726567656e65726174657c693a313538393434343631363b),
(1, 'p238sp1bt6rtssjfqksd7tk7a7pd20k9', '1.186.198.36', 1589295986, 0x5f5f63695f6c6173745f726567656e65726174657c693a313538393239353938363b),
(1, 'p23f8ja4p84u87om6mcfn0gajvhnc6p5', '1.186.197.246', 1589380046, 0x5f5f63695f6c6173745f726567656e65726174657c693a313538393338303034363b),
(1, 'p2ifr8hnm8i1he47lvf9cm9eto8oehpr', '103.121.73.137', 1589574796, 0x5f5f63695f6c6173745f726567656e65726174657c693a313538393537343739363b),
(1, 'p2n8h7eto8johsr9vkpict6rkn9s84sd', '1.186.199.233', 1589460903, 0x5f5f63695f6c6173745f726567656e65726174657c693a313538393436303930333b),
(1, 'p321ld6oghsrjftndgh7o9nvhm8thgtf', '1.186.198.36', 1589279783, 0x5f5f63695f6c6173745f726567656e65726174657c693a313538393237393738333b),
(1, 'p37m8jcr552kms8ielt5bsomlo0hokd6', '1.186.197.219', 1589389572, 0x5f5f63695f6c6173745f726567656e65726174657c693a313538393338393537323b),
(1, 'p3gd0dqj9r8c9klrf8dlct5mdj791ele', '1.186.197.246', 1589385034, 0x5f5f63695f6c6173745f726567656e65726174657c693a313538393338353033343b),
(1, 'p3hcn6m09a6uem4j66gvao2dd6o2v2ou', '1.186.199.233', 1589460828, 0x5f5f63695f6c6173745f726567656e65726174657c693a313538393436303832383b),
(1, 'p3mic221ku81e8663eldd93gcqjnag6j', '203.192.225.140', 1590144329, 0x5f5f63695f6c6173745f726567656e65726174657c693a313539303134343332393b),
(1, 'p436qvsjd8no056eov0r5s6ojqjuph84', '203.192.225.64', 1589814023, 0x5f5f63695f6c6173745f726567656e65726174657c693a313538393831343032333b),
(1, 'p45s2i6rp6hbck6vauek0b58fvn0uk71', '1.186.198.152', 1588775287, 0x5f5f63695f6c6173745f726567656e65726174657c693a313538383737353238373b),
(1, 'p4de5un16dbl7vo4ega2rlng70uhs42d', '1.186.197.246', 1589379394, 0x5f5f63695f6c6173745f726567656e65726174657c693a313538393337393339343b),
(1, 'p521o0tr316isi7q8okcfj7d292iad3h', '103.121.73.137', 1589534021, 0x5f5f63695f6c6173745f726567656e65726174657c693a313538393533343032313b),
(1, 'p546qilkaahaom225gp4tjnvgvh6eic9', '203.192.225.84', 1589615953, 0x5f5f63695f6c6173745f726567656e65726174657c693a313538393631353935333b),
(1, 'p5k9psmu7nbu8673qpn8s1tu4movhuek', '1.186.197.246', 1589388861, 0x5f5f63695f6c6173745f726567656e65726174657c693a313538393338383836313b),
(1, 'p6b7j688cu8s7qsjkbdkou2ag1b85g59', '103.121.73.127', 1589659670, 0x5f5f63695f6c6173745f726567656e65726174657c693a313538393635393637303b),
(1, 'p6cufqv9mqk6pqt5p5281hcv8oivv66t', '203.192.225.140', 1590140555, 0x5f5f63695f6c6173745f726567656e65726174657c693a313539303134303535353b),
(1, 'p6dgi8ebeufa7vqjhhaqkgipravndhon', '203.192.225.64', 1589813193, 0x5f5f63695f6c6173745f726567656e65726174657c693a313538393831333139333b),
(1, 'p6h4e9tahin6hstnmb8o2qe6i200qro6', '1.186.198.36', 1589293315, 0x5f5f63695f6c6173745f726567656e65726174657c693a313538393239333331353b),
(1, 'p6oksd6mdbgkk23flfuvf0ra75a8l2ao', '42.106.192.33', 1588866875, 0x5f5f63695f6c6173745f726567656e65726174657c693a313538383836363837353b),
(1, 'p6qcphgh2ekhln55d9t4u9gqfu8jmupr', '1.186.179.27', 1589389532, 0x5f5f63695f6c6173745f726567656e65726174657c693a313538393338393533323b),
(1, 'p6sjklkhkddcbpq01a7l55t6ebkratn5', '1.186.199.233', 1589444605, 0x5f5f63695f6c6173745f726567656e65726174657c693a313538393434343630353b),
(1, 'p6slouhmsu3hlku6nvcq8lmda9padqpi', '203.192.225.140', 1590166363, 0x5f5f63695f6c6173745f726567656e65726174657c693a313539303136363336333b),
(1, 'p766v9m1v9kdl0g2le38g5mo8o5obtia', '1.186.199.233', 1589460680, 0x5f5f63695f6c6173745f726567656e65726174657c693a313538393436303638303b),
(1, 'p7blc81p6l813omqiveevofpc6t08at3', '203.192.225.140', 1590170754, 0x5f5f63695f6c6173745f726567656e65726174657c693a313539303137303735343b),
(1, 'p7ff64n8d7d7t9g6jvfli0av76j3a9g2', '103.121.72.122', 1590126147, 0x5f5f63695f6c6173745f726567656e65726174657c693a313539303132363134373b),
(1, 'p7jo4l87peii9cckcfhnnje88rk9pjgc', '203.192.225.140', 1590156771, 0x5f5f63695f6c6173745f726567656e65726174657c693a313539303135363737313b),
(1, 'p7k188v5t203sh58giehepupk9s3m11k', '103.121.75.39', 1589373060, 0x5f5f63695f6c6173745f726567656e65726174657c693a313538393337333036303b),
(1, 'p7n2tn5lu6qi150sot83v795k9kefc6h', '103.121.73.137', 1589495358, 0x5f5f63695f6c6173745f726567656e65726174657c693a313538393439353335383b),
(1, 'p87rhj4589a5q9d6clqomkrhgode9ua8', '203.192.225.140', 1590166372, 0x5f5f63695f6c6173745f726567656e65726174657c693a313539303136363337323b),
(1, 'p8ceaonjausk4t1trbdv2g49gb2fgoge', '203.192.225.238', 1590001576, 0x5f5f63695f6c6173745f726567656e65726174657c693a313539303030313537363b),
(1, 'p8g07n7hrdh30of65secbrtbmk4pp0qp', '203.192.225.238', 1589984689, 0x5f5f63695f6c6173745f726567656e65726174657c693a313538393938343638393b),
(1, 'p8glpk5ondf9ndmmj945nmdv40fps0j5', '1.186.197.151', 1589480575, 0x5f5f63695f6c6173745f726567656e65726174657c693a313538393438303537353b),
(1, 'p9njc249mhgv2abqe3d4biaqmttdpsr6', '1.186.197.151', 1589531928, 0x5f5f63695f6c6173745f726567656e65726174657c693a313538393533313932383b),
(1, 'p9tmsu8lvi34kt7g5stq9pf4dri90mmr', '1.186.175.220', 1590218141, 0x5f5f63695f6c6173745f726567656e65726174657c693a313539303231383134313b4642524c485f73746174657c733a33323a223466303230376363633738386237333130666139336339633039623165303838223b73746166665f757365725f69647c733a313a2231223b73746166665f6c6f676765645f696e7c623a313b74656e616e745f69647c733a313a2231223b73657475702d6d656e752d6f70656e7c733a303a22223b6d6573736167652d737563636573737c733a32393a22457870656e73652075706461746564207375636365737366756c6c792e223b5f5f63695f766172737c613a313a7b733a31353a226d6573736167652d73756363657373223b733a333a226e6577223b7d),
(1, 'pa0ujjj39r3kf6i7i63hlt3j9in26bkd', '203.192.225.140', 1590166488, 0x5f5f63695f6c6173745f726567656e65726174657c693a313539303136363438383b),
(1, 'pa6q75o1of89bkuhfpfl3baoqt6thmc1', '1.186.198.36', 1589293161, 0x5f5f63695f6c6173745f726567656e65726174657c693a313538393239333136313b),
(1, 'pa73kair8m5plsc317s83feadp509bc8', '1.186.198.36', 1589283408, 0x5f5f63695f6c6173745f726567656e65726174657c693a313538393238333430383b),
(1, 'pa7am812us17t6kni2g387bjl9rv3r7g', '103.121.73.137', 1589489441, 0x5f5f63695f6c6173745f726567656e65726174657c693a313538393438393434313b),
(1, 'pa8fbegbunku6a1fh4vq4pdvgqmbeoc0', '103.121.75.137', 1589797948, 0x5f5f63695f6c6173745f726567656e65726174657c693a313538393739373934383b),
(1, 'paavvu834l9chrvmvfa6ubuf6nmlkono', '103.16.35.164', 1589296776, 0x5f5f63695f6c6173745f726567656e65726174657c693a313538393239363737363b),
(1, 'pajn4s56j2gd7c6h24oe6pf1fnn0gggk', '1.186.197.246', 1589384852, 0x5f5f63695f6c6173745f726567656e65726174657c693a313538393338343835323b),
(1, 'paki3vga6p32t8n2vg601ps4jn0ap3mg', '1.186.197.246', 1589378925, 0x5f5f63695f6c6173745f726567656e65726174657c693a313538393337383932353b),
(1, 'patp6euks1sndreth6ru8mlmniq9v2c3', '1.186.197.246', 1589380488, 0x5f5f63695f6c6173745f726567656e65726174657c693a313538393338303438383b),
(1, 'pb9f6jupgbe0309hqb406g5k4k9e5ib4', '103.121.75.2', 1589220341, 0x5f5f63695f6c6173745f726567656e65726174657c693a313538393232303334313b),
(1, 'pbc5a30cavhckt35674c4uikqh6efg7a', '103.121.73.137', 1589621422, 0x5f5f63695f6c6173745f726567656e65726174657c693a313538393632313432323b),
(1, 'pbj2u30o52k7j53smrs5rssnllc9govd', '203.192.225.84', 1589634629, 0x5f5f63695f6c6173745f726567656e65726174657c693a313538393633343632393b),
(1, 'pbl75tq9iq1gieq75pcteivfbnskanci', '203.192.225.238', 1589982107, 0x5f5f63695f6c6173745f726567656e65726174657c693a313538393938323130363b),
(1, 'pc1bkbfigfcdthr1chqugljckmlp8cvl', '1.186.198.36', 1589294932, 0x5f5f63695f6c6173745f726567656e65726174657c693a313538393239343933323b),
(1, 'pc6rl2mph8676iku0ifsjnjc2dr782h2', '103.16.35.160', 1589609142, 0x5f5f63695f6c6173745f726567656e65726174657c693a313538393630393134323b4642524c485f73746174657c733a33323a226535353463386631663335333130353161346237626135323062633963303764223b73746166665f757365725f69647c733a323a223337223b73746166665f6c6f676765645f696e7c623a313b74656e616e745f69647c733a323a223339223b73657475702d6d656e752d6f70656e7c733a303a22223b),
(1, 'pcb8mlerovag8depdfk73it4vgbk8q5u', '1.186.198.152', 1588840112, 0x5f5f63695f6c6173745f726567656e65726174657c693a313538383834303131323b),
(1, 'pcdtf2jn7pk34btjsfedj7r8pcnih147', '34.248.233.150', 1589564521, 0x5f5f63695f6c6173745f726567656e65726174657c693a313538393536343532303b7265645f75726c7c733a33343a2268747470733a2f2f6465762e6d792e636f6e74726163746f72706c75732e6170702f223b),
(1, 'pcq5c8b9vjq0q3do0tlhsoe0temgl900', '103.121.72.205', 1589925963, 0x5f5f63695f6c6173745f726567656e65726174657c693a313538393932353935343b),
(1, 'pculr3823mu7c7qr6jg71b55bshjnf9i', '52.114.6.38', 1588770087, 0x5f5f63695f6c6173745f726567656e65726174657c693a313538383737303038373b),
(1, 'pcunc066htltsco12g7rc59org01caka', '103.121.75.2', 1589214334, 0x5f5f63695f6c6173745f726567656e65726174657c693a313538393231343333343b),
(1, 'pd0r65urui1m9es350nu9kkdg99460h0', '203.192.225.140', 1590166214, 0x5f5f63695f6c6173745f726567656e65726174657c693a313539303136363231343b),
(1, 'pd1llmg1v6q1i5npehqbmc9srsr58mum', '203.192.225.140', 1590156418, 0x5f5f63695f6c6173745f726567656e65726174657c693a313539303135363431383b),
(1, 'pd2tgpserghkincak573k826nrl2qh7d', '1.186.198.36', 1589294702, 0x5f5f63695f6c6173745f726567656e65726174657c693a313538393239343730313b),
(1, 'pdgpqcb64t6vb6pbup8vnep1upl158fu', '203.192.225.238', 1589994975, 0x5f5f63695f6c6173745f726567656e65726174657c693a313538393939343937353b),
(1, 'pdma31d4aj7c47e2ttlm2tu4p27ivqvt', '1.186.199.171', 1589363656, 0x5f5f63695f6c6173745f726567656e65726174657c693a313538393336333635363b),
(1, 'pdnpovguqs3up1dh0ghtlqfji7hn7lte', '103.121.72.122', 1590077233, 0x5f5f63695f6c6173745f726567656e65726174657c693a313539303037373233333b),
(1, 'pdqm81o9t2vb5jn96u48o2b2re31gv6n', '203.192.225.84', 1589616698, 0x5f5f63695f6c6173745f726567656e65726174657c693a313538393631363639383b),
(1, 'pe1on28vhbkit54v1hqpckhff5ov23id', '103.16.35.164', 1589263402, 0x5f5f63695f6c6173745f726567656e65726174657c693a313538393236333430323b),
(1, 'pe22nigjnoignarcnfh0pd9mumvu4c30', '203.192.225.238', 1590004255, 0x5f5f63695f6c6173745f726567656e65726174657c693a313539303030343235353b),
(1, 'pe59h1n6uah07sj6hnkfq3p32hqegsrg', '203.192.225.140', 1590140555, 0x5f5f63695f6c6173745f726567656e65726174657c693a313539303134303535353b),
(1, 'pedh6vd68a093tlkd5klilhm30n0bsat', '1.186.198.52', 1590068070, 0x5f5f63695f6c6173745f726567656e65726174657c693a313539303036383037303b),
(1, 'peivf2bqlre539v96hrq24a5prv337ad', '42.106.253.121', 1588874640, 0x5f5f63695f6c6173745f726567656e65726174657c693a313538383837343634303b),
(1, 'pf1rju862fnbl2pk8pr5sdds3tkg27m6', '203.192.225.226', 1589904258, 0x5f5f63695f6c6173745f726567656e65726174657c693a313538393930343235383b),
(1, 'pfj1c5ghabk7nmrsmqih7j3k63qc753h', '203.192.225.84', 1589642445, 0x5f5f63695f6c6173745f726567656e65726174657c693a313538393634323434353b),
(1, 'pftb57cq7cpv015t0ju22as612ehinjk', '1.186.197.246', 1589385073, 0x5f5f63695f6c6173745f726567656e65726174657c693a313538393338353037333b),
(1, 'pg0r53emao21oorg34cd2ij3q1n4mghh', '42.106.254.34', 1588857550, 0x5f5f63695f6c6173745f726567656e65726174657c693a313538383835373535303b),
(1, 'pg1492747na1luee43ivbuqoaivpavh6', '203.192.225.140', 1590162154, 0x5f5f63695f6c6173745f726567656e65726174657c693a313539303136323135343b),
(1, 'pgc4gre6mu0q17queakc7k051spedruo', '54.154.196.96', 1590163624, 0x5f5f63695f6c6173745f726567656e65726174657c693a313539303136333632343b7265645f75726c7c733a33343a2268747470733a2f2f6465762e6d792e636f6e74726163746f72706c75732e6170702f223b),
(1, 'pgd2u129sobgft897mun1oj1rr0b6la1', '203.192.225.84', 1589619739, 0x5f5f63695f6c6173745f726567656e65726174657c693a313538393631393733393b),
(1, 'pgkhptdpukon7eh862k8s9jmio7kn2p1', '103.245.106.136', 1589199494, 0x5f5f63695f6c6173745f726567656e65726174657c693a313538393139393439333b7265645f75726c7c733a33343a2268747470733a2f2f6465762e6d792e636f6e74726163746f72706c75732e6170702f223b),
(1, 'pgpfkp3mjd61b99k614ibm3hj61panjs', '203.192.225.128', 1588869327, 0x5f5f63695f6c6173745f726567656e65726174657c693a313538383836393332373b),
(1, 'pguk3feiuq4kdv5quaplib0i3nmb6kk5', '1.186.197.151', 1589531585, 0x5f5f63695f6c6173745f726567656e65726174657c693a313538393533313538353b),
(1, 'phnf92i1notdl735jmsnjoc8jppeqci1', '1.186.199.233', 1589462261, 0x5f5f63695f6c6173745f726567656e65726174657c693a313538393436323236313b),
(1, 'phtfitm7jo4hbfaei2r6kdvf6bph5pa1', '1.186.197.246', 1589385434, 0x5f5f63695f6c6173745f726567656e65726174657c693a313538393338353433343b),
(1, 'pi7ol7kj4650ujld31t1ac999e7bqauk', '1.186.198.36', 1589280219, 0x5f5f63695f6c6173745f726567656e65726174657c693a313538393238303231393b),
(1, 'pi8fdcq1mshiou1euft0gsm82nbdr92n', '120.88.191.112', 1589472129, 0x5f5f63695f6c6173745f726567656e65726174657c693a313538393437323132393b),
(1, 'pib6sj3u4dv01qh4p9b182pjcf1bn33k', '103.121.75.39', 1589372662, 0x5f5f63695f6c6173745f726567656e65726174657c693a313538393337323636323b),
(1, 'pigjrsh1nqp55q1ktp84sq3p19p6k4qn', '203.192.225.140', 1590166636, 0x5f5f63695f6c6173745f726567656e65726174657c693a313539303136363633363b),
(1, 'pip8igj6r3c8sabvlrgq2n6ui0pn3d6n', '103.121.72.205', 1590062783, 0x5f5f63695f6c6173745f726567656e65726174657c693a313539303036323738333b),
(1, 'pivel4sqagn2g9hr02p6brvuq2hofj2u', '1.187.34.168', 1589390708, 0x5f5f63695f6c6173745f726567656e65726174657c693a313538393339303730383b),
(1, 'pjc62r1j3efbhbh1dcjbei6sl4j4l76o', '1.186.180.140', 1588781442, 0x5f5f63695f6c6173745f726567656e65726174657c693a313538383738313434313b7265645f75726c7c733a33343a2268747470733a2f2f6465762e6d792e636f6e74726163746f72706c75732e6170702f223b),
(1, 'pjhf87udc3en6m83ha8ks2uodtodojth', '1.186.232.206', 1589453874, 0x5f5f63695f6c6173745f726567656e65726174657c693a313538393435333837343b),
(1, 'pkklt806elooblctmg6f55rfd501hii3', '1.186.198.215', 1589542428, 0x5f5f63695f6c6173745f726567656e65726174657c693a313538393534323432383b),
(1, 'pli3lo7sdokfs539nd7tenud3t3mcdpm', '103.16.35.160', 1589625168, 0x5f5f63695f6c6173745f726567656e65726174657c693a313538393632353136383b4642524c485f73746174657c733a33323a226565306161373764656565626133633264383765393133383062333563386632223b),
(1, 'plma3ani7a3s2e9cq7ivl0islvgcpok2', '103.15.52.8', 1589969659, 0x5f5f63695f6c6173745f726567656e65726174657c693a313538393936393635393b4642524c485f73746174657c733a33323a226661366136663763313131386161623930626130633961623066633235333132223b73746166665f757365725f69647c733a313a2231223b73746166665f6c6f676765645f696e7c623a313b74656e616e745f69647c733a313a2231223b73657475702d6d656e752d6f70656e7c623a313b),
(1, 'plt0p3b4ibdoc1sgjjd7653j3ib7d58j', '103.121.73.137', 1589623514, 0x5f5f63695f6c6173745f726567656e65726174657c693a313538393632333531343b),
(1, 'pm13j39ismsjhfdp0503eodevug4envu', '203.192.225.140', 1590162385, 0x5f5f63695f6c6173745f726567656e65726174657c693a313539303136323338353b),
(1, 'pm44ih5ei7lcgihvet0hvdd9i2666bug', '103.121.75.137', 1589831287, 0x5f5f63695f6c6173745f726567656e65726174657c693a313538393833313238373b),
(1, 'pmlu318loej6qmggdifa88nft7v2agmd', '150.107.90.37', 1588693457, 0x5f5f63695f6c6173745f726567656e65726174657c693a313538383639333435373b73746166665f757365725f69647c733a313a2231223b73746166665f6c6f676765645f696e7c623a313b74656e616e745f69647c733a313a2231223b73657475702d6d656e752d6f70656e7c733a303a22223b7265645f75726c7c733a33343a2268747470733a2f2f6465762e6d792e636f6e74726163746f72706c75732e6170702f223b),
(1, 'pmmj3fkcrcqqoasuv43dl6kdgitgd11m', '203.192.225.151', 1589958851, 0x5f5f63695f6c6173745f726567656e65726174657c693a313538393935383835313b),
(1, 'pn7rfmnjlkskq1e1269ksiqa974rabt0', '1.186.199.246', 1589551356, 0x5f5f63695f6c6173745f726567656e65726174657c693a313538393535313335363b),
(1, 'pna97ujtj5tgcn02ulrdtnrgb4qshcar', '1.186.197.152', 1588860821, 0x5f5f63695f6c6173745f726567656e65726174657c693a313538383836303832313b),
(1, 'pnim57e02ebl0vi73aeegtruvlarn6h7', '120.88.191.172', 1588779320, 0x5f5f63695f6c6173745f726567656e65726174657c693a313538383737393332303b),
(1, 'pnotjf9tglqkngke21uj0598q4fhq0fi', '1.186.198.36', 1589284907, 0x5f5f63695f6c6173745f726567656e65726174657c693a313538393238343930373b),
(1, 'pnpgp9hlaabn9du650ef8som3cik5u8j', '1.186.197.152', 1588866854, 0x5f5f63695f6c6173745f726567656e65726174657c693a313538383836363835343b),
(1, 'pnpt054bvk9oqs44a0jd93b4aieighu0', '1.186.197.151', 1589535680, 0x5f5f63695f6c6173745f726567656e65726174657c693a313538393533353638303b),
(1, 'pnq99v86pfb8nphnj8rc34pkbkcdgjvi', '1.186.197.152', 1588858403, 0x5f5f63695f6c6173745f726567656e65726174657c693a313538383835383430333b),
(1, 'po4m1uo1se80o2vk14s5gi8o0bagss1n', '1.186.199.233', 1589445097, 0x5f5f63695f6c6173745f726567656e65726174657c693a313538393434353039373b),
(1, 'pofecebac0lesh72s1scl6r3bftqfu8a', '203.192.225.140', 1590154186, 0x5f5f63695f6c6173745f726567656e65726174657c693a313539303135343138363b),
(1, 'poobh4q5hg3lnps88m6g92b4ul5tl6bg', '1.186.197.246', 1589388368, 0x5f5f63695f6c6173745f726567656e65726174657c693a313538393338383336383b),
(1, 'pp1g0b6hu1mjsb077up7iqnf41mtgehv', '203.192.225.84', 1589639287, 0x5f5f63695f6c6173745f726567656e65726174657c693a313538393633393238373b),
(1, 'ppbkd0pfhhd8iiulurdbl23ism4g20io', '203.192.225.84', 1589643065, 0x5f5f63695f6c6173745f726567656e65726174657c693a313538393634333036353b),
(1, 'ppmgbijjkt5c3go4l4t7s811n63hsu3s', '1.186.197.246', 1589380481, 0x5f5f63695f6c6173745f726567656e65726174657c693a313538393338303438313b),
(1, 'ppvs5lqi4jich2511jqchj5s49ctgcbh', '1.186.198.36', 1589284191, 0x5f5f63695f6c6173745f726567656e65726174657c693a313538393238343139313b),
(1, 'pqk6e8t8ov2fifv4gkme5cg6g2a00rmm', '103.121.72.122', 1590078452, 0x5f5f63695f6c6173745f726567656e65726174657c693a313539303037383435323b),
(1, 'pqk7gj1uup24nlb2gjdksi8887ffb8cl', '1.186.199.233', 1589436419, 0x5f5f63695f6c6173745f726567656e65726174657c693a313538393433363431393b),
(1, 'pqpfbsgkvcp6u2b4g8d1koepeagff8m7', '203.192.225.238', 1589997275, 0x5f5f63695f6c6173745f726567656e65726174657c693a313538393939373237353b),
(1, 'prbsv97oau5deftef7jcmfktu3a86fa0', '103.121.75.39', 1589401704, 0x5f5f63695f6c6173745f726567656e65726174657c693a313538393430313730343b),
(1, 'pri6o2h189i5elqcp8ud99b6cgfd02fl', '203.192.225.84', 1589618886, 0x5f5f63695f6c6173745f726567656e65726174657c693a313538393631383838363b),
(1, 'prl3v2rs39l8ocbv925e8j1gmlnj5gdt', '1.186.197.246', 1589375320, 0x5f5f63695f6c6173745f726567656e65726174657c693a313538393337353332303b),
(1, 'psa3m7m77f4ci37s4bbvirrg1cal7iev', '103.245.106.186', 1588865258, 0x5f5f63695f6c6173745f726567656e65726174657c693a313538383836353235383b),
(1, 'pso4oqhsfqmg608034mcd6e7hav84dqd', '1.186.197.42', 1589468980, 0x5f5f63695f6c6173745f726567656e65726174657c693a313538393436383938303b),
(1, 'pstqjccmria4bhrfe3hgipb69u9ev9mr', '203.192.225.64', 1589814009, 0x5f5f63695f6c6173745f726567656e65726174657c693a313538393831343030393b),
(1, 'pt53a209ig6tn5quvb4hli7s42grsbeq', '103.121.73.137', 1589491175, 0x5f5f63695f6c6173745f726567656e65726174657c693a313538393439313137353b),
(1, 'pt65ci5piem0bc5gtcaraquv6ucafqka', '103.121.72.122', 1590098770, 0x5f5f63695f6c6173745f726567656e65726174657c693a313539303039383737303b),
(1, 'pt9sm81bvbpq67rucp1lpkj775jcdgfr', '1.186.199.233', 1589436475, 0x5f5f63695f6c6173745f726567656e65726174657c693a313538393433363437353b),
(1, 'ptd7asfavj7lmm350ot0l9lmln2a83i1', '1.186.199.171', 1589363620, 0x5f5f63695f6c6173745f726567656e65726174657c693a313538393336333632303b),
(1, 'ptpb5catobo1h8lfo0osd2h9vbvhsnqf', '203.192.225.64', 1589817255, 0x5f5f63695f6c6173745f726567656e65726174657c693a313538393831373235353b),
(1, 'ptrjlird4gndr5qk6d485bp25morsl6q', '1.186.197.246', 1589388660, 0x5f5f63695f6c6173745f726567656e65726174657c693a313538393338383636303b),
(1, 'pucbna9e6ageucav6t9m2oku5vh9iua9', '203.192.225.238', 1590054868, 0x5f5f63695f6c6173745f726567656e65726174657c693a313539303035343836383b),
(1, 'puj9go9amoi8jpaj2n8jal87l3u6durs', '203.192.225.84', 1589639611, 0x5f5f63695f6c6173745f726567656e65726174657c693a313538393633393631313b),
(1, 'pul8h9f33m5gp6k9jb164rl17kmmjt83', '42.106.253.121', 1588876496, 0x5f5f63695f6c6173745f726567656e65726174657c693a313538383837363439363b),
(1, 'pv347501t176hc3r70rd233s8vo45fs7', '103.121.72.82', 1588918407, 0x5f5f63695f6c6173745f726567656e65726174657c693a313538383931383430373b),
(1, 'pv5hb37cqpl1gumo37q4hnoll8h297im', '1.186.197.151', 1589534549, 0x5f5f63695f6c6173745f726567656e65726174657c693a313538393533343534393b),
(1, 'pv8m4vdcjhjul6f3adrgflp1ma9j021r', '120.88.191.112', 1589439595, 0x5f5f63695f6c6173745f726567656e65726174657c693a313538393433393539353b73746166665f757365725f69647c733a313a2231223b73746166665f6c6f676765645f696e7c623a313b74656e616e745f69647c733a313a2231223b73657475702d6d656e752d6f70656e7c733a303a22223b),
(1, 'pvafrd26qe5qhqltqf65kqnieqh87cpe', '1.186.197.246', 1589374770, 0x5f5f63695f6c6173745f726567656e65726174657c693a313538393337343737303b),
(1, 'pvaht9jiu3a85nh9hh792c9675m267it', '103.121.75.2', 1589282142, 0x5f5f63695f6c6173745f726567656e65726174657c693a313538393238323134323b),
(1, 'pveacs4dhndrbfe5ujffgc29kb9iplti', '203.192.225.238', 1589994961, 0x5f5f63695f6c6173745f726567656e65726174657c693a313538393939343936313b),
(1, 'pvntamss5180ir19p457rdj55aj5jm5r', '1.186.198.52', 1590069146, 0x5f5f63695f6c6173745f726567656e65726174657c693a313539303036393134363b),
(1, 'q02p83930dp3haki5jgorh5tk193v65o', '203.192.225.84', 1589639837, 0x5f5f63695f6c6173745f726567656e65726174657c693a313538393633393833373b),
(1, 'q06osgng31s39e874omjubghnt9ulstc', '1.186.198.36', 1589284194, 0x5f5f63695f6c6173745f726567656e65726174657c693a313538393238343139343b),
(1, 'q0gagb8tmigr0hnaiqctu615n022mjqi', '103.245.106.133', 1589547935, 0x5f5f63695f6c6173745f726567656e65726174657c693a313538393534373933353b73746166665f757365725f69647c733a313a2231223b73746166665f6c6f676765645f696e7c623a313b74656e616e745f69647c733a313a2231223b73657475702d6d656e752d6f70656e7c733a303a22223b),
(1, 'q0gdiln7pfvp8965qisb6bm7f3kh23ui', '203.192.225.140', 1590156603, 0x5f5f63695f6c6173745f726567656e65726174657c693a313539303135363630333b),
(1, 'q0gqlb0rpiofgccbe0mtukov2hnm7qub', '1.186.199.233', 1589462266, 0x5f5f63695f6c6173745f726567656e65726174657c693a313538393436323236363b),
(1, 'q0i5qchlq4olgh2s911rrus19lvraogr', '103.121.72.205', 1589923452, 0x5f5f63695f6c6173745f726567656e65726174657c693a313538393932333435323b),
(1, 'q0ljb9u779p03esjuc5l9emuu8pkb0j4', '103.121.75.2', 1589196826, 0x5f5f63695f6c6173745f726567656e65726174657c693a313538393139363832363b),
(1, 'q0qgimo2rqalprap0s7vstder9np13g4', '1.186.197.219', 1589389544, 0x5f5f63695f6c6173745f726567656e65726174657c693a313538393338393534343b),
(1, 'q0ratkg9k2dismentf4l5tb9to7c54ke', '103.245.106.136', 1589213868, 0x5f5f63695f6c6173745f726567656e65726174657c693a313538393231333830303b),
(1, 'q112v1k90hld21lv7eeovecbreb7sfpm', '120.88.191.172', 1588760327, 0x5f5f63695f6c6173745f726567656e65726174657c693a313538383736303332373b),
(1, 'q115uuk2s6l5dg2ca6o5vqlkmei490bl', '203.192.225.140', 1590166179, 0x5f5f63695f6c6173745f726567656e65726174657c693a313539303136363137393b),
(1, 'q1n8ts9s5bo4s2773is0rl4vg4s9gkm2', '203.192.225.140', 1590140560, 0x5f5f63695f6c6173745f726567656e65726174657c693a313539303134303536303b),
(1, 'q20aie9g1j4qn06v8urjtboinlfpmv5f', '203.192.225.238', 1590054451, 0x5f5f63695f6c6173745f726567656e65726174657c693a313539303035343435313b69735f6d6f62696c657c623a313b),
(1, 'q2232necc4rrbor1qild4i0tqukp43or', '103.121.75.7', 1589057990, 0x5f5f63695f6c6173745f726567656e65726174657c693a313538393035373939303b),
(1, 'q224h7b28flo54dqk31sl7mo9ek2ddm4', '103.121.72.205', 1590059389, 0x5f5f63695f6c6173745f726567656e65726174657c693a313539303035393338393b),
(1, 'q2365t047s9lp23s4bsmg5kft2e3b7nk', '103.121.75.2', 1589285626, 0x5f5f63695f6c6173745f726567656e65726174657c693a313538393238353632363b),
(1, 'q23cpocqa1k7jlbk0mu6orprn6o9h9sq', '1.186.198.152', 1588773245, 0x5f5f63695f6c6173745f726567656e65726174657c693a313538383737333234353b),
(1, 'q24tn6uambroar7p3m3json55tr6uk05', '43.243.215.125', 1589508320, 0x5f5f63695f6c6173745f726567656e65726174657c693a313538393530383332303b),
(1, 'q27vn9ddr8uq2b62q1f2642472r5c8dg', '1.186.198.115', 1589871861, 0x5f5f63695f6c6173745f726567656e65726174657c693a313538393837313836313b),
(1, 'q28ufdp88eq299v52ikmq784d2109inb', '103.121.75.2', 1589308699, 0x5f5f63695f6c6173745f726567656e65726174657c693a313538393330383639393b),
(1, 'q3c3uv2j09o81acuqta7kcq23rj9phj8', '103.121.72.82', 1588966693, 0x5f5f63695f6c6173745f726567656e65726174657c693a313538383936363639333b),
(1, 'q3i4kr8pl3o27r6ri2cqqav9ue2stvn9', '203.192.225.84', 1589618889, 0x5f5f63695f6c6173745f726567656e65726174657c693a313538393631383838393b),
(1, 'q3i4nb6lld8rb9srt1miuk68lcmpt2bk', '203.192.225.64', 1589807517, 0x5f5f63695f6c6173745f726567656e65726174657c693a313538393830373531373b),
(1, 'q3j45k09lhbeleqrm7essgitruljq387', '203.192.225.238', 1589983386, 0x5f5f63695f6c6173745f726567656e65726174657c693a313538393938333338363b),
(1, 'q3r39f3h11m4jadpf7asbij4uvp3unap', '1.186.198.36', 1589294823, 0x5f5f63695f6c6173745f726567656e65726174657c693a313538393239343832333b),
(1, 'q3uf41tl87k40d1njlqe513777au51n7', '1.186.198.36', 1589298081, 0x5f5f63695f6c6173745f726567656e65726174657c693a313538393239383038313b),
(1, 'q45e6df9p6ecl724omr06he5bs45ug7h', '203.192.225.140', 1590168033, 0x5f5f63695f6c6173745f726567656e65726174657c693a313539303136383033333b),
(1, 'q47bitgms372lfm7aolj07chs3ohbcpe', '103.121.75.137', 1589821522, 0x5f5f63695f6c6173745f726567656e65726174657c693a313538393832313532323b),
(1, 'q4f948riedte78aeiska9rpojlot14po', '103.16.35.160', 1589643980, 0x5f5f63695f6c6173745f726567656e65726174657c693a313538393634333937383b4642524c485f73746174657c733a33323a226565356362343333656333316661336364383930653732336461633037323534223b73746166665f757365725f69647c733a313a2231223b73746166665f6c6f676765645f696e7c623a313b74656e616e745f69647c733a313a2231223b73657475702d6d656e752d6f70656e7c733a303a22223b),
(1, 'q4g81br9gfclnrp4g3o81jd5gk411p0h', '203.192.225.84', 1589642446, 0x5f5f63695f6c6173745f726567656e65726174657c693a313538393634323434363b),
(1, 'q4gid3h81d3vc5j83ri3t8rkkl62h86d', '203.192.249.254', 1590411740, 0x5f5f63695f6c6173745f726567656e65726174657c693a313539303431313734303b),
(1, 'q4tlb3mf6lsl5i995i0030m0j1d42imm', '103.121.75.2', 1589351155, 0x5f5f63695f6c6173745f726567656e65726174657c693a313538393335313135353b),
(1, 'q4v8232bp77ggg2v8tf8lldju595c804', '1.186.199.233', 1589458053, 0x5f5f63695f6c6173745f726567656e65726174657c693a313538393435383035333b),
(1, 'q5cbdcoaigubna96v3al608beg6l6nfs', '103.121.72.137', 1590434553, 0x5f5f63695f6c6173745f726567656e65726174657c693a313539303433343439393b),
(1, 'q5fnbj1jubj9d01it3jflpdel6vmokmb', '203.192.225.238', 1589985868, 0x5f5f63695f6c6173745f726567656e65726174657c693a313538393938353836383b),
(1, 'q6199p4klcpd1cu40s8dh6s3seu8h5c6', '203.192.225.238', 1589989639, 0x5f5f63695f6c6173745f726567656e65726174657c693a313538393938393633393b),
(1, 'q677pm7u5aom7s845strlg312imrdghe', '103.87.31.153', 1589529497, 0x5f5f63695f6c6173745f726567656e65726174657c693a313538393532393439373b73746166665f757365725f69647c733a313a2231223b73746166665f6c6f676765645f696e7c623a313b74656e616e745f69647c733a313a2231223b73657475702d6d656e752d6f70656e7c733a303a22223b),
(1, 'q68pdotombqbcniqth2rg0m6vmuu8408', '103.121.73.127', 1589633353, 0x5f5f63695f6c6173745f726567656e65726174657c693a313538393633333335333b),
(1, 'q71p0373pi51nvp5jomrom5ohhbdpe6j', '203.192.225.64', 1589813983, 0x5f5f63695f6c6173745f726567656e65726174657c693a313538393831333938333b),
(1, 'q7bpedsuqq299e0trsdb10mkq20v6q98', '203.192.225.226', 1589904207, 0x5f5f63695f6c6173745f726567656e65726174657c693a313538393930343230373b),
(1, 'q7gktv7lmt6k6823bpil9bkgpg5sgc25', '1.186.180.100', 1590349639, 0x[encoded data, 7368 characters]),
(1, 'q7kf8ggd32b50690lpqhsu8ohqo2478n', '1.186.197.246', 1589385481, 0x5f5f63695f6c6173745f726567656e65726174657c693a313538393338353438313b),
(1, 'q822uv570578qjdpl5auni050p6ups7c', '1.186.198.115', 1589872986, 0x5f5f63695f6c6173745f726567656e65726174657c693a313538393837323938363b),
(1, 'q85k67qrdbte5sb1lfb8qj7mcafltd18', '103.121.75.2', 1589277660, 0x5f5f63695f6c6173745f726567656e65726174657c693a313538393237373636303b),
(1, 'q871ovfpdv8e57khou0c37muuih7ghep', '103.121.72.82', 1588916785, 0x5f5f63695f6c6173745f726567656e65726174657c693a313538383931363738353b),
(1, 'q8bdgf5p9dc9b8bl47fjeiatqgs40bmu', '1.186.199.233', 1589443356, 0x5f5f63695f6c6173745f726567656e65726174657c693a313538393434333335363b),
(1, 'q8hgib2p2ofqsgufcbao2e61fpi8g9e7', '1.186.199.233', 1589444793, 0x5f5f63695f6c6173745f726567656e65726174657c693a313538393434343739333b),
(1, 'q8is5bh47jov6lfqhq6gmlee569ojjpi', '1.186.197.151', 1589537083, 0x5f5f63695f6c6173745f726567656e65726174657c693a313538393533373038333b),
(1, 'q8mldnc2v31fslpbshf83i7oc6ohfmjo', '1.186.197.200', 1589986287, 0x5f5f63695f6c6173745f726567656e65726174657c693a313538393938363238373b),
(1, 'q98qd675orit9kc8mtn1pbu4d96m8df2', '103.245.106.136', 1589210134, 0x5f5f63695f6c6173745f726567656e65726174657c693a313538393231303133343b),
(1, 'q9dt64o3auk9m0lbh8po0hsfaq8ovgtg', '203.192.225.151', 1589958493, 0x5f5f63695f6c6173745f726567656e65726174657c693a313538393935383439333b),
(1, 'q9fbcqji0ofag8uep9mdghbbf3f79gvr', '1.186.198.115', 1589873316, 0x5f5f63695f6c6173745f726567656e65726174657c693a313538393837333331363b),
(1, 'q9qo3djf854ag0p01mopnn7iiqnrkas9', '120.88.191.112', 1589444773, 0x5f5f63695f6c6173745f726567656e65726174657c693a313538393434343737333b73746166665f757365725f69647c733a313a2231223b73746166665f6c6f676765645f696e7c623a313b74656e616e745f69647c733a313a2231223b73657475702d6d656e752d6f70656e7c733a303a22223b),
(1, 'qa4382037briblopqu82999nq3n7mpll', '1.186.199.233', 1589437648, 0x5f5f63695f6c6173745f726567656e65726174657c693a313538393433373634383b),
(1, 'qapojug9s4hrrmsf69l51o53fn1kfge9', '103.121.75.2', 1589213952, 0x5f5f63695f6c6173745f726567656e65726174657c693a313538393231333935323b),
(1, 'qas04bn9siut60h0frugbpm96f2ua0hh', '1.186.199.233', 1589460739, 0x5f5f63695f6c6173745f726567656e65726174657c693a313538393436303733393b),
(1, 'qatq87f66183mco0q9uo80vfdj5g8p79', '203.192.225.64', 1589813955, 0x5f5f63695f6c6173745f726567656e65726174657c693a313538393831333935353b),
(1, 'qb9pkt381m6rgqgnd1hkio1bn0sdon66', '103.121.72.122', 1590222941, 0x5f5f63695f6c6173745f726567656e65726174657c693a313539303232323934313b),
(1, 'qbm90eij00q0mo98ij4j1nr40fa6f6qd', '203.192.225.64', 1589813189, 0x5f5f63695f6c6173745f726567656e65726174657c693a313538393831333138393b),
(1, 'qc07qmrm2nf4a96tjp53hrfqkbhsbbu9', '203.192.225.140', 1590140628, 0x5f5f63695f6c6173745f726567656e65726174657c693a313539303134303632383b),
(1, 'qcfqfnp95hc7u38758alvoasgqibirkt', '1.186.197.2', 1589542355, 0x5f5f63695f6c6173745f726567656e65726174657c693a313538393534323335353b),
(1, 'qcg555gq1b4pbfp17b8il5834499pjf8', '1.186.199.233', 1589456441, 0x5f5f63695f6c6173745f726567656e65726174657c693a313538393435363434313b),
(1, 'qcou6m03s8clpgiaaffn9k953o3merrh', '203.192.225.140', 1590171962, 0x5f5f63695f6c6173745f726567656e65726174657c693a313539303137313936323b),
(1, 'qcp58ptrt6c6t1mqf1soku3tk53o08jn', '1.186.197.246', 1589381716, 0x5f5f63695f6c6173745f726567656e65726174657c693a313538393338313731363b),
(1, 'qd2q8bq9mvsfiebm15ljiv6q3im47v0s', '1.186.196.235', 1589202808, 0x5f5f63695f6c6173745f726567656e65726174657c693a313538393230323830383b),
(1, 'qdd2o48ipsdmgkgg73pg3avbqg4fp0t9', '203.192.225.140', 1590144242, 0x5f5f63695f6c6173745f726567656e65726174657c693a313539303134343234323b),
(1, 'qdo2lmulsstqf671148knc1uq7ecp221', '203.192.225.84', 1589639909, 0x5f5f63695f6c6173745f726567656e65726174657c693a313538393633393930393b),
(1, 'qe457s3d64netcsominloj21tbp5dcu0', '103.121.72.250', 1589400646, 0x5f5f63695f6c6173745f726567656e65726174657c693a313538393430303634353b),
(1, 'qe8559u8u534779drv9pq5869nka7md0', '120.88.191.112', 1589438846, 0x5f5f63695f6c6173745f726567656e65726174657c693a313538393433383834363b73746166665f757365725f69647c733a313a2231223b73746166665f6c6f676765645f696e7c623a313b74656e616e745f69647c733a313a2231223b73657475702d6d656e752d6f70656e7c733a303a22223b),
(1, 'qej3tj4a0a7df1tpo4c44672ddtf3gd9', '1.186.199.233', 1589442838, 0x5f5f63695f6c6173745f726567656e65726174657c693a313538393434323833383b),
(1, 'qejcoj2dm6ecksn351a724fu49d6r4n5', '103.121.75.7', 1589171649, 0x5f5f63695f6c6173745f726567656e65726174657c693a313538393137313634393b);
INSERT INTO `tblsessions` (`tenant_id`, `id`, `ip_address`, `timestamp`, `data`) VALUES
(1, 'qeubslm8h54j5po6g1ev24beh8err1sl', '1.186.199.233', 1589464692, 0x5f5f63695f6c6173745f726567656e65726174657c693a313538393436343639323b),
(1, 'qf2m9ho8jkmoeg4r3am552fv37ka2oor', '1.186.199.233', 1589445327, 0x5f5f63695f6c6173745f726567656e65726174657c693a313538393434353332373b),
(1, 'qf924roposbsjrp9p6ocoj4m7mac79kk', '203.192.225.140', 1590140545, 0x5f5f63695f6c6173745f726567656e65726174657c693a313539303134303534353b),
(1, 'qf9afqrcq01hakid5lsjfrlhoec067ob', '203.192.225.238', 1590005501, 0x5f5f63695f6c6173745f726567656e65726174657c693a313539303030353530313b),
(1, 'qfp2oh6071tt2lgkq7pssuc56hbfp5k3', '203.192.225.140', 1590163782, 0x5f5f63695f6c6173745f726567656e65726174657c693a313539303136333738323b),
(1, 'qg3hh8rduc6hv1bssfdss57b40c73vnb', '203.192.225.140', 1590140564, 0x5f5f63695f6c6173745f726567656e65726174657c693a313539303134303536343b),
(1, 'qg4q59m9ii83gbrgcp4go4obouthihli', '1.186.197.246', 1589385064, 0x5f5f63695f6c6173745f726567656e65726174657c693a313538393338353036343b),
(1, 'qgc456mm16ne6su0bu6g6fqhaesmu7so', '1.186.197.246', 1589380595, 0x5f5f63695f6c6173745f726567656e65726174657c693a313538393338303539353b),
(1, 'qgi25fo01h39jlr1bevopm9icq1tqeuu', '1.186.198.36', 1589278801, 0x5f5f63695f6c6173745f726567656e65726174657c693a313538393237383830313b),
(1, 'qgl3ipunm7jsa3c23707ngt7pd1rcfc6', '203.192.249.254', 1590404195, 0x5f5f63695f6c6173745f726567656e65726174657c693a313539303430343139353b),
(1, 'qgmdtboipb3us6rfac0ou6ngs6g0tloo', '1.186.232.206', 1589384593, 0x5f5f63695f6c6173745f726567656e65726174657c693a313538393338343539333b),
(1, 'qgtrn8801mf71laaajl7jjp4nrearvti', '1.186.197.151', 1589535950, 0x5f5f63695f6c6173745f726567656e65726174657c693a313538393533353935303b),
(1, 'qh2g295m03d05u54h1hftoolicnt069t', '203.192.225.140', 1590163626, 0x5f5f63695f6c6173745f726567656e65726174657c693a313539303136333632363b),
(1, 'qhekhd316odeeme6fda9jcnvru346a6c', '103.16.35.164', 1589267165, 0x5f5f63695f6c6173745f726567656e65726174657c693a313538393236373136353b6d6573736167652d64616e6765727c733a32353a22496e76616c696420656d61696c206f722070617373776f7264223b5f5f63695f766172737c613a313a7b733a31343a226d6573736167652d64616e676572223b733a333a226f6c64223b7d),
(1, 'qi6pc1pb7qrcm3hr9mfr1t859lgje5g1', '106.79.208.75', 1590086513, 0x5f5f63695f6c6173745f726567656e65726174657c693a313539303038363531333b),
(1, 'qiaghmbna4hc45p2pdq82r8u5ls82a4m', '1.186.197.246', 1589375002, 0x5f5f63695f6c6173745f726567656e65726174657c693a313538393337353030323b),
(1, 'qiatertg95dbrbfbktipuv2bcvr8ggd9', '103.121.75.7', 1589049358, 0x5f5f63695f6c6173745f726567656e65726174657c693a313538393034393335383b),
(1, 'qijbcn4nvq2a413mljcdo9t529q7vrj7', '203.192.225.238', 1590000403, 0x5f5f63695f6c6173745f726567656e65726174657c693a313539303030303430333b),
(1, 'qijdhsrd6bjg5r98p6ul1ppiu7p7p57u', '150.107.90.37', 1588692747, 0x5f5f63695f6c6173745f726567656e65726174657c693a313538383639323734373b73746166665f757365725f69647c733a313a2231223b73746166665f6c6f676765645f696e7c623a313b74656e616e745f69647c733a313a2231223b73657475702d6d656e752d6f70656e7c733a303a22223b7265645f75726c7c733a33343a2268747470733a2f2f6465762e6d792e636f6e74726163746f72706c75732e6170702f223b),
(1, 'qinruivssfom1nh6278rc73n0e4efg3k', '203.192.225.84', 1589639443, 0x5f5f63695f6c6173745f726567656e65726174657c693a313538393633393434333b),
(1, 'qj7h2sa247op1fnnjtina2di4to2bdj9', '1.186.180.100', 1590440184, 0x5f5f63695f6c6173745f726567656e65726174657c693a313539303433393939373b7265645f75726c7c733a35313a2268747470733a2f2f6465762e6d792e636f6e74726163746f72706c75732e6170702f6170706c69636174696f6e5f61646d696e223b4642524c485f73746174657c733a33323a223230343137343036343332653438323835373163343936383238376365333434223b),
(1, 'qjagd7avob54609o897sos1i3mt0j1q8', '1.186.174.197', 1589580683, 0x5f5f63695f6c6173745f726567656e65726174657c693a313538393538303638333b),
(1, 'qjlr8pu13pdo6scfuj66mcd94fq6dj5a', '203.192.225.140', 1590168031, 0x5f5f63695f6c6173745f726567656e65726174657c693a313539303136383033313b),
(1, 'qjlvsv5gupsk1f7npm2hvp7794qqntu4', '103.87.31.204', 1589964890, 0x5f5f63695f6c6173745f726567656e65726174657c693a313538393936343738313b),
(1, 'qjop1adt7v2kngglkds0apii93o6afe9', '103.245.106.186', 1588835976, 0x5f5f63695f6c6173745f726567656e65726174657c693a313538383833353937363b),
(1, 'qjsninn2ga2rlbc62ddupvain1p012fr', '1.186.197.42', 1589467859, 0x5f5f63695f6c6173745f726567656e65726174657c693a313538393436373835393b),
(1, 'qkcgtjato02ak94m6lhc3b91fas63qgo', '1.186.197.151', 1589533904, 0x5f5f63695f6c6173745f726567656e65726174657c693a313538393533333930343b),
(1, 'qkl72m02o53l7lppoms4fibo50kdt7lp', '1.186.232.206', 1589383915, 0x5f5f63695f6c6173745f726567656e65726174657c693a313538393338333931353b),
(1, 'qkoc8h51au5hmdi4opihlqkhngiko2jl', '1.186.197.151', 1589535931, 0x5f5f63695f6c6173745f726567656e65726174657c693a313538393533353933313b),
(1, 'qku2rehlrapd8q69hjbklgvuf0v0noqk', '203.192.225.140', 1590165916, 0x5f5f63695f6c6173745f726567656e65726174657c693a313539303136353931363b),
(1, 'ql5t12cqck14idkm1335764p61chvlsp', '1.186.197.246', 1589381811, 0x5f5f63695f6c6173745f726567656e65726174657c693a313538393338313831313b),
(1, 'ql6el8dgfojchd9rh3df80fr8r6e9o7n', '5.62.39.45', 1589956390, 0x5f5f63695f6c6173745f726567656e65726174657c693a313538393935363339303b7265645f75726c7c733a33393a2268747470733a2f2f6465762e6d792e636f6e74726163746f72706c75732e6170702f61646d696e223b4642524c485f73746174657c733a33323a226635306666626430356438623162663262306637346138313363613538383439223b),
(1, 'qlbbgec3aanpg4kf7usrtt7rn66gl255', '203.192.225.140', 1590140785, 0x5f5f63695f6c6173745f726567656e65726174657c693a313539303134303738353b),
(1, 'qldg7s90aci73k91omk4sll4jn7mf1m0', '203.192.225.140', 1590062897, 0x5f5f63695f6c6173745f726567656e65726174657c693a313539303036323839373b),
(1, 'qm4fntqptffllheadkngsh87souvhiah', '1.186.199.233', 1589460854, 0x5f5f63695f6c6173745f726567656e65726174657c693a313538393436303835343b),
(1, 'qm5so1921bf0d59k53pnaglj39uhdnbg', '103.121.72.250', 1589409472, 0x5f5f63695f6c6173745f726567656e65726174657c693a313538393430393437323b),
(1, 'qml45smfipmm13k6oubik5kn3kcrilkt', '203.192.225.64', 1589813963, 0x5f5f63695f6c6173745f726567656e65726174657c693a313538393831333936333b),
(1, 'qmtl8ibl49frra80gnnsb0fknpo8ljfb', '120.88.191.112', 1589456453, 0x5f5f63695f6c6173745f726567656e65726174657c693a313538393435363435333b),
(1, 'qn9cahcgjjthlakhivc9dfn849plcc35', '203.192.225.226', 1589887072, 0x5f5f63695f6c6173745f726567656e65726174657c693a313538393838373037323b),
(1, 'qncgh238hlg80rt2tu2h2bqsq4s9b0eq', '203.192.225.140', 1590144334, 0x5f5f63695f6c6173745f726567656e65726174657c693a313539303134343333343b),
(1, 'qo28t9eb0abedjc32uqonurj8201257v', '1.186.198.52', 1590171394, 0x5f5f63695f6c6173745f726567656e65726174657c693a313539303137313339343b),
(1, 'qo97hplrb8af80kfalqdq6jpikei55o4', '172.105.95.101', 1588674684, 0x5f5f63695f6c6173745f726567656e65726174657c693a313538383637343638343b7265645f75726c7c733a33343a2268747470733a2f2f6465762e6d792e636f6e74726163746f72706c75732e6170702f223b),
(1, 'qoadg1bhrtj9m7th4v9hkhsd8ktvgr6l', '1.38.150.110', 1589553451, 0x5f5f63695f6c6173745f726567656e65726174657c693a313538393535333435313b),
(1, 'qorbni9e7v00c6j8b248qtc0lr3c7jn0', '1.186.199.233', 1589453172, 0x5f5f63695f6c6173745f726567656e65726174657c693a313538393435333137323b),
(1, 'qos1em812e1o2j7pgru54ihadubdb989', '1.186.197.151', 1589484671, 0x5f5f63695f6c6173745f726567656e65726174657c693a313538393438343635393b),
(1, 'qotvthfptk655v330mg4thqusff098dg', '103.121.72.122', 1590094101, 0x5f5f63695f6c6173745f726567656e65726174657c693a313539303039343130313b),
(1, 'qouah1os4sumitt6b61md6rdlgn1alnb', '103.87.31.178', 1589638528, 0x5f5f63695f6c6173745f726567656e65726174657c693a313538393633383532383b),
(1, 'qp0vh48se3uu742sedhqkoirujurhkoo', '5.62.39.45', 1589978171, 0x5f5f63695f6c6173745f726567656e65726174657c693a313538393937383136353b4642524c485f73746174657c733a33323a223665623936323635343239396136353537326630666132363131333032396236223b73746166665f757365725f69647c733a313a2231223b73746166665f6c6f676765645f696e7c623a313b74656e616e745f69647c733a313a2231223b73657475702d6d656e752d6f70656e7c733a303a22223b7265645f75726c7c733a33343a2268747470733a2f2f6465762e6d792e636f6e74726163746f72706c75732e6170702f223b),
(1, 'qp21vku9iqpgaiav2c3faj20luejcm97', '203.192.225.64', 1589813969, 0x5f5f63695f6c6173745f726567656e65726174657c693a313538393831333936393b),
(1, 'qp4o75gp61r06u8g79n9g9qlh6ahgakg', '203.192.225.140', 1590166243, 0x5f5f63695f6c6173745f726567656e65726174657c693a313539303136363234333b),
(1, 'qpgom637fcuth23jk6jsccje1bqmq24u', '203.192.225.84', 1589639904, 0x5f5f63695f6c6173745f726567656e65726174657c693a313538393633393930343b),
(1, 'qpk0m6aj2315t92i492bqpbglva9fvmb', '203.192.225.84', 1589643200, 0x5f5f63695f6c6173745f726567656e65726174657c693a313538393634333230303b),
(1, 'qq44j8n768qm3fak3gfkn7kqj5pouknk', '1.186.197.246', 1589375324, 0x5f5f63695f6c6173745f726567656e65726174657c693a313538393337353332343b),
(1, 'qqfsrr5kgmkqsf1qgcotr0t2jht43vj7', '1.186.197.200', 1589985121, 0x5f5f63695f6c6173745f726567656e65726174657c693a313538393938353132313b),
(1, 'qqj7362d9bohhh95t31ar4k3ftum1fok', '203.192.225.64', 1589813970, 0x5f5f63695f6c6173745f726567656e65726174657c693a313538393831333937303b),
(1, 'qrar8n58boj7nn2srec087sedeb26clb', '150.107.90.113', 1589358365, 0x5f5f63695f6c6173745f726567656e65726174657c693a313538393335383336353b73746166665f757365725f69647c733a313a2231223b73746166665f6c6f676765645f696e7c623a313b74656e616e745f69647c733a313a2231223b73657475702d6d656e752d6f70656e7c733a303a22223b),
(1, 'qroiqt7hi3r8iofh7406ta9ve9sqtk62', '203.192.225.238', 1590001586, 0x5f5f63695f6c6173745f726567656e65726174657c693a313539303030313538363b),
(1, 'qrp3nlsavcumfv9tlseec6rba7nfi0ue', '1.186.197.151', 1589535712, 0x5f5f63695f6c6173745f726567656e65726174657c693a313538393533353731323b),
(1, 'qrv95l0f6j7v71ni69in2sg31opv5otv', '54.154.172.28', 1589133778, 0x5f5f63695f6c6173745f726567656e65726174657c693a313538393133333737383b7265645f75726c7c733a33343a2268747470733a2f2f6465762e6d792e636f6e74726163746f72706c75732e6170702f223b),
(1, 'qs0j7dh2soi88h7hu7q89shnbtavms6i', '1.186.199.233', 1589456350, 0x5f5f63695f6c6173745f726567656e65726174657c693a313538393435363335303b),
(1, 'qs17ir1cai4bp248msksii3jta85t2ln', '1.186.179.27', 1589442611, 0x5f5f63695f6c6173745f726567656e65726174657c693a313538393434323631313b),
(1, 'qs7kh19nsu6dgspqm4ceijt02s1ntq73', '54.154.196.96', 1590461851, 0x5f5f63695f6c6173745f726567656e65726174657c693a313539303436313835313b7265645f75726c7c733a33343a2268747470733a2f2f6465762e6d792e636f6e74726163746f72706c75732e6170702f223b),
(1, 'qsbg93pr6jk6ub6rabimk6bsanufgjg8', '203.192.225.84', 1589611605, 0x5f5f63695f6c6173745f726567656e65726174657c693a313538393631313630353b),
(1, 'qsjonvismh7b6tqc2aakoo5hcffgt8q9', '1.186.197.246', 1589385053, 0x5f5f63695f6c6173745f726567656e65726174657c693a313538393338353035333b),
(1, 'qsl8hs39q9c2370f5tbf619p8a1f19od', '1.186.179.27', 1589474581, 0x[encoded data, 4128 characters]),
(1, 'qsvmm88fl2cthu2o3051fmapsu443fob', '203.192.225.235', 1589552684, 0x5f5f63695f6c6173745f726567656e65726174657c693a313538393535323638343b),
(1, 'qt1i1fq8lk8dkn89g6796o23ioiveicd', '1.186.197.151', 1589484788, 0x5f5f63695f6c6173745f726567656e65726174657c693a313538393438343738383b),
(1, 'qt6ocb3f48saccesm53375fd2t6nvrlb', '203.192.225.238', 1590006185, 0x5f5f63695f6c6173745f726567656e65726174657c693a313539303030363138353b),
(1, 'qt6p4067sfl3l9trgkektjo6r62dq460', '1.186.196.82', 1589613507, 0x5f5f63695f6c6173745f726567656e65726174657c693a313538393631333530373b),
(1, 'qtm8tis3mnlv7h0nkqvv4qp24sbq3gpn', '103.121.75.137', 1589738089, 0x5f5f63695f6c6173745f726567656e65726174657c693a313538393733383038393b),
(1, 'qtsbris15ibe0295s7srokc52hpf7sqo', '203.192.225.64', 1589817219, 0x5f5f63695f6c6173745f726567656e65726174657c693a313538393831373231393b),
(1, 'qu3o7u37ggfdqjflfm6p6l7bpj2cgkd2', '1.186.199.233', 1589447907, 0x5f5f63695f6c6173745f726567656e65726174657c693a313538393434373930373b),
(1, 'qubhf569kj0jrddob4536ohr1nkdvrtd', '203.192.225.238', 1589999047, 0x5f5f63695f6c6173745f726567656e65726174657c693a313538393939393034373b),
(1, 'quf0kbg8t44pfn061op4sc401g9vstbo', '103.245.106.133', 1589539996, 0x5f5f63695f6c6173745f726567656e65726174657c693a313538393533393939363b7265645f75726c7c733a33393a2268747470733a2f2f6465762e6d792e636f6e74726163746f72706c75732e6170702f61646d696e223b6d6573736167652d64616e6765727c733a32363a224572726f722073657474696e67206e65772070617373776f7264223b5f5f63695f766172737c613a313a7b733a31343a226d6573736167652d64616e676572223b733a333a226f6c64223b7d),
(1, 'quf2bm0b0n38aq8er8m2m7a9mr31chud', '203.192.225.64', 1589801650, 0x5f5f63695f6c6173745f726567656e65726174657c693a313538393830313635303b),
(1, 'quolta1r10l0bg3p18tsf6cnnoj6dqdc', '203.192.225.84', 1589613221, 0x5f5f63695f6c6173745f726567656e65726174657c693a313538393631333232313b),
(1, 'qv251q2is2v2vhoto7bo28cm8oqmg2q4', '103.245.106.136', 1589213800, 0x5f5f63695f6c6173745f726567656e65726174657c693a313538393231333830303b),
(1, 'qv6qtt925r2s5m56bj8mhmj4i9v6bd5a', '203.192.225.140', 1590163701, 0x5f5f63695f6c6173745f726567656e65726174657c693a313539303136333730313b),
(1, 'qvm7r4qm1fot724jt9n4mv3bqr23t99l', '1.186.197.200', 1589982282, 0x5f5f63695f6c6173745f726567656e65726174657c693a313538393938323238323b),
(1, 'qvvnmjin664plv2jpc1k2cbdn0megav4', '1.186.196.235', 1589200879, 0x5f5f63695f6c6173745f726567656e65726174657c693a313538393230303837393b),
(1, 'r0q7drmrv9uv2fhss1ndu5jkqfbk7e27', '203.192.225.140', 1590163778, 0x5f5f63695f6c6173745f726567656e65726174657c693a313539303136333737383b),
(1, 'r0qt6i3mkua6csvki7s78qcjtijd3c8e', '103.121.72.122', 1590170112, 0x5f5f63695f6c6173745f726567656e65726174657c693a313539303137303131323b),
(1, 'r0t1d85fh786hj8omrmb8vc22amqe7db', '103.121.75.137', 1589737302, 0x5f5f63695f6c6173745f726567656e65726174657c693a313538393733373330323b),
(1, 'r12v0f9hh4upnueap85vdihqgdf11bdd', '1.186.199.233', 1589460666, 0x5f5f63695f6c6173745f726567656e65726174657c693a313538393436303636363b),
(1, 'r14fstbpgppr2spa028joror0ld6u8ia', '103.121.72.205', 1589923786, 0x5f5f63695f6c6173745f726567656e65726174657c693a313538393932333738363b),
(1, 'r1ud7gfecl7hhpb9i1u5oode215pinll', '203.192.225.140', 1590062862, 0x5f5f63695f6c6173745f726567656e65726174657c693a313539303036323836323b),
(1, 'r25edr2141k9pgo5se57cjvhjhs970l3', '1.186.197.151', 1589535919, 0x5f5f63695f6c6173745f726567656e65726174657c693a313538393533353931393b),
(1, 'r26dcdftgsd2u21o19jsqsmddl94dtd0', '103.121.73.127', 1589665980, 0x5f5f63695f6c6173745f726567656e65726174657c693a313538393636353837343b),
(1, 'r29ighgbo41up2hn65ivmecbuc62t6rg', '174.252.193.105', 1589437261, 0x5f5f63695f6c6173745f726567656e65726174657c693a313538393433363937333b69735f6d6f62696c657c623a313b73746166665f757365725f69647c733a313a2231223b73746166665f6c6f676765645f696e7c623a313b74656e616e745f69647c733a313a2231223b73657475702d6d656e752d6f70656e7c733a303a22223b),
(1, 'r2bgsfqu3gh79fq6l6ao71sbucja5g40', '103.121.73.137', 1589542259, 0x5f5f63695f6c6173745f726567656e65726174657c693a313538393534323235393b),
(1, 'r2gs2uh5e9j9vt0lhd3a29jg6lsd58j8', '1.186.198.52', 1590128967, 0x5f5f63695f6c6173745f726567656e65726174657c693a313539303132383936373b),
(1, 'r2s5hmp47qr1kf8jccfenngvnqs6o8t8', '203.192.225.238', 1590006181, 0x5f5f63695f6c6173745f726567656e65726174657c693a313539303030363138313b),
(1, 'r31gfvqtbghiqreshodf5gtq456f2644', '203.192.225.140', 1590144345, 0x5f5f63695f6c6173745f726567656e65726174657c693a313539303134343334353b),
(1, 'r321b5vvsb2r4k7aip8c92cjijb4fqgp', '1.186.197.152', 1588847253, 0x5f5f63695f6c6173745f726567656e65726174657c693a313538383834373235333b),
(1, 'r3h4t3ak4n2qd6jb58kjhfhn1b2ie63f', '1.186.197.246', 1589381270, 0x5f5f63695f6c6173745f726567656e65726174657c693a313538393338313237303b),
(1, 'r3jnsg92q88qks1sbfb2061ku7cf2ko3', '1.186.196.65', 1589351345, 0x5f5f63695f6c6173745f726567656e65726174657c693a313538393335313334353b),
(1, 'r3oq79hpphb8rjspjq3svk7e4s3ts5f7', '1.186.232.206', 1589401616, 0x5f5f63695f6c6173745f726567656e65726174657c693a313538393430313631363b),
(1, 'r40t5csgm8tk83j8bmdllrp06q5ek6jd', '103.121.73.137', 1589495676, 0x5f5f63695f6c6173745f726567656e65726174657c693a313538393439353637363b),
(1, 'r49c2kdsgtsh18jc6isab3uq3jqn41sr', '103.121.72.205', 1590051267, 0x5f5f63695f6c6173745f726567656e65726174657c693a313539303035313236373b),
(1, 'r4ae07bqs0c2f2n92c3qrbqvphfjvuu5', '103.87.31.178', 1589638528, 0x5f5f63695f6c6173745f726567656e65726174657c693a313538393633383532383b),
(1, 'r4c8cuq8lgaotcurbjs3bmtkfma6f8gd', '1.186.174.197', 1589613114, 0x5f5f63695f6c6173745f726567656e65726174657c693a313538393631333131343b),
(1, 'r4m74bpechmn7v22sitpf06hkcoidr3h', '203.192.225.238', 1590000568, 0x5f5f63695f6c6173745f726567656e65726174657c693a313539303030303536383b),
(1, 'r5dean94ihmr11bn8frac3je4pcsbikj', '103.121.72.250', 1589392235, 0x5f5f63695f6c6173745f726567656e65726174657c693a313538393339323233353b),
(1, 'r5fhgabapn9aoihhlmujd6sji65md4v8', '203.192.225.84', 1589616684, 0x5f5f63695f6c6173745f726567656e65726174657c693a313538393631363638343b),
(1, 'r5gfui5eq04ecdoqinboj03scbh253ps', '1.186.199.233', 1589460915, 0x5f5f63695f6c6173745f726567656e65726174657c693a313538393436303931353b),
(1, 'r5k6c21tgtqmt258q0uq4equkaikv9ri', '103.121.75.137', 1589822300, 0x5f5f63695f6c6173745f726567656e65726174657c693a313538393832323330303b),
(1, 'r5m2g4mvfk12eal8r4hqftueki6c4bbj', '103.121.75.2', 1589211844, 0x5f5f63695f6c6173745f726567656e65726174657c693a313538393231313834343b),
(1, 'r60oj74fqtb0lk24snkpttm9634qv5g1', '1.186.197.152', 1588861063, 0x5f5f63695f6c6173745f726567656e65726174657c693a313538383836313036333b),
(1, 'r60rndat3ekbg8p1m5mrp1j3bphhc826', '103.121.73.137', 1589531690, 0x5f5f63695f6c6173745f726567656e65726174657c693a313538393533313639303b),
(1, 'r6eda0vqjdi50bpp8ml8ulak5stsvjoh', '1.187.34.168', 1589391046, 0x5f5f63695f6c6173745f726567656e65726174657c693a313538393339313034363b),
(1, 'r6nb4jp8iuib3uir1avoaadilr8lj81d', '1.186.232.206', 1589388221, 0x5f5f63695f6c6173745f726567656e65726174657c693a313538393338383232313b),
(1, 'r6ra5f75oha6baith8ub60vgloccs2ne', '103.121.72.205', 1589978896, 0x5f5f63695f6c6173745f726567656e65726174657c693a313538393937383839363b),
(1, 'r72e2gqgnmap75didofkabahlnq9rrui', '203.192.225.140', 1590062978, 0x5f5f63695f6c6173745f726567656e65726174657c693a313539303036323937383b),
(1, 'r85rgu5a9heqhh6pl90lht0h5b5majn3', '103.121.72.205', 1589925954, 0x5f5f63695f6c6173745f726567656e65726174657c693a313538393932353935343b),
(1, 'r8g2bcseo4uokvte6spl6m0bbrcmmc1e', '103.121.75.2', 1589275367, 0x5f5f63695f6c6173745f726567656e65726174657c693a313538393237353336373b),
(1, 'r8mjq641fva3n316pdjiube1kru15219', '1.186.197.246', 1589386822, 0x5f5f63695f6c6173745f726567656e65726174657c693a313538393338363832313b),
(1, 'r8nl4ivo0tgd4k6tjuben2ad9s83i53n', '1.186.197.2', 1589541835, 0x5f5f63695f6c6173745f726567656e65726174657c693a313538393534313833353b),
(1, 'r8nrukifuof04jc42che7l4sq6e9fneq', '3.249.59.49', 1590391466, 0x5f5f63695f6c6173745f726567656e65726174657c693a313539303339313436363b7265645f75726c7c733a33343a2268747470733a2f2f6465762e6d792e636f6e74726163746f72706c75732e6170702f223b),
(1, 'r91cfh6hckhui1gh8bk9nu35dv08ki2a', '42.106.253.198', 1588865070, 0x5f5f63695f6c6173745f726567656e65726174657c693a313538383836353037303b),
(1, 'r9pc3v6rpsjvuka2io25d82pgcq0fgrb', '1.186.198.36', 1589290191, 0x5f5f63695f6c6173745f726567656e65726174657c693a313538393239303139313b),
(1, 'r9vniqq2decgo1glffd6dqj13f073dt3', '1.186.197.246', 1589374249, 0x5f5f63695f6c6173745f726567656e65726174657c693a313538393337343234393b),
(1, 'raa1oqn8jfq8vu2tia2ereachi7sf85o', '1.186.199.171', 1589362706, 0x5f5f63695f6c6173745f726567656e65726174657c693a313538393336323730363b),
(1, 'raahmrq8jk40jg25c0srrt72nfd3bkpf', '1.186.197.151', 1589536780, 0x5f5f63695f6c6173745f726567656e65726174657c693a313538393533363738303b),
(1, 'raik93muctvkvbaa16i1eti70mmaacev', '1.186.198.36', 1589283408, 0x5f5f63695f6c6173745f726567656e65726174657c693a313538393238333430383b),
(1, 'rb1pe66rgk334tl9i9n4ptso2gcb0a5g', '120.88.191.172', 1588772397, 0x5f5f63695f6c6173745f726567656e65726174657c693a313538383737323339343b73746166665f757365725f69647c733a313a2231223b73746166665f6c6f676765645f696e7c623a313b74656e616e745f69647c733a313a2231223b73657475702d6d656e752d6f70656e7c733a303a22223b7265645f75726c7c733a33343a2268747470733a2f2f6465762e6d792e636f6e74726163746f72706c75732e6170702f223b),
(1, 'rb8eodpqugjhnvsbbsfpoetb9df12leh', '203.192.225.140', 1590155615, 0x5f5f63695f6c6173745f726567656e65726174657c693a313539303135353631353b),
(1, 'rb8npnaqelsoi15g00a8o15g0rrbf1h3', '203.192.225.64', 1589814006, 0x5f5f63695f6c6173745f726567656e65726174657c693a313538393831343030363b),
(1, 'rbaua60b6apk2siis66a8p1hrfarf8b2', '42.106.219.222', 1589092644, 0x5f5f63695f6c6173745f726567656e65726174657c693a313538393039323634343b),
(1, 'rbbl3uv679lopr3dv92l7innqrsbc2gn', '42.106.253.198', 1588866369, 0x5f5f63695f6c6173745f726567656e65726174657c693a313538383836363336393b),
(1, 'rbcqvtim0khrkmh9rket53phg85kp4lj', '1.186.179.27', 1589442663, 0x5f5f63695f6c6173745f726567656e65726174657c693a313538393434323636333b),
(1, 'rbdbl8olverqepg0i8jf10ba2a0eoiu6', '1.186.197.151', 1589535685, 0x5f5f63695f6c6173745f726567656e65726174657c693a313538393533353638353b),
(1, 'rblnsrj471m96047je3gau5he7ceu9c5', '1.186.197.246', 1589386161, 0x5f5f63695f6c6173745f726567656e65726174657c693a313538393338363136313b),
(1, 'rbn0u2tgsgeqhkdtm4olg94gpeng81qu', '103.87.31.149', 1590462524, 0x5f5f63695f6c6173745f726567656e65726174657c693a313539303436323532343b69735f6d6f62696c657c623a313b7265645f75726c7c733a35363a2268747470733a2f2f6465762e6d792e636f6e74726163746f72706c75732e6170702f61646d696e2f706f73745f696e7370656374696f6e73223b4642524c485f73746174657c733a33323a223830643136336134346232613434636138346630646338313364323039396238223b),
(1, 'rbt0h44vtqd95d55k28q2rivvicebt0v', '103.121.75.7', 1589111251, 0x5f5f63695f6c6173745f726567656e65726174657c693a313538393131313235313b),
(1, 'rc1s892aouvjs3j64oie9gkrs0ondvbq', '49.33.163.3', 1589446608, 0x5f5f63695f6c6173745f726567656e65726174657c693a313538393434363630383b),
(1, 'rcgh4obke2adtqv0t40bh4e3bp5v4p8u', '203.192.225.84', 1589639425, 0x5f5f63695f6c6173745f726567656e65726174657c693a313538393633393432353b),
(1, 'rcgorgk9022mj9j72bl3rclniiad45sd', '203.192.225.64', 1589814026, 0x5f5f63695f6c6173745f726567656e65726174657c693a313538393831343032363b),
(1, 'rchq30hrqaf08lsvh7fv6unemh5gjbqj', '1.186.198.215', 1589542602, 0x5f5f63695f6c6173745f726567656e65726174657c693a313538393534323630323b),
(1, 'rcm762pjh10ggdp7qljgda13uhjmum9r', '1.186.199.233', 1589447093, 0x5f5f63695f6c6173745f726567656e65726174657c693a313538393434373039333b),
(1, 'rdaf8b2iasp0l4d00mn3o6vegcoigubv', '203.192.225.238', 1590000182, 0x5f5f63695f6c6173745f726567656e65726174657c693a313539303030303138323b),
(1, 'rdh0kllaraacliamjfks4422mb143avq', '1.186.180.100', 1590388851, 0x5f5f63695f6c6173745f726567656e65726174657c693a313539303338383835303b7265645f75726c7c733a33393a2268747470733a2f2f6465762e6d792e636f6e74726163746f72706c75732e6170702f61646d696e223b4642524c485f73746174657c733a33323a226631313666383663643230616430616337376332383065316466663866623230223b),
(1, 'rdq825r3chpe7ltqr66an95rvsitoetl', '34.244.106.209', 1588833281, 0x5f5f63695f6c6173745f726567656e65726174657c693a313538383833333238313b7265645f75726c7c733a33343a2268747470733a2f2f6465762e6d792e636f6e74726163746f72706c75732e6170702f223b),
(1, 'rdtk64sjsjs1s7g2lgmo7djjfkrvi1ut', '1.186.197.246', 1589381347, 0x5f5f63695f6c6173745f726567656e65726174657c693a313538393338313334373b),
(1, 'reufatviju77pmimlrkp3g4ue0cjo26u', '203.192.225.64', 1589808108, 0x5f5f63695f6c6173745f726567656e65726174657c693a313538393830383130383b),
(1, 'rfifkcd600osrpuahh0ajsnv9kp0guqc', '1.186.197.246', 1589376390, 0x5f5f63695f6c6173745f726567656e65726174657c693a313538393337363339303b),
(1, 'rfqmn0qpaeq6cece8idjjf0h59npl62o', '103.121.75.137', 1589892066, 0x5f5f63695f6c6173745f726567656e65726174657c693a313538393839323036363b),
(1, 'rfqrtqbogbifa6gtp2rlel2feg1sc6lv', '103.121.72.205', 1590065104, 0x5f5f63695f6c6173745f726567656e65726174657c693a313539303036353130343b),
(1, 'rfvi0bhnjv4k1lvub6ijkf3va3j6gkkt', '1.186.198.36', 1589294489, 0x5f5f63695f6c6173745f726567656e65726174657c693a313538393239343438393b),
(1, 'rgfvh1tu3f8sm3u0bg82idp5r4t5cl15', '203.192.225.140', 1590140628, 0x5f5f63695f6c6173745f726567656e65726174657c693a313539303134303632383b),
(1, 'rgioda87atj1vtjd8naef4irnmdsh5bi', '203.192.225.140', 1590163683, 0x5f5f63695f6c6173745f726567656e65726174657c693a313539303136333638333b),
(1, 'rgjlj62icqoi67fkg9jo7ve5qt8nsqdv', '103.121.75.2', 1589296913, 0x5f5f63695f6c6173745f726567656e65726174657c693a313538393239363931333b),
(1, 'rgodh70uuj2cmoaegdq18lgvq1rul1tb', '103.121.75.69', 1588779918, 0x5f5f63695f6c6173745f726567656e65726174657c693a313538383737393931383b),
(1, 'rgso8otstiu5e9g98cha5k9246159eb8', '1.186.198.52', 1590088044, 0x5f5f63695f6c6173745f726567656e65726174657c693a313539303038383034343b),
(1, 'rgvav8rlq25u55qks0efi42tifp3ra2k', '203.192.225.140', 1590163579, 0x5f5f63695f6c6173745f726567656e65726174657c693a313539303136333537393b),
(1, 'rh3n4kldj5kbj92sujmgnumd30nqs6t8', '103.121.75.7', 1589056944, 0x5f5f63695f6c6173745f726567656e65726174657c693a313538393035363934343b),
(1, 'rh8dbrr9oc40nadnbfjhgulevnnl06ab', '106.79.208.75', 1590086111, 0x5f5f63695f6c6173745f726567656e65726174657c693a313539303038363131313b),
(1, 'rhf2g37a1g5o908j6gdoro1empq5b77i', '103.87.31.178', 1589637890, 0x5f5f63695f6c6173745f726567656e65726174657c693a313538393633373839303b),
(1, 'rhh8hftvonk1535dgceque88scer9ur0', '1.186.199.233', 1589462489, 0x5f5f63695f6c6173745f726567656e65726174657c693a313538393436323438393b),
(1, 'rhiujehs0hef4sii40n9jicv5tfk7m7h', '103.16.35.164', 1589271471, 0x5f5f63695f6c6173745f726567656e65726174657c693a313538393237313437313b73746166665f757365725f69647c733a313a2231223b73746166665f6c6f676765645f696e7c623a313b74656e616e745f69647c733a313a2231223b73657475702d6d656e752d6f70656e7c733a303a22223b),
(1, 'rhjtc9oqt4savtha3nfgs78d1j1tul0e', '1.186.198.36', 1589283909, 0x5f5f63695f6c6173745f726567656e65726174657c693a313538393238333930393b),
(1, 'ri05abf1k5muppr5o8urn78jcbevqu8k', '1.186.197.151', 1589533833, 0x5f5f63695f6c6173745f726567656e65726174657c693a313538393533333833333b),
(1, 'ri4ojp1011ft891kv5n6e0rs7g6guoo3', '1.186.179.27', 1589468150, 0x5f5f63695f6c6173745f726567656e65726174657c693a313538393436383135303b),
(1, 'ri556budic5lu6tod517j1joo7oo28ol', '203.192.225.140', 1590156623, 0x5f5f63695f6c6173745f726567656e65726174657c693a313539303135363632333b),
(1, 'ri69q1bcqbofl2povavoic6mm2a47boh', '103.16.35.219', 1588932715, 0x5f5f63695f6c6173745f726567656e65726174657c693a313538383933323731353b73746166665f757365725f69647c733a313a2231223b73746166665f6c6f676765645f696e7c623a313b74656e616e745f69647c733a313a2231223b73657475702d6d656e752d6f70656e7c733a303a22223b),
(1, 'rib6i7530g7j2voeumuf0nqci0jkqjjl', '1.186.198.36', 1589284368, 0x5f5f63695f6c6173745f726567656e65726174657c693a313538393238343336383b),
(1, 'ribtep23clue8hgbbevgrt0g5cdng38q', '1.186.197.151', 1589531988, 0x5f5f63695f6c6173745f726567656e65726174657c693a313538393533313938383b),
(1, 'richoasq6q051vuqbg8dhs9s42smmc0j', '1.186.179.27', 1589442284, 0x5f5f63695f6c6173745f726567656e65726174657c693a313538393434323238343b),
(1, 'rima1885bp9rgjsmfmjja48s2ah8trf8', '203.192.225.140', 1590140438, 0x5f5f63695f6c6173745f726567656e65726174657c693a313539303134303433383b),
(1, 'rjvnk80tcpnr52v07i9vauu35luasag3', '103.121.72.205', 1589897371, 0x5f5f63695f6c6173745f726567656e65726174657c693a313538393839373337313b),
(1, 'rk2itl6bb64llgl9jvfbnti7l2fqqp15', '1.186.199.233', 1589452384, 0x5f5f63695f6c6173745f726567656e65726174657c693a313538393435323338343b),
(1, 'rk9ee6bo5gjf1gnlfqjcgu56rmmpj3im', '103.121.75.137', 1589896641, 0x5f5f63695f6c6173745f726567656e65726174657c693a313538393839363634313b),
(1, 'rkdj815l8menq63phb0asms49veog0ji', '1.186.199.233', 1589464882, 0x5f5f63695f6c6173745f726567656e65726174657c693a313538393436343838323b),
(1, 'rksj14pumnmc41crihcg1cleqjvog5ll', '203.192.225.140', 1590140797, 0x5f5f63695f6c6173745f726567656e65726174657c693a313539303134303739373b),
(1, 'rl20f3ef841fl1t30frd3irv9dmvmrcv', '103.87.31.153', 1589524310, 0x5f5f63695f6c6173745f726567656e65726174657c693a313538393532343331303b),
(1, 'rl3jfm2q1p8cm4sj82tps1gg48udkj1d', '203.192.225.140', 1590062925, 0x5f5f63695f6c6173745f726567656e65726174657c693a313539303036323932353b),
(1, 'rl60ge8tpjkitcnll07ljuov2enllgk8', '1.186.199.233', 1589460917, 0x5f5f63695f6c6173745f726567656e65726174657c693a313538393436303931373b),
(1, 'rl9nnvth8p2j41qvvsqole94ql0f8uv2', '203.192.225.238', 1590000362, 0x5f5f63695f6c6173745f726567656e65726174657c693a313539303030303336323b),
(1, 'rlaarbgpb6isbv1rqrdu5mrsb8kmut69', '103.121.72.205', 1589985452, 0x5f5f63695f6c6173745f726567656e65726174657c693a313538393938353435323b),
(1, 'rlban2eu7nrrke2dbttl9dh2on9bj9uv', '1.186.180.140', 1588692352, 0x5f5f63695f6c6173745f726567656e65726174657c693a313538383639323335323b73746166665f757365725f69647c733a313a2231223b73746166665f6c6f676765645f696e7c623a313b74656e616e745f69647c733a313a2231223b73657475702d6d656e752d6f70656e7c733a303a22223b7265645f75726c7c733a33343a2268747470733a2f2f6465762e6d792e636f6e74726163746f72706c75732e6170702f223b),
(1, 'rlcgnj0nmgbvgcl160at93kgodgb1qei', '1.186.197.151', 1589487956, 0x5f5f63695f6c6173745f726567656e65726174657c693a313538393438373935363b),
(1, 'rlfsie3n7c8rs1dikhpv3jro0i19f2h2', '103.245.106.133', 1589565580, 0x5f5f63695f6c6173745f726567656e65726174657c693a313538393536353538303b4642524c485f73746174657c733a33323a226336336539346134626637626339626637373466663739663735326565626162223b66625f6578706972657c693a313539343734323138303b66625f6163636573735f746f6b656e7c733a3138383a22454141454f4358696755486342414c5a416452675a424a3134655a43673448654a796a4a7a68673453317655794a56677677766f786168483347384d4e6c744c335a414e6a64657a4e654341505677637030424d73773979685579564436495a43686c465550375a416d44634c38726d75366d76334270347261586b726d326b44556636434a7855504f50396d424f30365a41354561504471335852433730646f6d5a435a415a43564177476b4c33386a445a42737032636b794843223b7265645f75726c7c733a33393a2268747470733a2f2f6465762e6d792e636f6e74726163746f72706c75732e6170702f61646d696e223b),
(1, 'rlsuqfec28muv6ncdfr9jnd6u3doicac', '1.186.199.233', 1589459519, 0x5f5f63695f6c6173745f726567656e65726174657c693a313538393435393531393b),
(1, 'rm3jj6cvct43shsufape1bep73jpadhf', '1.186.198.52', 1590068613, 0x5f5f63695f6c6173745f726567656e65726174657c693a313539303036383631333b),
(1, 'rmhfnjso59okope77730rcr80a8aicgh', '1.186.174.197', 1589609770, 0x5f5f63695f6c6173745f726567656e65726174657c693a313538393630393737303b),
(1, 'rmmff0fm1ae8bmn0jnk4k4r47edmueq9', '103.16.35.164', 1589296739, 0x5f5f63695f6c6173745f726567656e65726174657c693a313538393239363733393b),
(1, 'rmq3f9tjso6hsr6k3ev14o2rc25l0vvm', '1.187.97.27', 1589537386, 0x5f5f63695f6c6173745f726567656e65726174657c693a313538393533373338363b),
(1, 'rmvbvb688be67108j8bsitk38sj05vs8', '103.121.75.7', 1589047898, 0x5f5f63695f6c6173745f726567656e65726174657c693a313538393034373839383b),
(1, 'rn00di660k0f762ku43lfuapiuro7183', '47.8.175.191', 1589467790, 0x5f5f63695f6c6173745f726567656e65726174657c693a313538393436373739303b73746166665f757365725f69647c733a313a2231223b73746166665f6c6f676765645f696e7c623a313b74656e616e745f69647c733a313a2231223b73657475702d6d656e752d6f70656e7c733a303a22223b),
(1, 'rn2sagenphdcu0og6e2bn0sot7ri8j71', '103.121.73.137', 1589558737, 0x5f5f63695f6c6173745f726567656e65726174657c693a313538393535383733373b),
(1, 'rn7u7vtpkllj8ipi5kb26vieogod4sfu', '1.186.197.246', 1589388723, 0x5f5f63695f6c6173745f726567656e65726174657c693a313538393338383732333b),
(1, 'rncnlhv3td7q846lg2g35fn5776p2e7e', '103.121.75.2', 1589212274, 0x5f5f63695f6c6173745f726567656e65726174657c693a313538393231323237343b),
(1, 'rnf4s88ldj7okt97n1t0l19hgkc379md', '203.192.225.84', 1589611680, 0x5f5f63695f6c6173745f726567656e65726174657c693a313538393631313638303b),
(1, 'rnqihej9nrja3s1mmfvu7i4us4fd59kd', '5.62.39.45', 1589976674, 0x5f5f63695f6c6173745f726567656e65726174657c693a313538393937363637343b4642524c485f73746174657c733a33323a223665623936323635343239396136353537326630666132363131333032396236223b73746166665f757365725f69647c733a313a2231223b73746166665f6c6f676765645f696e7c623a313b74656e616e745f69647c733a313a2231223b73657475702d6d656e752d6f70656e7c623a313b7265645f75726c7c733a33343a2268747470733a2f2f6465762e6d792e636f6e74726163746f72706c75732e6170702f223b),
(1, 'ro6opmpsvur6v7i0pe4p410752p0i3rp', '1.186.197.151', 1589537033, 0x5f5f63695f6c6173745f726567656e65726174657c693a313538393533373033333b),
(1, 'rovetd02noagu17a9mbnel5tsfrrqdvj', '103.121.72.205', 1590054901, 0x5f5f63695f6c6173745f726567656e65726174657c693a313539303035343930313b),
(1, 'rpgag1dnng1dqvqs327pd3i8v1egbrb1', '103.245.106.133', 1589557978, 0x5f5f63695f6c6173745f726567656e65726174657c693a313538393535373937383b4642524c485f73746174657c733a33323a223062356335353734383135616166376134323735613864333461383535613639223b),
(1, 'rpi9s5jur524e1a1s9h11funkbkv8tm8', '120.88.191.183', 1589794513, 0x5f5f63695f6c6173745f726567656e65726174657c693a313538393739343531333b),
(1, 'rq6c7pgkvevbbjoehe17munmcetntjil', '127.0.0.1', 1588821710, 0x5f5f63695f6c6173745f726567656e65726174657c693a313538383832313731303b69735f6d6f62696c657c623a313b7265645f75726c7c733a33343a2268747470733a2f2f6465762e6d792e636f6e74726163746f72706c75732e6170702f223b),
(1, 'rr0mngq3a42k3k1kiaai6gplbd35hqsh', '203.192.225.140', 1590156766, 0x5f5f63695f6c6173745f726567656e65726174657c693a313539303135363736363b),
(1, 'rr1d9fov1fs4v8qun493bkon3dnkjea0', '1.186.199.233', 1589445849, 0x5f5f63695f6c6173745f726567656e65726174657c693a313538393434353834393b),
(1, 'rragn5nnfqo6taeopbbh0ad89fogm9pj', '1.186.198.215', 1589544595, 0x5f5f63695f6c6173745f726567656e65726174657c693a313538393534343539353b),
(1, 'rrja3ipoomnebaqpmqq8n2au5cqto86h', '103.121.73.137', 1589562305, 0x5f5f63695f6c6173745f726567656e65726174657c693a313538393536323330353b),
(1, 'rrjuuatg5v9rl3apo7skguugvv6kajsp', '1.186.197.246', 1589388357, 0x5f5f63695f6c6173745f726567656e65726174657c693a313538393338383335373b),
(1, 'rrrncm8ap680t35ufd7r64v9k27sot7e', '203.192.225.140', 1590165913, 0x5f5f63695f6c6173745f726567656e65726174657c693a313539303136353931333b),
(1, 'rs64372c4ssr418pntcat3487k39s2e2', '1.186.197.246', 1589375368, 0x5f5f63695f6c6173745f726567656e65726174657c693a313538393337353336383b),
(1, 'rs73b84t7spga8acg5evdfd6dq794rgg', '203.192.225.140', 1590156503, 0x5f5f63695f6c6173745f726567656e65726174657c693a313539303135363530323b),
(1, 'rsaban5p57h5lklh04ku0u3g24okt4pm', '1.186.170.155', 1590263046, 0x5f5f63695f6c6173745f726567656e65726174657c693a313539303236333034363b),
(1, 'rsep083v0mjounq48manjmrqnqrb7dp3', '1.186.197.2', 1589539308, 0x5f5f63695f6c6173745f726567656e65726174657c693a313538393533393330383b),
(1, 'rsep5dp6qvhjg5pcsel7k9cokre5poue', '103.87.31.178', 1589794473, 0x5f5f63695f6c6173745f726567656e65726174657c693a313538393739343437333b),
(1, 'rsib7o5sfq4c9easkv811ral3br6p2ug', '1.186.199.233', 1589456529, 0x5f5f63695f6c6173745f726567656e65726174657c693a313538393435363532393b),
(1, 'rsmdele17qok89ngd95d8uh7fe96jqsu', '203.192.225.140', 1590166370, 0x5f5f63695f6c6173745f726567656e65726174657c693a313539303136363337303b),
(1, 'rt09kfb398ip9ek3dv8220o3ab1hpbss', '1.186.198.36', 1589279933, 0x5f5f63695f6c6173745f726567656e65726174657c693a313538393237393933333b),
(1, 'rtdi4elt5ugee9fmt98jrauoi1625hkc', '103.121.73.137', 1589617100, 0x5f5f63695f6c6173745f726567656e65726174657c693a313538393631373130303b),
(1, 'rtk7jafg4688f1ct4sookkk3e9qf1okp', '203.192.225.140', 1590162165, 0x5f5f63695f6c6173745f726567656e65726174657c693a313539303136323136353b),
(1, 'rtqcjqmpo09uu0rks1eb3aekkd1jnvu1', '1.186.197.152', 1588847282, 0x5f5f63695f6c6173745f726567656e65726174657c693a313538383834373238323b),
(1, 'rtqhgs21l9pe486du73lo2cqj1fj67c1', '1.186.199.233', 1589465182, 0x5f5f63695f6c6173745f726567656e65726174657c693a313538393436353138323b),
(1, 'rtrl4onnfhbcs1qkdrls40ju23jephg5', '203.192.225.238', 1589989633, 0x5f5f63695f6c6173745f726567656e65726174657c693a313538393938393633333b),
(1, 'rtrn6m19ba26s91k6pf17vsskg2tk7cv', '1.187.97.27', 1589537334, 0x5f5f63695f6c6173745f726567656e65726174657c693a313538393533373333343b),
(1, 'rud6drarcij1a86mshdqo2rd9hftmba9', '1.186.198.36', 1589294701, 0x5f5f63695f6c6173745f726567656e65726174657c693a313538393239343730313b),
(1, 'rukpevg134us5925hln7vabatbvi46u4', '203.192.225.238', 1590004379, 0x5f5f63695f6c6173745f726567656e65726174657c693a313539303030343337393b),
(1, 'rusub38nfuiugcjv6qk0pfkcbqtakqqd', '1.186.197.246', 1589380700, 0x5f5f63695f6c6173745f726567656e65726174657c693a313538393338303730303b),
(1, 'rvj2pk5fn56v6u3o732ebactlbs142de', '103.121.72.205', 1589983900, 0x5f5f63695f6c6173745f726567656e65726174657c693a313538393938333930303b),
(1, 'rvmob2g8dgnqmmdtle5pbilth6fqi71n', '1.186.198.115', 1589873364, 0x5f5f63695f6c6173745f726567656e65726174657c693a313538393837333336343b),
(1, 'rvn61n3sbvpo0kqsgcgk5uquatn108qh', '172.105.95.101', 1588674699, 0x5f5f63695f6c6173745f726567656e65726174657c693a313538383637343639383b7265645f75726c7c733a33343a2268747470733a2f2f6465762e6d792e636f6e74726163746f72706c75732e6170702f223b),
(1, 'rvthl8l5up613718jcl92rd94pmf382a', '106.193.224.254', 1589979837, 0x5f5f63695f6c6173745f726567656e65726174657c693a313538393937393833373b),
(1, 'rvug4svm9lpukm473fmum5412r7gattt', '203.192.225.140', 1590144667, 0x5f5f63695f6c6173745f726567656e65726174657c693a313539303134343636373b),
(1, 's00ubreigpm8pcfnii1tp39vkksser5j', '1.186.197.151', 1589525921, 0x5f5f63695f6c6173745f726567656e65726174657c693a313538393532353932313b),
(1, 's02ovagbfvpmhkpte8trm8po3vmo4be0', '103.121.72.82', 1588912080, 0x5f5f63695f6c6173745f726567656e65726174657c693a313538383931323038303b),
(1, 's06ppb6g0vt54ebqqk9uhpiqrej0dcqd', '47.8.23.205', 1589476029, 0x5f5f63695f6c6173745f726567656e65726174657c693a313538393437363032393b),
(1, 's08vo60rts5jhirld51tr3891tthhlea', '103.245.106.189', 1589871627, 0x5f5f63695f6c6173745f726567656e65726174657c693a313538393837313632373b7265645f75726c7c733a33343a2268747470733a2f2f6465762e6d792e636f6e74726163746f72706c75732e6170702f223b),
(1, 's0e77f9g5q3hc6imt0ej33d7vas2tpgt', '106.79.208.156', 1589353680, 0x5f5f63695f6c6173745f726567656e65726174657c693a313538393335333638303b),
(1, 's0fd9a106bmbuj3ck3scp69j4lmk18bd', '64.233.172.225', 1589522569, 0x5f5f63695f6c6173745f726567656e65726174657c693a313538393532323536393b),
(1, 's0n0hlmvitjlrd3cs6f5foterbemaeb4', '1.186.197.246', 1589380685, 0x5f5f63695f6c6173745f726567656e65726174657c693a313538393338303638353b),
(1, 's0o7tf1stcq3kc68d2gdejkcl3fsoq33', '203.192.225.84', 1589611709, 0x5f5f63695f6c6173745f726567656e65726174657c693a313538393631313730393b),
(1, 's0qqh6omuam1vl3m4qvpsofmo8q16o2f', '203.192.225.140', 1590166639, 0x5f5f63695f6c6173745f726567656e65726174657c693a313539303136363633393b),
(1, 's14srqj0euae2dl2v8ekktsuq5vbs4f2', '49.33.163.3', 1589446764, 0x5f5f63695f6c6173745f726567656e65726174657c693a313538393434363736343b),
(1, 's1e848a4tl5c5tg25i9v2993s73anqbe', '203.192.225.238', 1590006554, 0x5f5f63695f6c6173745f726567656e65726174657c693a313539303030363535343b),
(1, 's1o2domh5rt3fdm109pqq96i0eah3367', '1.186.197.246', 1589389404, 0x5f5f63695f6c6173745f726567656e65726174657c693a313538393338393430343b),
(1, 's1smrl9i35r3tuntllkjl6j892kv905t', '1.186.197.152', 1588848182, 0x5f5f63695f6c6173745f726567656e65726174657c693a313538383834383138323b),
(1, 's2avip46m854gi5qs4prnel5t7b6eoet', '103.121.72.122', 1590087456, 0x5f5f63695f6c6173745f726567656e65726174657c693a313539303038373435363b),
(1, 's2es6imhsvgjmb9lsd9115f9338egq5h', '1.186.196.82', 1589612751, 0x5f5f63695f6c6173745f726567656e65726174657c693a313538393631323735313b),
(1, 's2m9aqe8n9b7p55faupefj86n75njh98', '1.186.198.36', 1589299514, 0x5f5f63695f6c6173745f726567656e65726174657c693a313538393239393531343b),
(1, 's2mvt2dt52hkrmac95mi4e8m41nfvt58', '203.192.225.238', 1589983801, 0x5f5f63695f6c6173745f726567656e65726174657c693a313538393938333830313b),
(1, 's2s2sjdkdj054jkhejt39c9nc8prs3v0', '1.186.197.246', 1589388877, 0x5f5f63695f6c6173745f726567656e65726174657c693a313538393338383837373b),
(1, 's2v60p9cm1d14vquvqrlluscqgv5hbbv', '103.87.31.153', 1589382781, 0x5f5f63695f6c6173745f726567656e65726174657c693a313538393338323738313b73746166665f757365725f69647c733a313a2231223b73746166665f6c6f676765645f696e7c623a313b74656e616e745f69647c733a313a2231223b73657475702d6d656e752d6f70656e7c733a303a22223b),
(1, 's32duv6jrdbtf848i7qlgjg00ldjkpc0', '1.186.198.36', 1589284357, 0x5f5f63695f6c6173745f726567656e65726174657c693a313538393238343335373b),
(1, 's3it4frb58b9a68cghtrk8ckr5ased46', '1.186.198.36', 1589288750, 0x5f5f63695f6c6173745f726567656e65726174657c693a313538393238383735303b),
(1, 's434tn9j58qntnumhs081r9487mm0e8a', '52.114.142.71', 1589529671, 0x5f5f63695f6c6173745f726567656e65726174657c693a313538393532393637313b),
(1, 's4k36mqetu0akg970lfjo4r4fdnspifc', '103.121.75.137', 1589799373, 0x5f5f63695f6c6173745f726567656e65726174657c693a313538393739393337333b),
(1, 's4marmk5qidjg0lblgp3vj2i47t16vbd', '103.121.73.137', 1589482644, 0x5f5f63695f6c6173745f726567656e65726174657c693a313538393438323634343b),
(1, 's4ok87mv34cqn91nc3m6rl7dugc4nf8k', '47.8.89.247', 1589476029, 0x5f5f63695f6c6173745f726567656e65726174657c693a313538393437363032393b),
(1, 's57frsl47kjekbhnjci897etiug9flk1', '203.192.225.151', 1589954761, 0x5f5f63695f6c6173745f726567656e65726174657c693a313538393935343736313b),
(1, 's57pktv2tm121e48d262cfn2o3gak0jt', '103.121.75.7', 1589173903, 0x5f5f63695f6c6173745f726567656e65726174657c693a313538393137333930333b),
(1, 's5cq1me12ftmot2dtgah8ipnarskrk09', '1.186.199.233', 1589454794, 0x5f5f63695f6c6173745f726567656e65726174657c693a313538393435343739343b),
(1, 's5jahqk7ur7u77gvfrk63tguv9ta080r', '1.186.199.233', 1589456005, 0x5f5f63695f6c6173745f726567656e65726174657c693a313538393435363030353b),
(1, 's625vlj7rcitd219om49v1pprrneeo9o', '103.121.75.2', 1589288715, 0x5f5f63695f6c6173745f726567656e65726174657c693a313538393238383731353b),
(1, 's6451ucb7lj4dtdrbi388sblncg6822q', '203.192.225.84', 1589643208, 0x5f5f63695f6c6173745f726567656e65726174657c693a313538393634333230383b),
(1, 's68ta9hjkb2r73m6jfpv8p9g18d86odh', '1.186.199.233', 1589454833, 0x5f5f63695f6c6173745f726567656e65726174657c693a313538393435343833333b),
(1, 's6aje7e95hku79delvdn5jn9avin82o1', '1.186.199.233', 1589457784, 0x5f5f63695f6c6173745f726567656e65726174657c693a313538393435373738343b),
(1, 's6bsucsh1uh5kk2ti5sb5fd5jme60tlq', '103.245.106.133', 1589552338, 0x5f5f63695f6c6173745f726567656e65726174657c693a313538393535323333383b),
(1, 's6hdi7rbt76dbhp8m9kt8qb6v16s7nro', '103.121.72.250', 1589434790, 0x5f5f63695f6c6173745f726567656e65726174657c693a313538393433343739303b),
(1, 's6jm9vp5h7aupprse042te7pgfimftdi', '120.88.191.112', 1589471477, 0x5f5f63695f6c6173745f726567656e65726174657c693a313538393437313437373b),
(1, 's6uuat3bckkh7ph5ibjg3vps0l1j7kgl', '203.192.225.64', 1589813206, 0x5f5f63695f6c6173745f726567656e65726174657c693a313538393831333230363b),
(1, 's7jrhnhqpu4c22gvmp6ajioj5mliakgd', '103.121.72.122', 1590130176, 0x5f5f63695f6c6173745f726567656e65726174657c693a313539303133303137363b),
(1, 's7pe0ncnc0p70i06nm4n134grintnpb2', '1.38.150.110', 1589553438, 0x5f5f63695f6c6173745f726567656e65726174657c693a313538393535333433383b),
(1, 's7rrvpn4574q7nbbkbp7ppu129i0c2n9', '203.192.225.140', 1590158944, 0x5f5f63695f6c6173745f726567656e65726174657c693a313539303135383934343b),
(1, 's821bo39kdk8gg3v6e28dcm7b54ofg0g', '103.121.72.122', 1590090918, 0x5f5f63695f6c6173745f726567656e65726174657c693a313539303039303931383b),
(1, 's82mfo85b7mjhl4rbslma5ppt70ckmm5', '203.192.225.84', 1589639447, 0x5f5f63695f6c6173745f726567656e65726174657c693a313538393633393434373b),
(1, 's8d7r0dhd4g18gkmg8dtka5cnsm5p1tg', '203.192.225.226', 1589887512, 0x5f5f63695f6c6173745f726567656e65726174657c693a313538393838373531323b),
(1, 's8fjem6odq7ncaqsh3cj15khcc319rrm', '1.186.199.233', 1589454811, 0x5f5f63695f6c6173745f726567656e65726174657c693a313538393435343831313b),
(1, 's8hhgpbp1t7mcmrnpg4jn2uk1fo771l0', '1.186.198.36', 1589278802, 0x5f5f63695f6c6173745f726567656e65726174657c693a313538393237383830323b),
(1, 's8isn1ehqp14lar3q8ut9hvmfqja828f', '1.186.197.151', 1589533849, 0x5f5f63695f6c6173745f726567656e65726174657c693a313538393533333834393b),
(1, 's8m6glfq3tbengkpgulgv3n141tcbkej', '203.192.225.64', 1589784441, 0x5f5f63695f6c6173745f726567656e65726174657c693a313538393738343434313b),
(1, 's8msbbiod3gd8ajnsog6vts3rs2c2gin', '103.121.75.2', 1589285043, 0x5f5f63695f6c6173745f726567656e65726174657c693a313538393238353034333b),
(1, 's960o84e4c706uqlogjaui6m8cs0f98l', '203.192.225.128', 1588867336, 0x5f5f63695f6c6173745f726567656e65726174657c693a313538383836373333353b),
(1, 's997qvsd66i95ues0ohcpdea91br69ek', '103.121.73.137', 1589476569, 0x5f5f63695f6c6173745f726567656e65726174657c693a313538393437363536393b),
(1, 's9ae0jd7jh9t8ls25df8hfnb1v2ea9kl', '203.192.225.140', 1590144674, 0x5f5f63695f6c6173745f726567656e65726174657c693a313539303134343637343b),
(1, 's9l1pjc1dm1u2lg7vq85er20u3ds5c7v', '203.192.249.254', 1590406519, 0x5f5f63695f6c6173745f726567656e65726174657c693a313539303430363531393b),
(1, 's9qmb7ing0ccqsmcbimheta11mu7qvqb', '203.192.225.128', 1588869389, 0x5f5f63695f6c6173745f726567656e65726174657c693a313538383836393338393b),
(1, 's9v3vgoon42fju1gnaeka26p0pvuod4r', '1.186.198.215', 1589545013, 0x5f5f63695f6c6173745f726567656e65726174657c693a313538393534353031333b),
(1, 'sa30a5dselnr78594acg1qinuve02jvi', '103.121.75.2', 1589279354, 0x5f5f63695f6c6173745f726567656e65726174657c693a313538393237393335343b),
(1, 'sa5o3b8knng7brvbio90jof8q672nvue', '1.186.197.42', 1589468978, 0x5f5f63695f6c6173745f726567656e65726174657c693a313538393436383937383b),
(1, 'sai3nacl651aqf1gu7v7f4ilf764vj6c', '103.121.73.137', 1589494345, 0x5f5f63695f6c6173745f726567656e65726174657c693a313538393439343334353b),
(1, 'sakb1cq2uoikf51b5oh10u7r5aq78270', '103.16.35.164', 1589298630, 0x5f5f63695f6c6173745f726567656e65726174657c693a313538393239383633303b),
(1, 'sap3ni0uu1am6qur8q7jimh6ehpe5uqe', '1.186.196.235', 1589201187, 0x5f5f63695f6c6173745f726567656e65726174657c693a313538393230313138373b),
(1, 'satj8tin5s2mc4ka8lealpg3o31a19i2', '103.121.75.2', 1589304855, 0x5f5f63695f6c6173745f726567656e65726174657c693a313538393330343835353b);
INSERT INTO `tblsessions` (`tenant_id`, `id`, `ip_address`, `timestamp`, `data`) VALUES
(1, 'sbe73v3qe84gjkb8sk0k509uhkkaol8m', '1.186.198.36', 1589294678, 0x5f5f63695f6c6173745f726567656e65726174657c693a313538393239343637383b),
(1, 'sbeu8b8j3c4aob6mqvraldoe33u54uea', '1.186.199.233', 1589443209, 0x5f5f63695f6c6173745f726567656e65726174657c693a313538393434333230393b),
(1, 'sbfj9g5rjr0ah2qfe38bmtoa777husu3', '1.186.197.246', 1589373008, 0x5f5f63695f6c6173745f726567656e65726174657c693a313538393337333030383b),
(1, 'sbg5bu88g5uvekosu5j0ti3ps7elrbj7', '103.121.75.2', 1589296826, 0x5f5f63695f6c6173745f726567656e65726174657c693a313538393239363832363b),
(1, 'sblk7in49fronqjm54qcsdskst19hc94', '103.121.72.82', 1588913475, 0x5f5f63695f6c6173745f726567656e65726174657c693a313538383931333437353b),
(1, 'sboe4jt6npj7e0cbssok81oadkajm9ol', '203.192.225.140', 1590168121, 0x5f5f63695f6c6173745f726567656e65726174657c693a313539303136383132313b),
(1, 'sbtt9g2ndihcnlvq328h0fanr714ns2i', '203.192.225.238', 1590055952, 0x5f5f63695f6c6173745f726567656e65726174657c693a313539303035353935323b),
(1, 'sc9nhg7lfncq35h5pilcrbh6pnkn6jfo', '1.186.198.36', 1589294625, 0x5f5f63695f6c6173745f726567656e65726174657c693a313538393239343632353b),
(1, 'sccq915n1qajet96sdl2hgact9k775dg', '103.121.75.137', 1589890399, 0x5f5f63695f6c6173745f726567656e65726174657c693a313538393839303339393b),
(1, 'scflulifbf2gju8bfqhdeb2sg2vh7aue', '1.186.197.246', 1589388859, 0x5f5f63695f6c6173745f726567656e65726174657c693a313538393338383835393b),
(1, 'scm7gcstdcve8nq9lupv841aqm55llut', '106.79.208.156', 1589350534, 0x5f5f63695f6c6173745f726567656e65726174657c693a313538393335303533343b),
(1, 'scshfqarsasde6cso6p3q45svp40smub', '103.121.75.137', 1589794880, 0x5f5f63695f6c6173745f726567656e65726174657c693a313538393739343838303b),
(1, 'sd2g7248enprv01fa8hucrgsf3p2a3te', '203.192.225.151', 1589954763, 0x5f5f63695f6c6173745f726567656e65726174657c693a313538393935343736333b),
(1, 'sd786qldqsfv1drntd1nmcr769esboan', '1.186.197.2', 1589539343, 0x5f5f63695f6c6173745f726567656e65726174657c693a313538393533393334333b),
(1, 'sdfvg7uuoh005n99mbrktpv1t5k2r8af', '1.186.197.151', 1589537027, 0x5f5f63695f6c6173745f726567656e65726174657c693a313538393533373032373b),
(1, 'sdp8hhsphlu66neolcf8i9acp8gleam3', '1.186.171.104', 1589193595, 0x5f5f63695f6c6173745f726567656e65726174657c693a313538393139333539353b),
(1, 'se2ro750n2lf6fpdh7rb0lq99pkuqf3u', '1.186.171.104', 1589312071, 0x5f5f63695f6c6173745f726567656e65726174657c693a313538393331323037313b73746166665f757365725f69647c733a313a2231223b73746166665f6c6f676765645f696e7c623a313b74656e616e745f69647c733a313a2231223b73657475702d6d656e752d6f70656e7c733a303a22223b),
(1, 'seba505pi91ajmln87r0idm9v2rcin6n', '203.192.225.140', 1590168030, 0x5f5f63695f6c6173745f726567656e65726174657c693a313539303136383033303b),
(1, 'seeqrgag093lf31cs58antdug11sf630', '1.186.199.233', 1589451955, 0x5f5f63695f6c6173745f726567656e65726174657c693a313538393435313935353b),
(1, 'segi44g2jp292ftvc2n502cglr9dv80k', '103.245.106.186', 1588839819, 0x5f5f63695f6c6173745f726567656e65726174657c693a313538383833393831393b),
(1, 'sepsequr5gk7etpmp1gepn3hmstrfc5p', '103.16.35.164', 1589272750, 0x5f5f63695f6c6173745f726567656e65726174657c693a313538393237323733353b73746166665f757365725f69647c733a313a2231223b73746166665f6c6f676765645f696e7c623a313b74656e616e745f69647c733a313a2231223b73657475702d6d656e752d6f70656e7c733a303a22223b),
(1, 'setcg9kdtm5o3naqsgpl1aegam0ttdml', '1.186.198.36', 1589263384, 0x5f5f63695f6c6173745f726567656e65726174657c693a313538393236333338343b),
(1, 'sf2lq6g9hckh55kdq53biignjtd4r1h2', '203.192.225.140', 1590062925, 0x5f5f63695f6c6173745f726567656e65726174657c693a313539303036323932353b),
(1, 'sf5u2da82ncg162b6nds7fs9qptkq0tg', '203.192.225.84', 1589639202, 0x5f5f63695f6c6173745f726567656e65726174657c693a313538393633393230323b),
(1, 'sf90n0r41uod4tp4kdna1g7tg82lmsst', '103.121.73.137', 1589484373, 0x5f5f63695f6c6173745f726567656e65726174657c693a313538393438343337333b),
(1, 'sfhrqeei656u258tdggdfc5on4rkkcvt', '103.121.75.137', 1589886872, 0x5f5f63695f6c6173745f726567656e65726174657c693a313538393838363837323b),
(1, 'sfu0k1pm6cuq8lsn3itlbrnv9am8cnfn', '103.245.106.136', 1589205491, 0x5f5f63695f6c6173745f726567656e65726174657c693a313538393230353439313b),
(1, 'sfvl7gth970d53vevmlpbtklt2bjpj3e', '3.250.198.253', 1590308919, 0x5f5f63695f6c6173745f726567656e65726174657c693a313539303330383931393b7265645f75726c7c733a33343a2268747470733a2f2f6465762e6d792e636f6e74726163746f72706c75732e6170702f223b),
(1, 'sgmc4qg28uskor53p63ihkr1seu62713', '103.16.35.164', 1589270703, 0x5f5f63695f6c6173745f726567656e65726174657c693a313538393237303730333b),
(1, 'sgoc7djhlq4ff8q1342047rkone4rtfi', '1.186.197.152', 1588852711, 0x5f5f63695f6c6173745f726567656e65726174657c693a313538383835323731313b),
(1, 'sgpssbpk98kf4pfal85f9utheivaghpq', '103.121.72.122', 1590135077, 0x5f5f63695f6c6173745f726567656e65726174657c693a313539303133353037373b),
(1, 'sgrhrp2sapoalk37nm49at4ru1cfmd52', '103.121.72.122', 1590136176, 0x5f5f63695f6c6173745f726567656e65726174657c693a313539303133363137363b),
(1, 'sgtj7ukj0ua4h4oie7015vln6pcei44q', '1.186.197.151', 1589487853, 0x5f5f63695f6c6173745f726567656e65726174657c693a313538393438373835333b),
(1, 'sgv5758eqindnrs36ejosegf6as0t5uq', '1.186.197.151', 1589531708, 0x5f5f63695f6c6173745f726567656e65726174657c693a313538393533313730383b),
(1, 'shj4ahqp22sd2ftkho2o9sbqc61brn4i', '103.121.75.137', 1589816864, 0x5f5f63695f6c6173745f726567656e65726174657c693a313538393831363836343b),
(1, 'shjg24kt781rfqgbfeft0pvlf32fa9aj', '1.186.197.151', 1589535847, 0x5f5f63695f6c6173745f726567656e65726174657c693a313538393533353834373b),
(1, 'shmd8d597ri8rgn6psg3bo9p54funb9f', '103.121.72.122', 1590085572, 0x5f5f63695f6c6173745f726567656e65726174657c693a313539303038353537323b),
(1, 'shrt63toimq07i3go2tqttv7j57lgblo', '1.186.198.36', 1589293313, 0x5f5f63695f6c6173745f726567656e65726174657c693a313538393239333331333b),
(1, 'shu905k3bv65emlg917vpca29o65mmnk', '203.192.225.84', 1589628000, 0x5f5f63695f6c6173745f726567656e65726174657c693a313538393632383030303b),
(1, 'si2vm68c35hlu0g3u0rpgn8a4h9lv1uu', '203.192.225.64', 1589801726, 0x5f5f63695f6c6173745f726567656e65726174657c693a313538393830313732363b),
(1, 'si8f78qoi0s2ot1to42qn2344jhbsd6j', '1.186.198.115', 1589869281, 0x5f5f63695f6c6173745f726567656e65726174657c693a313538393836393238313b),
(1, 'sih7fu07834tmo7lmugih1an7rnbu4k8', '103.121.73.137', 1589521468, 0x5f5f63695f6c6173745f726567656e65726174657c693a313538393532313436383b),
(1, 'simiulu1upocr3qhbte50p52iv7rbav4', '1.186.196.82', 1589636951, 0x5f5f63695f6c6173745f726567656e65726174657c693a313538393633363935313b),
(1, 'sio4a57thusi0n9j13dkspc29o9db5mr', '1.186.197.246', 1589388661, 0x5f5f63695f6c6173745f726567656e65726174657c693a313538393338383636313b),
(1, 'sipcjroj9a7qrkfa4n7i5icuqpfa2d9e', '1.186.198.36', 1589279782, 0x5f5f63695f6c6173745f726567656e65726174657c693a313538393237393738323b),
(1, 'sj5ohp04g04lujnb7jtmbpn2e0d78kjl', '1.186.199.233', 1589447217, 0x5f5f63695f6c6173745f726567656e65726174657c693a313538393434373231373b),
(1, 'sj66eii2pd8nv6iavv4gvtd86n3q0lcc', '203.192.225.238', 1590001578, 0x5f5f63695f6c6173745f726567656e65726174657c693a313539303030313537383b),
(1, 'sjftm22ufbta0ae23ql79knompd5c9kg', '203.192.225.84', 1589642894, 0x5f5f63695f6c6173745f726567656e65726174657c693a313538393634323839343b),
(1, 'sjitdmm8qu2oanvdcrd50ga6mdb2jiba', '150.107.90.113', 1589388970, 0x5f5f63695f6c6173745f726567656e65726174657c693a313538393338383937303b73746166665f757365725f69647c733a313a2231223b73746166665f6c6f676765645f696e7c623a313b74656e616e745f69647c733a313a2231223b73657475702d6d656e752d6f70656e7c733a303a22223b),
(1, 'sk0m4ru83v2qiklmud2o33lb01hpjh32', '120.88.191.112', 1589457139, 0x[encoded data, 4120 characters]),
(1, 'skf0vdptgmgu8qtko7k17on8sdjmq90s', '106.79.208.156', 1589351899, 0x5f5f63695f6c6173745f726567656e65726174657c693a313538393335313839393b),
(1, 'skhu7hdgi1e9b00rujg3ql32edqiiuui', '203.192.225.140', 1590140469, 0x5f5f63695f6c6173745f726567656e65726174657c693a313539303134303436393b),
(1, 'skn7bptae8fpqui2u73306tisqrbq47b', '203.192.225.84', 1589611518, 0x5f5f63695f6c6173745f726567656e65726174657c693a313538393631313531383b),
(1, 'sktt6epd2n65tn1vaosdbdhg3sqgevrr', '203.192.225.64', 1589797678, 0x5f5f63695f6c6173745f726567656e65726174657c693a313538393739373637383b),
(1, 'slb5iq408m3epd13gec3gk5brgnnfiaf', '103.245.106.133', 1589565612, 0x5f5f63695f6c6173745f726567656e65726174657c693a313538393536353631323b7265645f75726c7c733a33343a2268747470733a2f2f6465762e6d792e636f6e74726163746f72706c75732e6170702f223b),
(1, 'slc3ffqe3lv87aala4fmtc8eq2ojj9pt', '203.192.225.238', 1590006197, 0x5f5f63695f6c6173745f726567656e65726174657c693a313539303030363139373b),
(1, 'slec036f8s3tsdbgsu2vht2ck8pkbf3h', '3.249.69.149', 1589473842, 0x5f5f63695f6c6173745f726567656e65726174657c693a313538393437333834323b7265645f75726c7c733a33343a2268747470733a2f2f6465762e6d792e636f6e74726163746f72706c75732e6170702f223b),
(1, 'sleqoaib4j8isai3k7ihd4pdqm7415f8', '1.186.197.89', 1589954928, 0x5f5f63695f6c6173745f726567656e65726174657c693a313538393935343932383b),
(1, 'slfn857odjr2883k0vrv1kk4mc237sav', '1.38.149.78', 1589493208, 0x5f5f63695f6c6173745f726567656e65726174657c693a313538393439323735323b73746166665f757365725f69647c733a313a2231223b73746166665f6c6f676765645f696e7c623a313b74656e616e745f69647c733a313a2231223b73657475702d6d656e752d6f70656e7c733a303a22223b),
(1, 'sm43ph09r0lldjepjc8qu1vtvqltkcmt', '1.186.179.27', 1589468407, 0x5f5f63695f6c6173745f726567656e65726174657c693a313538393436383430373b),
(1, 'sm6u3epg4r68qd2vitfl82tgvjui8qnr', '103.121.75.2', 1589270848, 0x5f5f63695f6c6173745f726567656e65726174657c693a313538393237303834383b),
(1, 'smabat0n1ceq8da6j8iuh8n6qg161iag', '103.121.75.2', 1589195963, 0x5f5f63695f6c6173745f726567656e65726174657c693a313538393139353936333b),
(1, 'smbfog5a3u0prt4olqk4a35icka49r5m', '103.121.72.82', 1588969226, 0x5f5f63695f6c6173745f726567656e65726174657c693a313538383936393232363b),
(1, 'smqq72bj5ksc645tcmeaffqlh8gqttit', '1.186.197.151', 1589487941, 0x5f5f63695f6c6173745f726567656e65726174657c693a313538393438373934313b),
(1, 'smv1mdq8n1g3qe22hvmr2ufuhetvqj54', '1.186.198.36', 1589283998, 0x5f5f63695f6c6173745f726567656e65726174657c693a313538393238333939383b),
(1, 'snfph7sqqrksss4euctodpmjt3jl8n41', '203.192.225.64', 1589797695, 0x5f5f63695f6c6173745f726567656e65726174657c693a313538393739373639353b),
(1, 'so433hquvtkgfl4binrh61kp8tgrn79v', '103.121.73.137', 1589543126, 0x5f5f63695f6c6173745f726567656e65726174657c693a313538393534333132363b),
(1, 'so7nqr43al5s2mbdd6touebslvmo8rnr', '103.87.31.204', 1590066909, 0x5f5f63695f6c6173745f726567656e65726174657c693a313539303036363930393b4642524c485f73746174657c733a33323a223637363363386630396431616465646335636433666430613661636438316362223b73746166665f757365725f69647c733a313a2231223b73746166665f6c6f676765645f696e7c623a313b74656e616e745f69647c733a313a2231223b73657475702d6d656e752d6f70656e7c733a303a22223b),
(1, 'sobderqg6asb8bfv8uad48gghc943vbc', '203.192.225.140', 1590161804, 0x5f5f63695f6c6173745f726567656e65726174657c693a313539303136313830343b),
(1, 'sojc32bpfsq60fth51g3hfm3pr3vgh7u', '203.192.225.140', 1590140660, 0x5f5f63695f6c6173745f726567656e65726174657c693a313539303134303636303b),
(1, 'solk0u05dvj5kur24lj6482tcjoo1mo6', '1.186.198.115', 1589874571, 0x5f5f63695f6c6173745f726567656e65726174657c693a313538393837343537313b),
(1, 'sp5k3v1756kjtiqdrp3pt6gu4bgjniha', '203.192.225.64', 1589807506, 0x5f5f63695f6c6173745f726567656e65726174657c693a313538393830373530363b),
(1, 'sp6mij6kkk56kgqojrep0c9g67hkmdv2', '103.245.106.189', 1589873963, 0x5f5f63695f6c6173745f726567656e65726174657c693a313538393837333936333b4642524c485f73746174657c733a33323a223430356433386231343834306436636566663563353237373437643761356665223b73746166665f757365725f69647c733a313a2231223b73746166665f6c6f676765645f696e7c623a313b74656e616e745f69647c733a313a2231223b73657475702d6d656e752d6f70656e7c623a313b),
(1, 'sp9ikr5f9qgl6637ei8lmbdu1l0t3o7r', '1.186.197.42', 1589469878, 0x5f5f63695f6c6173745f726567656e65726174657c693a313538393436393837383b),
(1, 'spla2k28qug2u2aggpfn9erssvbs9jk9', '1.186.198.36', 1589279782, 0x5f5f63695f6c6173745f726567656e65726174657c693a313538393237393738323b),
(1, 'spqgipstqmeue2gg4q38qma9ac8pv1a9', '203.192.225.140', 1590144364, 0x5f5f63695f6c6173745f726567656e65726174657c693a313539303134343336333b),
(1, 'spv6i03r6drbc0kd5laiirs2mmkgd1ee', '1.186.179.27', 1589441904, 0x5f5f63695f6c6173745f726567656e65726174657c693a313538393434313930343b),
(1, 'sq3bgdets9ecmo5h95slj933n8v0jr4m', '1.186.199.233', 1589454608, 0x5f5f63695f6c6173745f726567656e65726174657c693a313538393435343630383b),
(1, 'sqf8kv4iafor5q1umqjsv5dggki8e7pm', '1.186.196.82', 1589611167, 0x5f5f63695f6c6173745f726567656e65726174657c693a313538393631313136373b),
(1, 'sqgrmk12asnpglr7hh4qrau6atg3dosu', '150.107.90.113', 1589357103, 0x5f5f63695f6c6173745f726567656e65726174657c693a313538393335373130333b73746166665f757365725f69647c733a313a2231223b73746166665f6c6f676765645f696e7c623a313b74656e616e745f69647c733a313a2231223b73657475702d6d656e752d6f70656e7c733a303a22223b),
(1, 'sqo665fvd5lk9mlqq2ec8c3euvshe2ru', '203.192.225.238', 1590004814, 0x5f5f63695f6c6173745f726567656e65726174657c693a313539303030343831343b),
(1, 'squ4jvv6c5ancr1ofntjqo6o7f4n106e', '1.186.197.151', 1589535691, 0x5f5f63695f6c6173745f726567656e65726174657c693a313538393533353639313b),
(1, 'sr7rgk9ikpn7313cbruok1tbqbcqs8vj', '54.216.10.131', 1589529556, 0x5f5f63695f6c6173745f726567656e65726174657c693a313538393532393535363b7265645f75726c7c733a33343a2268747470733a2f2f6465762e6d792e636f6e74726163746f72706c75732e6170702f223b),
(1, 'srvir5jhsed6b6egktpb03137t3hslro', '203.192.225.64', 1589812819, 0x5f5f63695f6c6173745f726567656e65726174657c693a313538393831323831393b),
(1, 'ss2u5nvogda32m0jjonku6afsu58lde5', '120.88.191.172', 1588772395, 0x5f5f63695f6c6173745f726567656e65726174657c693a313538383737323339343b73746166665f757365725f69647c733a313a2231223b73746166665f6c6f676765645f696e7c623a313b74656e616e745f69647c733a313a2231223b73657475702d6d656e752d6f70656e7c733a303a22223b7265645f75726c7c733a33343a2268747470733a2f2f6465762e6d792e636f6e74726163746f72706c75732e6170702f223b),
(1, 'sseb9r2h3q7kulifjin3ksvvlk2s07mi', '1.186.171.104', 1589314658, 0x5f5f63695f6c6173745f726567656e65726174657c693a313538393331343433363b73746166665f757365725f69647c733a313a2231223b73746166665f6c6f676765645f696e7c623a313b74656e616e745f69647c733a313a2231223b73657475702d6d656e752d6f70656e7c623a313b),
(1, 'ssf88ca0t2ets68o39j7ihi96nf1dbe9', '203.192.225.238', 1589994954, 0x5f5f63695f6c6173745f726567656e65726174657c693a313538393939343935343b),
(1, 'ssfrbuf990nvat0g88spd5654d665gnp', '203.192.225.64', 1589814013, 0x5f5f63695f6c6173745f726567656e65726174657c693a313538393831343031333b),
(1, 'ssi299b6igvb4hihgq8suhtnd9e6tas3', '1.186.198.36', 1589289886, 0x5f5f63695f6c6173745f726567656e65726174657c693a313538393238393838363b),
(1, 'ssoa0in816lu7pbcdfs8fohai3odd37i', '103.121.72.82', 1589000006, 0x5f5f63695f6c6173745f726567656e65726174657c693a313538393030303030353b),
(1, 'ssu8555vithok1ckvomf0a7upsobs8gn', '103.16.35.164', 1589296776, 0x5f5f63695f6c6173745f726567656e65726174657c693a313538393239363737363b7265645f75726c7c733a33343a2268747470733a2f2f6465762e6d792e636f6e74726163746f72706c75732e6170702f223b),
(1, 'st288n5ub71a06arpl6g3a4h7rrpqto9', '203.192.225.238', 1590004379, 0x5f5f63695f6c6173745f726567656e65726174657c693a313539303030343337393b),
(1, 'st44e04q3ingsns3plhfvpstu2a13g4b', '203.192.225.84', 1589616676, 0x5f5f63695f6c6173745f726567656e65726174657c693a313538393631363637363b),
(1, 'st5et134hab5orc0kpcnrqbvnfdlimpc', '203.192.225.140', 1590171052, 0x5f5f63695f6c6173745f726567656e65726174657c693a313539303137313035323b),
(1, 'stajpa4pe63t586sbjslueg342eil1kj', '1.186.179.229', 1589831242, 0x5f5f63695f6c6173745f726567656e65726174657c693a313538393833313234323b4642524c485f73746174657c733a33323a223061383638373134386265366637666631663331633965393636353637356235223b73746166665f757365725f69647c733a313a2231223b73746166665f6c6f676765645f696e7c623a313b74656e616e745f69647c733a313a2231223b73657475702d6d656e752d6f70656e7c733a303a22223b7265645f75726c7c733a33343a2268747470733a2f2f6465762e6d792e636f6e74726163746f72706c75732e6170702f223b),
(1, 'stdmap3pa9g1p2bck0ohk5cjmenucd5n', '103.121.73.137', 1589615007, 0x5f5f63695f6c6173745f726567656e65726174657c693a313538393631353030373b),
(1, 'sthe0p7e7v281mtsbbneepooqoej1g6n', '203.192.225.140', 1590159081, 0x5f5f63695f6c6173745f726567656e65726174657c693a313539303135393038313b),
(1, 'sthh9r5tku38nl6r3ckt8babvsp2v4tj', '1.186.197.246', 1589388493, 0x5f5f63695f6c6173745f726567656e65726174657c693a313538393338383439333b),
(1, 'stih321mnk4v7qm3aijdghugkpi106jf', '203.192.225.140', 1590163698, 0x5f5f63695f6c6173745f726567656e65726174657c693a313539303136333639383b),
(1, 'sulvucusq4gpvva6sc93p5qtqvgt7te7', '1.186.197.151', 1589484911, 0x5f5f63695f6c6173745f726567656e65726174657c693a313538393438343931313b),
(1, 'sunnebalde187at267dcifg4foccrhnl', '1.186.197.246', 1589381819, 0x5f5f63695f6c6173745f726567656e65726174657c693a313538393338313831393b),
(1, 'svo8cgg1d1onvmd6agb84qe1gmiq8m1r', '1.186.197.246', 1589381709, 0x5f5f63695f6c6173745f726567656e65726174657c693a313538393338313730393b),
(1, 'svsre7ovri69kr05jseg8f01blogi2c5', '103.15.52.8', 1589962885, 0x5f5f63695f6c6173745f726567656e65726174657c693a313538393936323838353b4642524c485f73746174657c733a33323a226661366136663763313131386161623930626130633961623066633235333132223b73746166665f757365725f69647c733a313a2231223b73746166665f6c6f676765645f696e7c623a313b74656e616e745f69647c733a313a2231223b73657475702d6d656e752d6f70656e7c623a313b),
(1, 't09u816738he10hpd59n1obsj35bt1at', '203.192.225.226', 1589904406, 0x5f5f63695f6c6173745f726567656e65726174657c693a313538393930343430363b),
(1, 't0aiqdbj46tttdj0r20jofv69uk81t5v', '1.187.34.168', 1589390682, 0x5f5f63695f6c6173745f726567656e65726174657c693a313538393339303638323b),
(1, 't0p593kbsg5plauq1kojgkiijcmkiodu', '1.186.198.215', 1589544729, 0x5f5f63695f6c6173745f726567656e65726174657c693a313538393534343732393b),
(1, 't0vlls04rm2e9d10off5br3iblo1jua4', '1.186.197.246', 1589373569, 0x5f5f63695f6c6173745f726567656e65726174657c693a313538393337333536393b),
(1, 't110riofs0t6osopg40a45v52kmd2unl', '1.186.199.233', 1589461055, 0x5f5f63695f6c6173745f726567656e65726174657c693a313538393436313035353b),
(1, 't1bmpoci31kdrgtq86bgg32iihbhqgtt', '1.186.198.52', 1590140401, 0x5f5f63695f6c6173745f726567656e65726174657c693a313539303134303430313b),
(1, 't1i7qls021hslkhjlrcg31sa5v0lspid', '203.192.225.235', 1589552923, 0x5f5f63695f6c6173745f726567656e65726174657c693a313538393535323932333b),
(1, 't1rncfmgbe79bk107df1d4invge4d4ed', '1.186.197.219', 1589389541, 0x5f5f63695f6c6173745f726567656e65726174657c693a313538393338393534313b),
(1, 't2583ugg6cfipb0kgjplp0qug57ruvfv', '203.192.225.140', 1590168116, 0x5f5f63695f6c6173745f726567656e65726174657c693a313539303136383131363b),
(1, 't282c83hjame6475ji2qfdg59aggb5bs', '103.121.75.2', 1589364661, 0x5f5f63695f6c6173745f726567656e65726174657c693a313538393336343636313b),
(1, 't2d0g1mkacp7ai9djmbgte66529ks6th', '1.186.198.215', 1589544780, 0x5f5f63695f6c6173745f726567656e65726174657c693a313538393534343738303b),
(1, 't2d7alvi0f5rdock55v8ceatrft3ijev', '203.192.225.238', 1589999802, 0x5f5f63695f6c6173745f726567656e65726174657c693a313538393939393830323b),
(1, 't2ga2ovr2kshvn56f4cknrps3d24lvaj', '120.88.191.172', 1588780104, 0x5f5f63695f6c6173745f726567656e65726174657c693a313538383738303130343b),
(1, 't2ikk7diulcvsv5vfns1bnsbp41luaf8', '203.192.225.140', 1590156624, 0x5f5f63695f6c6173745f726567656e65726174657c693a313539303135363632343b),
(1, 't2ivoppt2p50aejfhebhfr22g2vcqfbu', '103.245.106.186', 1588864862, 0x5f5f63695f6c6173745f726567656e65726174657c693a313538383836343836323b),
(1, 't2n8pb2o2je0h3q69kog15f05cn7h2ek', '203.192.225.140', 1590156621, 0x5f5f63695f6c6173745f726567656e65726174657c693a313539303135363632313b),
(1, 't2u9672309hvchhd2ask8seibuadbj4h', '103.245.106.186', 1588836820, 0x5f5f63695f6c6173745f726567656e65726174657c693a313538383833363832303b),
(1, 't36bl9b0fopr0m8qi6ehcmqlcrj2mde1', '42.106.216.59', 1588875364, 0x5f5f63695f6c6173745f726567656e65726174657c693a313538383837353336343b),
(1, 't3rlr3imjkcn4jmf2i581985k321rvc0', '203.192.249.254', 1590392631, 0x5f5f63695f6c6173745f726567656e65726174657c693a313539303339323633313b),
(1, 't4fso6qlapf153nso6avq2msn8ld5hlk', '103.245.106.136', 1589211361, 0x5f5f63695f6c6173745f726567656e65726174657c693a313538393231313336313b),
(1, 't4g580203fj16t93lsu1gqc2ar24s91s', '1.186.199.233', 1589460928, 0x5f5f63695f6c6173745f726567656e65726174657c693a313538393436303932383b),
(1, 't4h5141sa5jph2a44jj1sqld8kuoccur', '103.121.73.137', 1589469642, 0x5f5f63695f6c6173745f726567656e65726174657c693a313538393436393634323b),
(1, 't54pn2tgsqfrc8p6fah19q8ihr2ts9cq', '1.186.197.246', 1589388510, 0x5f5f63695f6c6173745f726567656e65726174657c693a313538393338383531303b),
(1, 't58ft1s1ndpnabjnb7rtd0g9fsisbb9d', '1.186.199.233', 1589465292, 0x5f5f63695f6c6173745f726567656e65726174657c693a313538393436353239323b),
(1, 't5n23p6p2rmi40v6becs4fqmfa85k9jj', '203.192.225.128', 1588865052, 0x5f5f63695f6c6173745f726567656e65726174657c693a313538383836353035323b),
(1, 't5qoi6to8s3pqpv9h220vo4b6ht0e3qb', '150.107.90.113', 1589382223, 0x5f5f63695f6c6173745f726567656e65726174657c693a313538393338323139373b),
(1, 't5trigavutdmqjh8lgo0de78fvto2g95', '203.192.225.64', 1589813196, 0x5f5f63695f6c6173745f726567656e65726174657c693a313538393831333139363b),
(1, 't5uidd8e0emk4d428mcqonjc81cuagk6', '103.121.72.250', 1589442859, 0x5f5f63695f6c6173745f726567656e65726174657c693a313538393434323835393b),
(1, 't63a6kdt7k1u7a26666g9o0955a64tsn', '1.186.199.246', 1589551338, 0x5f5f63695f6c6173745f726567656e65726174657c693a313538393535313333383b),
(1, 't6cqhndilfv7qlglbtl35ijo79k9ka7e', '203.192.225.235', 1589552895, 0x5f5f63695f6c6173745f726567656e65726174657c693a313538393535323839353b),
(1, 't6g4i6pj5ahi8e71r5j1ums0oud9nftt', '1.186.179.27', 1589442640, 0x5f5f63695f6c6173745f726567656e65726174657c693a313538393434323634303b),
(1, 't6g6kdu6fgi84ff80kvnm68n7b7t9b8i', '1.186.174.228', 1589363527, 0x5f5f63695f6c6173745f726567656e65726174657c693a313538393336333532373b73746166665f757365725f69647c733a313a2231223b73746166665f6c6f676765645f696e7c623a313b74656e616e745f69647c733a313a2231223b73657475702d6d656e752d6f70656e7c623a313b),
(1, 't6ihs2gb6r1u73ce205tffsk79fkslao', '203.192.225.238', 1589983908, 0x5f5f63695f6c6173745f726567656e65726174657c693a313538393938333930383b),
(1, 't6ka6eqdu8norvnofff975gj62ff6l4m', '203.192.225.140', 1590156416, 0x5f5f63695f6c6173745f726567656e65726174657c693a313539303135363431363b),
(1, 't6m2gug1i7djmoh5omg7achp70usrutb', '1.38.148.123', 1590236920, 0x5f5f63695f6c6173745f726567656e65726174657c693a313539303233363932303b4642524c485f73746174657c733a33323a223137373933316166393738636163323339323661653862613161363263383561223b73746166665f757365725f69647c733a313a2231223b73746166665f6c6f676765645f696e7c623a313b74656e616e745f69647c733a313a2231223b73657475702d6d656e752d6f70656e7c733a303a22223b),
(1, 't6mh3g18e552hr38spl79iiievd7162i', '1.186.198.215', 1589543448, 0x5f5f63695f6c6173745f726567656e65726174657c693a313538393534333434383b),
(1, 't6nqctj7k0dn789bj4bm8opvrh0cda39', '103.16.35.160', 1589633071, 0x5f5f63695f6c6173745f726567656e65726174657c693a313538393633333037313b4642524c485f73746174657c733a33323a226565356362343333656333316661336364383930653732336461633037323534223b73746166665f757365725f69647c733a313a2231223b73746166665f6c6f676765645f696e7c623a313b74656e616e745f69647c733a313a2231223b73657475702d6d656e752d6f70656e7c623a313b),
(1, 't6oofl3gps4598cjgmvuuclce48b35tg', '1.186.199.233', 1589456023, 0x5f5f63695f6c6173745f726567656e65726174657c693a313538393435363032333b),
(1, 't6rlrme0bi1h2dsesjo6ngtrc540o3c9', '203.192.225.84', 1589627893, 0x5f5f63695f6c6173745f726567656e65726174657c693a313538393632373839333b),
(1, 't6s3fqg01qgvd3td0q5qoofeij0oli6c', '43.243.215.125', 1589508344, 0x5f5f63695f6c6173745f726567656e65726174657c693a313538393530383334343b),
(1, 't72lgdbu0uh3d965o00594nsmoq9lrst', '103.87.31.178', 1589629534, 0x5f5f63695f6c6173745f726567656e65726174657c693a313538393632393533343b),
(1, 't75ef4rfl6pfa5danfvd6t4vb55h2jbv', '203.192.225.140', 1590158639, 0x5f5f63695f6c6173745f726567656e65726174657c693a313539303135383633393b),
(1, 't7gk4ji09t1fb81c4sff623i282dkqd9', '106.79.208.75', 1590087004, 0x5f5f63695f6c6173745f726567656e65726174657c693a313539303038373030343b),
(1, 't7hrpfghg6crc6ke6r9ufv1t05erl4ls', '1.186.196.82', 1589636292, 0x5f5f63695f6c6173745f726567656e65726174657c693a313538393633363239323b),
(1, 't7porvedlpn6qqr53s85h8aft6133aaa', '1.187.34.168', 1589390582, 0x5f5f63695f6c6173745f726567656e65726174657c693a313538393339303538323b),
(1, 't7spno6ffagg0ghqfn2bvc9gq1car4hj', '1.186.197.151', 1589484839, 0x5f5f63695f6c6173745f726567656e65726174657c693a313538393438343833393b),
(1, 't8bkgunbuupv5kjiuh51enubvdegse02', '103.121.73.137', 1589463538, 0x5f5f63695f6c6173745f726567656e65726174657c693a313538393436333533383b),
(1, 't8esvf7qcb0ipe2i6cbaes3osskpftj4', '203.192.225.238', 1589997266, 0x5f5f63695f6c6173745f726567656e65726174657c693a313538393939373236363b),
(1, 't8ge5bf5mpqk3nqbks6dv3okh2fqtpfd', '1.186.197.246', 1589385482, 0x5f5f63695f6c6173745f726567656e65726174657c693a313538393338353438323b),
(1, 't8i8c05n1476bkpl0458gtjd6i2harna', '1.186.197.246', 1589388667, 0x5f5f63695f6c6173745f726567656e65726174657c693a313538393338383636363b),
(1, 't8irupeojfghu9fedfjuam7k7sddkmgh', '203.192.225.238', 1589997276, 0x5f5f63695f6c6173745f726567656e65726174657c693a313538393939373237363b),
(1, 't8ki3vv947ekkmsecs492s2qaaeglqga', '3.249.68.228', 1588955498, 0x5f5f63695f6c6173745f726567656e65726174657c693a313538383935353439383b7265645f75726c7c733a33343a2268747470733a2f2f6465762e6d792e636f6e74726163746f72706c75732e6170702f223b),
(1, 't8la7qnvjg33gmras039nl5ave7htt5g', '103.121.72.122', 1590222941, 0x5f5f63695f6c6173745f726567656e65726174657c693a313539303232323934313b),
(1, 't8nl9uae1ciph5rmeamsf17n3bo4jc8o', '1.186.197.246', 1589381878, 0x5f5f63695f6c6173745f726567656e65726174657c693a313538393338313837383b),
(1, 't9ah6b24fr1a60efev0na7cr52g2f6r2', '1.186.174.228', 1589365333, 0x5f5f63695f6c6173745f726567656e65726174657c693a313538393336353333333b73746166665f757365725f69647c733a313a2231223b73746166665f6c6f676765645f696e7c623a313b74656e616e745f69647c733a313a2231223b73657475702d6d656e752d6f70656e7c733a303a22223b),
(1, 't9bidhpk9ab09k34a46d46f4ejl50q2r', '203.192.225.140', 1590171961, 0x5f5f63695f6c6173745f726567656e65726174657c693a313539303137313936313b),
(1, 't9pjmqlb1g5br9almg1vemep77i9qj0u', '203.192.225.238', 1589982096, 0x5f5f63695f6c6173745f726567656e65726174657c693a313538393938323039363b),
(1, 't9ue07ginclth2emi223kfb086lreptv', '1.186.196.235', 1589205965, 0x5f5f63695f6c6173745f726567656e65726174657c693a313538393230353936353b),
(1, 'tag6j2jf7ef1ql5v3ogrh7jbo71v5ga9', '103.121.72.205', 1589954814, 0x5f5f63695f6c6173745f726567656e65726174657c693a313538393935343831343b69735f6d6f62696c657c623a313b),
(1, 'taj75uvfd3u9t7ld6hat9g30oh8pv7om', '1.186.199.171', 1589356528, 0x5f5f63695f6c6173745f726567656e65726174657c693a313538393335363532383b),
(1, 'talogs06csohv9ni7kd51i1n15k6m30n', '1.186.170.155', 1590237538, 0x5f5f63695f6c6173745f726567656e65726174657c693a313539303233373533383b4642524c485f73746174657c733a33323a223466303230376363633738386237333130666139336339633039623165303838223b73746166665f757365725f69647c733a313a2231223b73746166665f6c6f676765645f696e7c623a313b74656e616e745f69647c733a313a2231223b73657475702d6d656e752d6f70656e7c733a303a22223b),
(1, 'tanbv88rklo119rhelmi4jha82qkrdho', '1.186.197.151', 1589525910, 0x5f5f63695f6c6173745f726567656e65726174657c693a313538393532353931303b),
(1, 'taotrpbonlc969lklumnein1eegi2j18', '120.88.191.112', 1589435386, 0x5f5f63695f6c6173745f726567656e65726174657c693a313538393433353338363b7265645f75726c7c733a37343a2268747470733a2f2f6465762e6d792e636f6e74726163746f72706c75732e6170702f61646d696e2f636c69656e74732f636c69656e742f34303f67726f75703d70726f70657274696573223b),
(1, 'tb80ops21t38vdnou0mdvpoae9g3c6k3', '203.192.225.238', 1590004921, 0x5f5f63695f6c6173745f726567656e65726174657c693a313539303030343932313b),
(1, 'tc3c9am6g9q15pjuqd51anjl88nk48uo', '42.106.253.11', 1589457596, 0x5f5f63695f6c6173745f726567656e65726174657c693a313538393435373539363b),
(1, 'tc81ihsem23imif4iv0v68p0dgm8mrrh', '203.192.225.140', 1590156594, 0x5f5f63695f6c6173745f726567656e65726174657c693a313539303135363539343b),
(1, 'tc8d894344i2nc0b6ekv46dmpud2vvp1', '203.192.225.140', 1590161816, 0x5f5f63695f6c6173745f726567656e65726174657c693a313539303136313831363b),
(1, 'tc8l7qtj2n18pe20hutjq4i04t596kdn', '103.121.73.137', 1589560191, 0x5f5f63695f6c6173745f726567656e65726174657c693a313538393536303139313b),
(1, 'tcf55bmvdcj50t427lhref473jpp9d87', '1.186.198.115', 1589873759, 0x5f5f63695f6c6173745f726567656e65726174657c693a313538393837333735393b),
(1, 'tcg445t5t4hr0471pq0o25p6e3ph09cc', '203.192.225.140', 1590162176, 0x5f5f63695f6c6173745f726567656e65726174657c693a313539303136323137363b),
(1, 'tcgo5vccj3eqa2a5qasm6bct0gjrerbc', '1.186.179.27', 1589441940, 0x5f5f63695f6c6173745f726567656e65726174657c693a313538393434313934303b),
(1, 'tcm6eh618vmqpmks0is0bqhmp187p96j', '103.121.75.2', 1589213542, 0x5f5f63695f6c6173745f726567656e65726174657c693a313538393231333534323b),
(1, 'tcqu46bglseammoucl53166tddads4ml', '103.121.72.82', 1588956106, 0x5f5f63695f6c6173745f726567656e65726174657c693a313538383935363130363b),
(1, 'tcunpu67b94telo2f4u746uv7s2lcicf', '1.186.197.246', 1589373531, 0x5f5f63695f6c6173745f726567656e65726174657c693a313538393337333533313b),
(1, 'td5g6qignv2945j6e67i23tgogj2oqed', '203.192.225.238', 1590054081, 0x5f5f63695f6c6173745f726567656e65726174657c693a313539303035343038313b),
(1, 'tdh4665octvf3th4f9ocqk58j2vpleog', '64.233.172.225', 1589739806, 0x5f5f63695f6c6173745f726567656e65726174657c693a313538393733393830363b4642524c485f73746174657c733a33323a226266636234323630616536613737636363396639653931366561353233613437223b),
(1, 'tdoccp0is9ufq246o9111hu40s4189kv', '1.186.199.246', 1589551354, 0x5f5f63695f6c6173745f726567656e65726174657c693a313538393535313335343b),
(1, 'tdqtjn8h15qhplpfi6oo54eshh6obu4t', '150.107.90.113', 1589352958, 0x5f5f63695f6c6173745f726567656e65726174657c693a313538393335323935383b73746166665f757365725f69647c733a313a2231223b73746166665f6c6f676765645f696e7c623a313b74656e616e745f69647c733a313a2231223b73657475702d6d656e752d6f70656e7c733a303a22223b),
(1, 'tdush6659avpsv51jj7t5pi5isso37v4', '1.186.197.246', 1589380532, 0x5f5f63695f6c6173745f726567656e65726174657c693a313538393338303533323b),
(1, 'te31rsdbojt4idcfce7ar545p8jr9idh', '1.186.197.246', 1589386156, 0x5f5f63695f6c6173745f726567656e65726174657c693a313538393338363135353b),
(1, 'tec56kv4s5i0eobfm96f0kufa95e68b9', '1.186.198.215', 1589543049, 0x5f5f63695f6c6173745f726567656e65726174657c693a313538393534333034393b),
(1, 'teta4v8da1edcbr6evjn7nimnpm276et', '103.121.72.250', 1589407177, 0x5f5f63695f6c6173745f726567656e65726174657c693a313538393430373137373b),
(1, 'tfa9tu40bc6263ff06j7nhornqju8hu3', '103.121.73.137', 1589502718, 0x5f5f63695f6c6173745f726567656e65726174657c693a313538393530323731383b),
(1, 'tfaft1cc3em9vvh30hjuhhpc40hmbakv', '1.186.199.233', 1589456445, 0x5f5f63695f6c6173745f726567656e65726174657c693a313538393435363434353b),
(1, 'tfgsoeo9elfa9il2hvcne2acujg15q9r', '203.192.225.140', 1590156729, 0x5f5f63695f6c6173745f726567656e65726174657c693a313539303135363732393b),
(1, 'tfo5prjqe4d00o9k2m16v7hjh6qo9fvg', '103.15.52.8', 1589961981, 0x5f5f63695f6c6173745f726567656e65726174657c693a313538393936313938313b4642524c485f73746174657c733a33323a226661366136663763313131386161623930626130633961623066633235333132223b73746166665f757365725f69647c733a313a2231223b73746166665f6c6f676765645f696e7c623a313b74656e616e745f69647c733a313a2231223b73657475702d6d656e752d6f70656e7c623a313b),
(1, 'tfr98886k1bec5p6jda5t4ps924pq6n2', '1.186.198.52', 1590067912, 0x5f5f63695f6c6173745f726567656e65726174657c693a313539303036373931323b),
(1, 'tg2qimksngpgojraau0ego5k5a6jvo50', '103.121.75.7', 1589131978, 0x5f5f63695f6c6173745f726567656e65726174657c693a313538393133313937383b),
(1, 'tg4nfdiph3nbhf5r0r91rv7aifmdlck7', '103.121.72.82', 1588970892, 0x5f5f63695f6c6173745f726567656e65726174657c693a313538383937303839323b),
(1, 'tgaokqvnkk0dcmqrnvf357qn2926v7r3', '1.186.198.36', 1589279781, 0x5f5f63695f6c6173745f726567656e65726174657c693a313538393237393738313b),
(1, 'tgb0u2ciob4uvsdtmd5bkdmohnovg69r', '203.192.225.140', 1590168264, 0x5f5f63695f6c6173745f726567656e65726174657c693a313539303136383236343b),
(1, 'tgifcvaevvhbs9trhihkit25mk97dr5s', '1.186.198.115', 1589868731, 0x5f5f63695f6c6173745f726567656e65726174657c693a313538393836383733313b),
(1, 'th3uu3jj7n9mc5803rd25otolbvda1ep', '1.186.198.52', 1590073084, 0x5f5f63695f6c6173745f726567656e65726174657c693a313539303037333038343b),
(1, 'ti84l9f8at8lv70dud11vrup9s4l8fuk', '1.186.198.52', 1590070330, 0x5f5f63695f6c6173745f726567656e65726174657c693a313539303037303332393b),
(1, 'tieb7rom3lhtcbio6h94ghddl90vh936', '103.121.75.2', 1589272210, 0x5f5f63695f6c6173745f726567656e65726174657c693a313538393237323231303b),
(1, 'titbnq0ra96vsmdvhuisfuofqgjdvdl9', '203.192.225.64', 1589807520, 0x5f5f63695f6c6173745f726567656e65726174657c693a313538393830373532303b),
(1, 'tjtn2ob3gakv1e8fn0q3pg92r97n1uum', '3.250.198.253', 1590326474, 0x5f5f63695f6c6173745f726567656e65726174657c693a313539303332363437343b7265645f75726c7c733a33343a2268747470733a2f2f6465762e6d792e636f6e74726163746f72706c75732e6170702f223b),
(1, 'tk84agupfnl2s5binoj10hmb3uqp6ccs', '103.121.73.137', 1589458627, 0x5f5f63695f6c6173745f726567656e65726174657c693a313538393435383632373b),
(1, 'tkt3l5badp5aqglfjdr017cgrnfadnn7', '203.192.225.238', 1590004827, 0x5f5f63695f6c6173745f726567656e65726174657c693a313539303030343832373b),
(1, 'tl23mjej240ibb53chjpvpivaiksr7f5', '203.192.225.140', 1590156746, 0x5f5f63695f6c6173745f726567656e65726174657c693a313539303135363734363b),
(1, 'tl6rahuiqvfv3e7ivq0jcib30pkq72o6', '103.121.72.82', 1588999151, 0x5f5f63695f6c6173745f726567656e65726174657c693a313538383939393135313b),
(1, 'tl8cu1th8ou4mtecv33bai4uvlg7ukp1', '103.121.75.69', 1588787003, 0x5f5f63695f6c6173745f726567656e65726174657c693a313538383738373030333b),
(1, 'tlblhbhrb65j4g1sdoddt0ffidpg0g2m', '203.192.225.140', 1590144364, 0x5f5f63695f6c6173745f726567656e65726174657c693a313539303134343336333b),
(1, 'tlirrsdmb4ks2nn3fv2cqnk2agn684gk', '1.186.197.151', 1589525774, 0x5f5f63695f6c6173745f726567656e65726174657c693a313538393532353737343b),
(1, 'tln4p19nunlnmsq11pjppns4440r8sgt', '203.192.225.140', 1590159224, 0x5f5f63695f6c6173745f726567656e65726174657c693a313539303135393232343b),
(1, 'tlpene85dscq1962i362folcpsckgq7r', '120.88.191.183', 1589794397, 0x5f5f63695f6c6173745f726567656e65726174657c693a313538393739343339363b7265645f75726c7c733a33343a2268747470733a2f2f6465762e6d792e636f6e74726163746f72706c75732e6170702f223b),
(1, 'tm3d4sv7cblvgfks0mcacda44uqahlg3', '1.186.180.100', 1590392207, 0x5f5f63695f6c6173745f726567656e65726174657c693a313539303339323230373b4642524c485f73746174657c733a33323a226233376433323133633363336232623039313263366361383065376339333961223b73746166665f757365725f69647c733a313a2231223b73746166665f6c6f676765645f696e7c623a313b74656e616e745f69647c733a313a2231223b73657475702d6d656e752d6f70656e7c623a313b),
(1, 'tm7m94vddga74km22r978p6jk8ntoled', '106.193.224.254', 1589980062, 0x5f5f63695f6c6173745f726567656e65726174657c693a313538393938303036323b),
(1, 'tm9quonsge3397562jc7erturjqhsogk', '1.186.180.100', 1590440897, 0x5f5f63695f6c6173745f726567656e65726174657c693a313539303434303831393b4642524c485f73746174657c733a33323a223866363737643966613238326130626138333836333439653664623639383331223b73746166665f757365725f69647c733a313a2231223b73746166665f6c6f676765645f696e7c623a313b74656e616e745f69647c733a313a2231223b73657475702d6d656e752d6f70656e7c733a303a22223b),
(1, 'tma3jrnq6kojhav1svecefcc8k7ue3uu', '1.186.196.82', 1589636724, 0x5f5f63695f6c6173745f726567656e65726174657c693a313538393633363732343b),
(1, 'tmnm9867g6gtb5gusd99tgp38gn4h8pa', '103.121.75.2', 1589205531, 0x5f5f63695f6c6173745f726567656e65726174657c693a313538393230353533313b),
(1, 'tmssiqos13nqbkgctc14igvfnlfq4toh', '203.192.225.64', 1589811701, 0x5f5f63695f6c6173745f726567656e65726174657c693a313538393831313730313b),
(1, 'tnfc3esnvqhn86v1updlqfipahecbp8k', '203.192.225.64', 1589817375, 0x5f5f63695f6c6173745f726567656e65726174657c693a313538393831373337353b),
(1, 'tnfm061jaijmbqral5p7ljv25q6huoc3', '103.121.72.122', 1590128117, 0x5f5f63695f6c6173745f726567656e65726174657c693a313539303132383131373b),
(1, 'tnfmu3vfm4n09k4k41ktdgrk9bpboak0', '203.192.225.140', 1590162671, 0x5f5f63695f6c6173745f726567656e65726174657c693a313539303136323637313b),
(1, 'to3q4ogomlpnpa0uvmpev3htt740hobp', '203.192.225.140', 1590170978, 0x5f5f63695f6c6173745f726567656e65726174657c693a313539303137303937383b),
(1, 'toflscs17352mdslmplaaj77ll9v355g', '1.186.199.233', 1589460846, 0x5f5f63695f6c6173745f726567656e65726174657c693a313538393436303834363b),
(1, 'tol3h0b6uabdvjfbvg9hn3t2tu3g309p', '1.186.197.246', 1589372955, 0x5f5f63695f6c6173745f726567656e65726174657c693a313538393337323935353b),
(1, 'too74i4m5t5o9qac3hv47a03jnsbid0f', '1.186.197.2', 1589539187, 0x5f5f63695f6c6173745f726567656e65726174657c693a313538393533393138373b),
(1, 'tooc4jcu05n9uhl0p7okte6l4gue3jvg', '103.121.72.205', 1590050523, 0x5f5f63695f6c6173745f726567656e65726174657c693a313539303035303532333b),
(1, 'touv5g8ca21tgtiq4smb01kdteupko6f', '203.192.225.238', 1590002707, 0x5f5f63695f6c6173745f726567656e65726174657c693a313539303030323730373b),
(1, 'tp2lfkav12cp9q8ud34bt41a68vplegf', '1.186.198.52', 1590073235, 0x5f5f63695f6c6173745f726567656e65726174657c693a313539303037333233353b),
(1, 'tp6qtf4m4sr0in76j12odjs3drq8hr1u', '203.192.225.140', 1590161815, 0x5f5f63695f6c6173745f726567656e65726174657c693a313539303136313831353b),
(1, 'tpl7bp9geg6lkm3oldnls5askkndrl7p', '103.121.72.122', 1590221319, 0x5f5f63695f6c6173745f726567656e65726174657c693a313539303232313331393b),
(1, 'tpni4uvk62evps5cd670eqnocnv2931q', '203.192.225.226', 1589903758, 0x5f5f63695f6c6173745f726567656e65726174657c693a313538393930333735383b),
(1, 'tq75s0pi6sk3d4h0eu5s4bh0roco6bg2', '1.186.199.233', 1589456447, 0x5f5f63695f6c6173745f726567656e65726174657c693a313538393435363434373b),
(1, 'tqd8gpk3idgk6m9ab0ofv4f6etkqtil3', '1.186.197.20', 1589548088, 0x5f5f63695f6c6173745f726567656e65726174657c693a313538393534383038383b),
(1, 'tqds1ts52k5hcunfr3p66mg9tck9b9d8', '203.192.225.238', 1590004247, 0x5f5f63695f6c6173745f726567656e65726174657c693a313539303030343234373b),
(1, 'tqruapid1o4o8o5rjitpp43j0gdruj42', '1.186.198.115', 1589873363, 0x5f5f63695f6c6173745f726567656e65726174657c693a313538393837333336333b),
(1, 'tqsrlrh62jndplrirf08efnuabffj6r6', '49.33.163.3', 1589446594, 0x5f5f63695f6c6173745f726567656e65726174657c693a313538393434363539343b),
(1, 'tr344agjjnv1bdaflekijqiffu3hku0o', '1.186.198.215', 1589543441, 0x5f5f63695f6c6173745f726567656e65726174657c693a313538393534333434313b),
(1, 'tr4g7angj6bu8botrf7egoarnjp151gk', '1.186.198.36', 1589293053, 0x5f5f63695f6c6173745f726567656e65726174657c693a313538393239333035333b),
(1, 'trcr8encomu8nqilhl9pkp0pnn7nchir', '103.121.72.122', 1590092202, 0x5f5f63695f6c6173745f726567656e65726174657c693a313539303039323134373b),
(1, 'trlb236earl6vc3spmcvugqq88ks6ihi', '1.186.197.20', 1589547978, 0x5f5f63695f6c6173745f726567656e65726174657c693a313538393534373937383b),
(1, 'trs2isbqum106cq8nefu0dm5ssrot7hj', '1.186.198.36', 1589263648, 0x5f5f63695f6c6173745f726567656e65726174657c693a313538393236333634383b),
(1, 'tt0c8cgheb0nnv6vjfd6o28f1rs85u6n', '203.192.225.140', 1590163535, 0x5f5f63695f6c6173745f726567656e65726174657c693a313539303136333533353b),
(1, 'tt3k63tk0h4ipjocl1620gh1mcjmcp95', '103.121.72.205', 1590058835, 0x5f5f63695f6c6173745f726567656e65726174657c693a313539303035383833353b),
(1, 'tt6b2hmor3q8i9jbfgfv83v7jgcsh34s', '1.186.180.100', 1590440819, 0x5f5f63695f6c6173745f726567656e65726174657c693a313539303434303831393b4642524c485f73746174657c733a33323a223866363737643966613238326130626138333836333439653664623639383331223b7265645f75726c7c733a35313a2268747470733a2f2f6465762e6d792e636f6e74726163746f72706c75732e6170702f6170706c69636174696f6e5f61646d696e223b),
(1, 'tt71pak22psms0976or0n9tdsb38f72n', '203.192.225.140', 1590156396, 0x5f5f63695f6c6173745f726567656e65726174657c693a313539303135363339363b),
(1, 'ttb4g7i3224i9vsj35l19ou9ul6reh6n', '103.121.72.250', 1589394323, 0x5f5f63695f6c6173745f726567656e65726174657c693a313538393339343332333b),
(1, 'tte54o67akjelcfv6l4s2lqbl84u4hls', '1.186.199.246', 1589551179, 0x5f5f63695f6c6173745f726567656e65726174657c693a313538393535313137393b),
(1, 'ttee3kgpmrb68n5js6jo40qg5gn38gmn', '1.186.196.82', 1589636729, 0x5f5f63695f6c6173745f726567656e65726174657c693a313538393633363732393b),
(1, 'tthuesr76stvv465h5cttpkmeag23gmp', '1.186.197.151', 1589484680, 0x5f5f63695f6c6173745f726567656e65726174657c693a313538393438343638303b),
(1, 'ttjai4q1tcbfomcd10d7qklv3psf3el8', '203.192.225.238', 1589984674, 0x5f5f63695f6c6173745f726567656e65726174657c693a313538393938343637343b),
(1, 'ttqe90gbvrgr24rj68pra1pqmaetoj5q', '1.186.197.246', 1589383933, 0x5f5f63695f6c6173745f726567656e65726174657c693a313538393338333933333b),
(1, 'tu06oo3re5u0tef7hio20sibbd70vg23', '1.38.236.128', 1589401083, 0x5f5f63695f6c6173745f726567656e65726174657c693a313538393430313038333b69735f6d6f62696c657c623a313b73746166665f757365725f69647c733a313a2231223b73746166665f6c6f676765645f696e7c623a313b74656e616e745f69647c733a313a2231223b73657475702d6d656e752d6f70656e7c733a303a22223b),
(1, 'tu09qmfigs1mnthg1gspd4hkh38iqpdq', '1.186.171.104', 1589313115, 0x5f5f63695f6c6173745f726567656e65726174657c693a313538393331333131353b73746166665f757365725f69647c733a313a2231223b73746166665f6c6f676765645f696e7c623a313b74656e616e745f69647c733a313a2231223b73657475702d6d656e752d6f70656e7c623a313b),
(1, 'tu4eff5khv0m4v65f1597lcsr38pqf78', '203.192.225.140', 1590171979, 0x5f5f63695f6c6173745f726567656e65726174657c693a313539303137313937393b),
(1, 'tu4i7aja72on5emaimvf3iau61rbasap', '103.121.73.127', 1589664905, 0x5f5f63695f6c6173745f726567656e65726174657c693a313538393636343930353b),
(1, 'tucv1fr1brp3ohb06am6e6laioq1509o', '1.38.150.110', 1589555647, 0x5f5f63695f6c6173745f726567656e65726174657c693a313538393535353634373b),
(1, 'tueos8ba87g9bbq5lobgfrm9293bhd8k', '203.192.225.140', 1590156630, 0x5f5f63695f6c6173745f726567656e65726174657c693a313539303135363633303b),
(1, 'tvud4nug5vv6vrip8tmptas191nvfi7d', '1.186.196.235', 1589202381, 0x5f5f63695f6c6173745f726567656e65726174657c693a313538393230323338313b),
(1, 'tvvue13olkuv36n4q62udik3hfhuri0g', '42.106.192.129', 1588851867, 0x5f5f63695f6c6173745f726567656e65726174657c693a313538383835313836373b),
(1, 'u03035cpsu81hs1psitpu17qatkmhs6k', '103.121.75.39', 1589365921, 0x5f5f63695f6c6173745f726567656e65726174657c693a313538393336353932313b),
(1, 'u03a3gkbo96juiv91msgupap3vgofeu6', '1.186.197.151', 1589483277, 0x5f5f63695f6c6173745f726567656e65726174657c693a313538393438333237373b),
(1, 'u066ndq3astdbqr8msbh665k4c3onhug', '1.186.198.36', 1589283314, 0x5f5f63695f6c6173745f726567656e65726174657c693a313538393238333331343b),
(1, 'u08lqef58gd4bbf2b8r7b3qsu7845ehv', '1.186.197.246', 1589380083, 0x5f5f63695f6c6173745f726567656e65726174657c693a313538393338303038333b),
(1, 'u09pmv29e558mbqs6c0h2gmlqe4trkq0', '103.16.35.160', 1589612951, 0x5f5f63695f6c6173745f726567656e65726174657c693a313538393631323935313b4642524c485f73746174657c733a33323a226535353463386631663335333130353161346237626135323062633963303764223b73746166665f757365725f69647c733a323a223337223b73746166665f6c6f676765645f696e7c623a313b74656e616e745f69647c733a323a223339223b73657475702d6d656e752d6f70656e7c733a303a22223b7265645f75726c7c733a33343a2268747470733a2f2f6465762e6d792e636f6e74726163746f72706c75732e6170702f223b),
(1, 'u0qifudanh5esg9nvv3h3pvrmr9e1l0v', '103.121.72.205', 1589981344, 0x5f5f63695f6c6173745f726567656e65726174657c693a313538393938313334343b),
(1, 'u0t662fhms5sl8epf7l0b7tkh4mh0f3e', '203.192.225.140', 1590162149, 0x5f5f63695f6c6173745f726567656e65726174657c693a313539303136323134393b),
(1, 'u0v7p8pcv22icqf7ul3bid1sso540p4u', '1.186.196.235', 1589202272, 0x5f5f63695f6c6173745f726567656e65726174657c693a313538393230323237323b),
(1, 'u1jpih2la7rkqj9b3bqbumf55hdb807f', '103.121.75.137', 1589735559, 0x5f5f63695f6c6173745f726567656e65726174657c693a313538393733353535393b),
(1, 'u1n932r5hgg859is6okofh6a0rup2370', '1.186.199.233', 1589458126, 0x5f5f63695f6c6173745f726567656e65726174657c693a313538393435383132363b),
(1, 'u1soka5bt1lrv08qv1hm1rd20ofe49h6', '1.186.174.197', 1589613117, 0x5f5f63695f6c6173745f726567656e65726174657c693a313538393631333131373b),
(1, 'u27ljo308ej78vnnv7mnh5jqvb5l89s7', '103.16.35.160', 1589645284, 0x5f5f63695f6c6173745f726567656e65726174657c693a313538393634353238343b),
(1, 'u28c229fbv2c4l950l6q617cb1udettc', '1.186.199.233', 1589460882, 0x5f5f63695f6c6173745f726567656e65726174657c693a313538393436303838323b),
(1, 'u28ript634us54a8uj7q34i9lpvo19ci', '103.121.72.205', 1589925119, 0x5f5f63695f6c6173745f726567656e65726174657c693a313538393932353131393b),
(1, 'u297ulm0ifi98n9tu93165ruv6ii8qkm', '203.192.225.140', 1590158959, 0x5f5f63695f6c6173745f726567656e65726174657c693a313539303135383935393b),
(1, 'u2cc3r5ndprqnv70hm7sr4ah1k8ev5mb', '1.186.197.151', 1589525741, 0x5f5f63695f6c6173745f726567656e65726174657c693a313538393532353734313b),
(1, 'u2e4u572fli4ehcfpi6gbkpa0gv1gtd4', '103.121.72.250', 1589409782, 0x5f5f63695f6c6173745f726567656e65726174657c693a313538393430393738323b),
(1, 'u2oge1e7820go2f3i4c6ji242dbjfdj4', '203.192.225.238', 1590004659, 0x5f5f63695f6c6173745f726567656e65726174657c693a313539303030343635393b),
(1, 'u2ts1ms9bptqp3ripglg0ulsu9fh9u6h', '203.192.225.64', 1589807561, 0x5f5f63695f6c6173745f726567656e65726174657c693a313538393830373536313b),
(1, 'u36nadqdr8bn2t80dh5im655ro2u3e47', '1.186.198.115', 1589906098, 0x5f5f63695f6c6173745f726567656e65726174657c693a313538393930363039383b),
(1, 'u3eerbarhv0hmpmk9i9kploqhunaivc4', '203.192.225.238', 1589983901, 0x5f5f63695f6c6173745f726567656e65726174657c693a313538393938333930313b),
(1, 'u3netdq7nt4nr7g6fa9lckmg20duot9q', '103.121.75.2', 1589355555, 0x5f5f63695f6c6173745f726567656e65726174657c693a313538393335353535353b),
(1, 'u3sq96l27sm88l3ojjm6dk8auvkko7l1', '1.186.197.42', 1589467169, 0x5f5f63695f6c6173745f726567656e65726174657c693a313538393436373136393b);
INSERT INTO `tblsessions` (`tenant_id`, `id`, `ip_address`, `timestamp`, `data`) VALUES
(1, 'u40c6mqbtrti8voujddphlhdu0snpudc', '203.192.225.84', 1589616249, 0x5f5f63695f6c6173745f726567656e65726174657c693a313538393631363234393b),
(1, 'u43ojp286r37s2adfknq3q16vofh5qg7', '203.192.225.238', 1589999145, 0x5f5f63695f6c6173745f726567656e65726174657c693a313538393939393134353b),
(1, 'u45jjhoa0qjaohor0o04f2tocv0cc190', '1.186.196.82', 1589613120, 0x5f5f63695f6c6173745f726567656e65726174657c693a313538393631333132303b),
(1, 'u4fjk4pqmv8jiqj6f2tq1644rhv02m7a', '1.186.196.82', 1589612758, 0x5f5f63695f6c6173745f726567656e65726174657c693a313538393631323735383b),
(1, 'u4k4v214m2vt1iusu95dgvm73s8e44f7', '1.186.199.233', 1589449306, 0x5f5f63695f6c6173745f726567656e65726174657c693a313538393434393330363b),
(1, 'u4l0hmk021rbsnmt6goqt0oh147p2tsl', '203.192.225.84', 1589642675, 0x5f5f63695f6c6173745f726567656e65726174657c693a313538393634323637353b),
(1, 'u4qklkf6nkdu7pl46bgn5ql0ljvrmk20', '103.16.35.164', 1589280108, 0x5f5f63695f6c6173745f726567656e65726174657c693a313538393238303130383b),
(1, 'u525b6sfgj87frodnja2kama4roqes50', '103.16.35.176', 1590469582, 0x5f5f63695f6c6173745f726567656e65726174657c693a313539303436393538323b7265645f75726c7c733a33343a2268747470733a2f2f6465762e6d792e636f6e74726163746f72706c75732e6170702f223b),
(1, 'u546nns33fcdjqahrbj303ch8ghsd03a', '203.192.225.140', 1590165923, 0x5f5f63695f6c6173745f726567656e65726174657c693a313539303136353932333b),
(1, 'u59fkh0erqjghr6tpstjghku41h79g0j', '1.186.197.246', 1589376401, 0x5f5f63695f6c6173745f726567656e65726174657c693a313538393337363430313b),
(1, 'u5him5cnbr1ouhkria7jq7c41stnq0t8', '203.192.225.84', 1589643522, 0x5f5f63695f6c6173745f726567656e65726174657c693a313538393634333532323b),
(1, 'u5j90mrk81s3jgtthtjsds6f47dqtuqd', '1.186.196.82', 1589613548, 0x5f5f63695f6c6173745f726567656e65726174657c693a313538393631333534383b),
(1, 'u5rm5smn102ovqco78v4kqm11t40i2v6', '1.186.197.200', 1589984174, 0x5f5f63695f6c6173745f726567656e65726174657c693a313538393938343137343b),
(1, 'u6cscf7k2b6dvbkt04ei4eneghsl0nj3', '1.186.199.233', 1589446303, 0x5f5f63695f6c6173745f726567656e65726174657c693a313538393434363330333b),
(1, 'u6fipsnc7cjhk8ng0iks5aa76viu2d5f', '203.192.249.254', 1590421214, 0x5f5f63695f6c6173745f726567656e65726174657c693a313539303432313231343b),
(1, 'u6hkmdpschrejtdbf8g2nqsmh3u70tjj', '203.192.225.238', 1590004387, 0x5f5f63695f6c6173745f726567656e65726174657c693a313539303030343338373b),
(1, 'u6munjb9lkn0qv8et0douktt61qdnt3r', '103.121.72.205', 1589983028, 0x5f5f63695f6c6173745f726567656e65726174657c693a313538393938333032383b),
(1, 'u6npgvb5qugv0hd9i39vcelvi0euus4g', '103.121.73.137', 1589552191, 0x5f5f63695f6c6173745f726567656e65726174657c693a313538393535323139313b),
(1, 'u6qcmq5gir24f6f32onp6co31b5okhne', '1.186.175.252', 1589540868, 0x5f5f63695f6c6173745f726567656e65726174657c693a313538393534303836383b73746166665f757365725f69647c733a313a2231223b73746166665f6c6f676765645f696e7c623a313b74656e616e745f69647c733a313a2231223b73657475702d6d656e752d6f70656e7c733a303a22223b),
(1, 'u6vjrmflcgkrt73cs3u4niuoenntrlep', '203.192.225.140', 1590159303, 0x5f5f63695f6c6173745f726567656e65726174657c693a313539303135393330333b),
(1, 'u73lg37hek0pptqnp46rnqc2h1iqrp5e', '103.121.72.82', 1589008604, 0x5f5f63695f6c6173745f726567656e65726174657c693a313538393030383630343b),
(1, 'u7i2m8iudbke3oa6hcl69qht352bhp65', '1.186.197.151', 1589484906, 0x5f5f63695f6c6173745f726567656e65726174657c693a313538393438343930363b),
(1, 'u7lksddfcfrgdg6a34bab00efd9ld19t', '103.16.35.219', 1588931207, 0x5f5f63695f6c6173745f726567656e65726174657c693a313538383933313230373b7265645f75726c7c733a33393a2268747470733a2f2f6465762e6d792e636f6e74726163746f72706c75732e6170702f61646d696e223b),
(1, 'u7u9n1150j81st45a694sl28be7ul59h', '103.121.72.205', 1589992215, 0x5f5f63695f6c6173745f726567656e65726174657c693a313538393939323231353b),
(1, 'u81re381dq9aoo4hpn04d9o6nnvd33sk', '1.186.197.151', 1589483240, 0x5f5f63695f6c6173745f726567656e65726174657c693a313538393438333234303b),
(1, 'u8be0bdmjj75ra4miclv74f32b3to34h', '1.186.199.233', 1589453425, 0x5f5f63695f6c6173745f726567656e65726174657c693a313538393435333432353b),
(1, 'u8imfn8i4e51egnmns6jbv91j26v0u1m', '203.192.225.140', 1590156499, 0x5f5f63695f6c6173745f726567656e65726174657c693a313539303135363439393b),
(1, 'u8r4325333kfoo92melp0kodgklrmpn7', '1.186.198.115', 1589873071, 0x5f5f63695f6c6173745f726567656e65726174657c693a313538393837333037313b),
(1, 'u92bu8e4bcog0ut1ahvb7apjmio7bdp9', '103.121.72.122', 1590161542, 0x5f5f63695f6c6173745f726567656e65726174657c693a313539303136313534323b),
(1, 'u9cd4b1u0u97kig7qofa9hojsu0l7mij', '103.121.75.2', 1589293458, 0x5f5f63695f6c6173745f726567656e65726174657c693a313538393239333435383b),
(1, 'u9eq7qim2fucslf0pvto83u4grqgo1b1', '1.186.197.246', 1589375037, 0x5f5f63695f6c6173745f726567656e65726174657c693a313538393337353033373b),
(1, 'u9pj9j2cbcku58b6j29td8doq5rlsmen', '1.186.197.20', 1589547546, 0x5f5f63695f6c6173745f726567656e65726174657c693a313538393534373534363b),
(1, 'u9ur1d8bbqn5co09qiqjv6r1f7b2ptn0', '203.192.225.140', 1590140560, 0x5f5f63695f6c6173745f726567656e65726174657c693a313539303134303536303b),
(1, 'ua6ijv5fitpm430fnd479l452ib26v8h', '106.79.208.156', 1589350195, 0x5f5f63695f6c6173745f726567656e65726174657c693a313538393335303139353b),
(1, 'ua8tiljd771ftgpjftsl7voe1lvl0afr', '203.192.225.84', 1589642893, 0x5f5f63695f6c6173745f726567656e65726174657c693a313538393634323839323b),
(1, 'uai5r6nkb96j5g3ah67i8ddpqqprbdug', '203.192.225.226', 1589887566, 0x5f5f63695f6c6173745f726567656e65726174657c693a313538393838373536363b),
(1, 'uapl22e71qfsa831bgc1mrg42jbaro11', '1.186.197.2', 1589542285, 0x5f5f63695f6c6173745f726567656e65726174657c693a313538393534323238353b),
(1, 'ubhsvct8dkrqvu43hi2uq40q3oc867n1', '203.192.225.238', 1590004820, 0x5f5f63695f6c6173745f726567656e65726174657c693a313539303030343832303b),
(1, 'ubjskhg72u4noskn69srk0826pdgrs5d', '203.192.225.64', 1589813203, 0x5f5f63695f6c6173745f726567656e65726174657c693a313538393831333230333b),
(1, 'ubppt0vb110djv4av3s5de07lo2fqsuk', '103.121.72.122', 1590078222, 0x5f5f63695f6c6173745f726567656e65726174657c693a313539303037383232323b),
(1, 'uc61s5pfhpodlk8dob33bjqlvgllsi4m', '203.192.225.238', 1590004651, 0x5f5f63695f6c6173745f726567656e65726174657c693a313539303030343635313b),
(1, 'udro01pqpt1dloja8f8lp8044rcbdtad', '1.186.197.2', 1589541785, 0x5f5f63695f6c6173745f726567656e65726174657c693a313538393534313738353b),
(1, 'ue13pkstmfg354cjoff5l1tsje6n2hfr', '1.186.198.37', 1589796871, 0x5f5f63695f6c6173745f726567656e65726174657c693a313538393739363837313b),
(1, 'ue1ha26snhvptpm0i0a5g4fo8ijnkbqo', '103.121.73.137', 1589539415, 0x5f5f63695f6c6173745f726567656e65726174657c693a313538393533393431353b),
(1, 'ue9u4t0ivfj9to0npp1pjpenepcnulqv', '203.192.225.238', 1590006546, 0x5f5f63695f6c6173745f726567656e65726174657c693a313539303030363534363b),
(1, 'ueht9s8d0pf5m3khdi2flj8ud2nqhf5d', '103.121.75.2', 1589207415, 0x5f5f63695f6c6173745f726567656e65726174657c693a313538393230373431353b),
(1, 'ueivda048fsbuhc5m3rl009ol4bk2bj0', '3.250.61.1', 1589436034, 0x5f5f63695f6c6173745f726567656e65726174657c693a313538393433363033343b7265645f75726c7c733a33343a2268747470733a2f2f6465762e6d792e636f6e74726163746f72706c75732e6170702f223b),
(1, 'uemtdua7vbcbec3219urjr4v8f3la4og', '1.186.175.252', 1589546183, 0x5f5f63695f6c6173745f726567656e65726174657c693a313538393534363138333b73746166665f757365725f69647c733a313a2231223b73746166665f6c6f676765645f696e7c623a313b74656e616e745f69647c733a313a2231223b73657475702d6d656e752d6f70656e7c733a303a22223b),
(1, 'ueu0v1nsi88tkhoaufh11nfauut8v3a1', '203.192.225.238', 1590000377, 0x5f5f63695f6c6173745f726567656e65726174657c693a313539303030303337373b),
(1, 'uf3amp07ivlh1e5hc6pq2uulg579n3qk', '52.212.130.156', 1590265958, 0x5f5f63695f6c6173745f726567656e65726174657c693a313539303236353935383b7265645f75726c7c733a33343a2268747470733a2f2f6465762e6d792e636f6e74726163746f72706c75732e6170702f223b),
(1, 'uf4rflsappksv01rsk02nk9ef6gt5fou', '52.209.21.159', 1588771951, 0x5f5f63695f6c6173745f726567656e65726174657c693a313538383737313935303b7265645f75726c7c733a33343a2268747470733a2f2f6465762e6d792e636f6e74726163746f72706c75732e6170702f223b),
(1, 'ufabk6ka5pmbgutrnbdhekg8ba4beaqo', '1.186.199.233', 1589445308, 0x5f5f63695f6c6173745f726567656e65726174657c693a313538393434353330383b),
(1, 'ufhfiblvhlrn3esl6vvg5jqgors2cd03', '1.186.198.36', 1589284366, 0x5f5f63695f6c6173745f726567656e65726174657c693a313538393238343336363b),
(1, 'ufiqtu7p2ln0ervsi5uul9c7uj5pukut', '203.192.225.140', 1590144677, 0x5f5f63695f6c6173745f726567656e65726174657c693a313539303134343637373b),
(1, 'uflackonrchfb4nq4juvc8q7f698p0lr', '203.192.225.238', 1589995189, 0x5f5f63695f6c6173745f726567656e65726174657c693a313538393939353138393b),
(1, 'ufmmg2vhore4fgb7b21ru5ag3mvdqtcl', '203.192.225.238', 1590000629, 0x5f5f63695f6c6173745f726567656e65726174657c693a313539303030303632393b),
(1, 'ufpe3n8i28sdu4lnb7ambuj3diild3n5', '1.186.199.233', 1589460932, 0x5f5f63695f6c6173745f726567656e65726174657c693a313538393436303933323b),
(1, 'ug3b76kbe9rnope98p5etem35nh2s00c', '103.121.72.250', 1589404563, 0x5f5f63695f6c6173745f726567656e65726174657c693a313538393430343536333b),
(1, 'ugcpl6v42gh7fc5n5lpav6eqi8qgm7p2', '1.186.198.36', 1589284621, 0x5f5f63695f6c6173745f726567656e65726174657c693a313538393238343632313b),
(1, 'ugd9ebji77fn2lmbai073gm3440menq1', '120.88.191.112', 1589472519, 0x5f5f63695f6c6173745f726567656e65726174657c693a313538393437323531393b),
(1, 'ugi61oernvjm8d3iq23rc0ot4gunfpl1', '103.121.72.122', 1590127840, 0x5f5f63695f6c6173745f726567656e65726174657c693a313539303132373834303b),
(1, 'ugstvhd236h8huvmn4j7n6e3bvo04a4u', '1.186.197.151', 1589483544, 0x5f5f63695f6c6173745f726567656e65726174657c693a313538393438333534343b),
(1, 'uh1rhcgfrmcb0ee2udre8ruo2jkns3k3', '203.192.225.238', 1589999796, 0x5f5f63695f6c6173745f726567656e65726174657c693a313538393939393739353b),
(1, 'uh3s1efsh3anq7ni1gh2ps9a6lks9ci0', '103.121.73.137', 1589558326, 0x5f5f63695f6c6173745f726567656e65726174657c693a313538393535383332363b),
(1, 'uh88ujjkeibperqep5ru7jrbrj7fan6c', '1.186.196.235', 1589202424, 0x5f5f63695f6c6173745f726567656e65726174657c693a313538393230323432343b),
(1, 'uhphah9lk8ite0adfl66q913fg0memac', '5.62.39.45', 1589977804, 0x5f5f63695f6c6173745f726567656e65726174657c693a313538393937373830343b4642524c485f73746174657c733a33323a223665623936323635343239396136353537326630666132363131333032396236223b73746166665f757365725f69647c733a313a2231223b73746166665f6c6f676765645f696e7c623a313b74656e616e745f69647c733a313a2231223b73657475702d6d656e752d6f70656e7c733a303a22223b7265645f75726c7c733a33343a2268747470733a2f2f6465762e6d792e636f6e74726163746f72706c75732e6170702f223b),
(1, 'uhrpbjalbl04nhk4c7cb6ajc3uoo94ol', '203.192.225.238', 1590001578, 0x5f5f63695f6c6173745f726567656e65726174657c693a313539303030313537383b),
(1, 'ui4scgcn3d76deu9c2n2mee7scorql0q', '1.186.198.36', 1589279778, 0x5f5f63695f6c6173745f726567656e65726174657c693a313538393237393737383b),
(1, 'uic5hk8uik8nel234jqeplt54udqfvpm', '203.192.225.140', 1590163905, 0x5f5f63695f6c6173745f726567656e65726174657c693a313539303136333930353b),
(1, 'uifhnpjul54c5ri9so7pfsqff3sgi3f0', '203.192.225.140', 1590168038, 0x5f5f63695f6c6173745f726567656e65726174657c693a313539303136383033383b),
(1, 'uihtbiimo764dpidp33t3viq9up4ph2b', '1.186.198.115', 1589871862, 0x5f5f63695f6c6173745f726567656e65726174657c693a313538393837313836323b),
(1, 'uin8ss37oe3qaspqi4j9darh15hih9mn', '64.233.172.225', 1589616415, 0x5f5f63695f6c6173745f726567656e65726174657c693a313538393631363431343b4642524c485f73746174657c733a33323a223233616363336364323362346639636133353032303962373231313861343433223b),
(1, 'uip4hnuv7k9scske2ld1ec96cuufmisu', '1.186.197.246', 1589373082, 0x5f5f63695f6c6173745f726567656e65726174657c693a313538393337333038323b),
(1, 'uipa8f5odkfnetprrt21pg4istubilr5', '203.192.225.64', 1589813218, 0x5f5f63695f6c6173745f726567656e65726174657c693a313538393831333231383b),
(1, 'uisgsk9ph7pji380q1d2jvcmuhd5mj9g', '3.249.253.19', 1588779592, 0x5f5f63695f6c6173745f726567656e65726174657c693a313538383737393539323b7265645f75726c7c733a33343a2268747470733a2f2f6465762e6d792e636f6e74726163746f72706c75732e6170702f223b),
(1, 'ujd9hkjhe52p2lhdvgpdiqoisbjk3rgj', '1.186.197.151', 1589483094, 0x5f5f63695f6c6173745f726567656e65726174657c693a313538393438333039343b),
(1, 'uji2no4tu7555qvcie55gjb6h95pmno5', '203.192.225.238', 1590054438, 0x5f5f63695f6c6173745f726567656e65726174657c693a313539303035343433373b),
(1, 'ujp0lljm9ttdnlr9aetvsojnj1d2dgqd', '1.186.199.233', 1589442666, 0x5f5f63695f6c6173745f726567656e65726174657c693a313538393434323636363b),
(1, 'ukiuaib3qm45fqamgebtaahm32q610b5', '203.192.225.238', 1590000639, 0x5f5f63695f6c6173745f726567656e65726174657c693a313539303030303633393b),
(1, 'ukk74mob812mj47he2dj8sgls0viop5k', '1.186.198.115', 1589873571, 0x5f5f63695f6c6173745f726567656e65726174657c693a313538393837333537313b),
(1, 'ukvb6k4udl02p5tqejvr2b005i070hl2', '1.186.198.36', 1589279872, 0x5f5f63695f6c6173745f726567656e65726174657c693a313538393237393837323b),
(1, 'ul17m936ce6s67fpe3ajupcpvsei9qfa', '1.186.198.36', 1589283523, 0x5f5f63695f6c6173745f726567656e65726174657c693a313538393238333532333b),
(1, 'ul28o0mp4sptcius45i7dqduaq4aekmi', '106.193.224.254', 1589980059, 0x5f5f63695f6c6173745f726567656e65726174657c693a313538393938303035393b),
(1, 'ul6n19c5i43mpt6ffe1st2nik87np7e4', '103.121.75.39', 1589369867, 0x5f5f63695f6c6173745f726567656e65726174657c693a313538393336393836373b),
(1, 'ulgatc3o5k10lu7cu7m84c3co35sfr2p', '103.121.72.122', 1590091046, 0x5f5f63695f6c6173745f726567656e65726174657c693a313539303039313034363b),
(1, 'ullcn5c897bvau060sldjuggekpmv3p8', '203.192.225.64', 1589801487, 0x5f5f63695f6c6173745f726567656e65726174657c693a313538393830313438373b),
(1, 'umlvpuvdfgunajneo2ujovubp5lfqrbg', '1.186.198.36', 1589283311, 0x5f5f63695f6c6173745f726567656e65726174657c693a313538393238333331313b),
(1, 'umodevd055fbr2qev33fbi95qmtshd7u', '1.38.149.78', 1589486350, 0x5f5f63695f6c6173745f726567656e65726174657c693a313538393438363335303b73746166665f757365725f69647c733a313a2231223b73746166665f6c6f676765645f696e7c623a313b74656e616e745f69647c733a313a2231223b73657475702d6d656e752d6f70656e7c733a303a22223b),
(1, 'umvfs3tiebpens0p0orllkhkbvlfl27q', '1.186.197.246', 1589379708, 0x5f5f63695f6c6173745f726567656e65726174657c693a313538393337393730383b),
(1, 'un6irtmgr96dli24ser43r7gb6dhtv9j', '1.186.196.82', 1589636261, 0x5f5f63695f6c6173745f726567656e65726174657c693a313538393633363236313b),
(1, 'unb3nmietbkstlac103lh4ju39ecslnk', '203.192.225.140', 1590140447, 0x5f5f63695f6c6173745f726567656e65726174657c693a313539303134303434373b),
(1, 'unbh42kej2erhprcbaq7h7qtmkqpo7sr', '1.186.197.151', 1589484418, 0x5f5f63695f6c6173745f726567656e65726174657c693a313538393438343431383b),
(1, 'unfcodrq30r8gg2q1rjj93814m3l14nj', '1.186.196.172', 1588922270, 0x5f5f63695f6c6173745f726567656e65726174657c693a313538383932323237303b),
(1, 'unqhdfnt0f8pcmije5hvm5fnfd2ve10i', '1.186.199.233', 1589451755, 0x5f5f63695f6c6173745f726567656e65726174657c693a313538393435313735353b),
(1, 'unulmkcoi8aes99rmh39e8420ncn24rn', '203.192.225.64', 1589801490, 0x5f5f63695f6c6173745f726567656e65726174657c693a313538393830313439303b),
(1, 'uoa5uk6gqcj8j39kin1e4kvka6nmk6nv', '1.186.197.2', 1589539378, 0x5f5f63695f6c6173745f726567656e65726174657c693a313538393533393337383b),
(1, 'uoahhekrnkhoni15rhvpspriq2hr70qp', '1.186.199.233', 1589451813, 0x5f5f63695f6c6173745f726567656e65726174657c693a313538393435313831333b),
(1, 'up519btvdqk7pq2s0ckr0jusoaqrl401', '1.186.197.151', 1589531589, 0x5f5f63695f6c6173745f726567656e65726174657c693a313538393533313538393b),
(1, 'upi8dg4t77f1g0mkl3qcap9q8htnphbe', '1.186.197.152', 1588847334, 0x5f5f63695f6c6173745f726567656e65726174657c693a313538383834373333343b),
(1, 'upm5nq6ddrm8d5vdg4snqsiqeu17d6vc', '203.192.225.64', 1589816386, 0x5f5f63695f6c6173745f726567656e65726174657c693a313538393831363338363b),
(1, 'uq2eahl2qdqvmq2hsjovntg8cufr4l56', '103.245.106.186', 1588863323, 0x5f5f63695f6c6173745f726567656e65726174657c693a313538383836333332333b),
(1, 'uq3d8ebp9ove7h358go66kluuc7slk0m', '1.186.198.37', 1589809965, 0x5f5f63695f6c6173745f726567656e65726174657c693a313538393830393936353b),
(1, 'uq4vc1qraege859v93dtepm0k44sn163', '103.245.106.189', 1589905331, 0x5f5f63695f6c6173745f726567656e65726174657c693a313538393930353333313b),
(1, 'uq85nvcbsclfqp0lhtb8c84prfhi32du', '103.121.75.137', 1589824175, 0x5f5f63695f6c6173745f726567656e65726174657c693a313538393832343137353b),
(1, 'uqn0rk24b70dfhca62fd8i94vifqpvok', '1.186.197.200', 1589985283, 0x5f5f63695f6c6173745f726567656e65726174657c693a313538393938353238333b),
(1, 'ur00c13ingimfshkhla2veovibcm8vs1', '1.186.197.151', 1589533997, 0x5f5f63695f6c6173745f726567656e65726174657c693a313538393533333939373b),
(1, 'ur6bfi2l86hhkbaaskln93q5hmg1rrnp', '1.186.197.151', 1589535259, 0x5f5f63695f6c6173745f726567656e65726174657c693a313538393533353235393b),
(1, 'urb0oagi92pkbeg1jc5m1mqsoqg9f6ob', '203.192.225.238', 1590005633, 0x5f5f63695f6c6173745f726567656e65726174657c693a313539303030353633333b),
(1, 'uri6gre8uip8c4gjo9np417mi6kbctcn', '203.192.225.238', 1589999045, 0x5f5f63695f6c6173745f726567656e65726174657c693a313538393939393034353b),
(1, 'uruqu4segsqgmeqaje1245t5tspr6qv2', '1.186.199.233', 1589447228, 0x5f5f63695f6c6173745f726567656e65726174657c693a313538393434373232383b),
(1, 'usd9lrl4e0m8907v1ttnefpkd1c3s9s4', '203.192.225.238', 1590005601, 0x5f5f63695f6c6173745f726567656e65726174657c693a313539303030353630313b),
(1, 'usfrdk677fbj69obt88lv4oelaoi3vpv', '103.121.75.2', 1589268225, 0x5f5f63695f6c6173745f726567656e65726174657c693a313538393236383232353b),
(1, 'usgajrn2rr71kunfe532jess8bdb85sa', '1.186.198.36', 1589283910, 0x5f5f63695f6c6173745f726567656e65726174657c693a313538393238333931303b),
(1, 'usv8gptffq4hvuk5fsc2gbm1ohukmum6', '203.192.225.238', 1590004936, 0x5f5f63695f6c6173745f726567656e65726174657c693a313539303030343933363b),
(1, 'ut2n4fhdgop7o3uak881tkfu7h9mhtkd', '1.186.198.36', 1589294628, 0x5f5f63695f6c6173745f726567656e65726174657c693a313538393239343632383b),
(1, 'ut6i4h63svgl1i7fokkk5jhk2cu8v792', '1.186.197.152', 1588865760, 0x5f5f63695f6c6173745f726567656e65726174657c693a313538383836353736303b),
(1, 'ut8rhp04el8qvjpkrhi7t42bk7ohiibj', '103.121.72.122', 1590150942, 0x5f5f63695f6c6173745f726567656e65726174657c693a313539303135303934323b),
(1, 'uta8hgbkrv82aa2p3i0i27kt9j70jlhn', '1.186.180.140', 1588675917, 0x5f5f63695f6c6173745f726567656e65726174657c693a313538383637353931373b73746166665f757365725f69647c733a313a2231223b73746166665f6c6f676765645f696e7c623a313b74656e616e745f69647c733a313a2231223b73657475702d6d656e752d6f70656e7c623a313b7265645f75726c7c733a33343a2268747470733a2f2f6465762e6d792e636f6e74726163746f72706c75732e6170702f223b),
(1, 'uu0h9v5k7hrmgnk90lif729u8o61g05s', '1.186.197.151', 1589484708, 0x5f5f63695f6c6173745f726567656e65726174657c693a313538393438343730383b),
(1, 'uu6nc4cj8m9t5j5nil9tv42b32ao4g7o', '103.87.31.149', 1590461622, 0x5f5f63695f6c6173745f726567656e65726174657c693a313539303436313632313b7265645f75726c7c733a33343a2268747470733a2f2f6465762e6d792e636f6e74726163746f72706c75732e6170702f223b),
(1, 'uu7u1toiufp8vuoiurmj2nu4nhklluiu', '203.192.225.84', 1589638305, 0x5f5f63695f6c6173745f726567656e65726174657c693a313538393633383330353b),
(1, 'uv1pqor6rar28036j5g2mshhoq47rh4k', '1.186.197.246', 1589381886, 0x5f5f63695f6c6173745f726567656e65726174657c693a313538393338313838363b),
(1, 'uv426rpmquklf9889oi384fb2qiohsvl', '1.186.196.172', 1588937218, 0x5f5f63695f6c6173745f726567656e65726174657c693a313538383933373231383b),
(1, 'uv7ua3q4qjh5rfccfhen3jkgvaanaqs3', '1.186.199.233', 1589460938, 0x5f5f63695f6c6173745f726567656e65726174657c693a313538393436303933383b),
(1, 'uvgki56o7hdo14lft3b1n1co7uedchir', '103.121.72.82', 1588935440, 0x5f5f63695f6c6173745f726567656e65726174657c693a313538383933353434303b),
(1, 'uvj9079nddrrh9d9edu9vf36k4fqil79', '1.186.198.36', 1589349230, 0x5f5f63695f6c6173745f726567656e65726174657c693a313538393334393233303b),
(1, 'uvm872tjnb6rbh2dn2tlpeqqc3ome3q0', '1.186.179.27', 1589444618, 0x5f5f63695f6c6173745f726567656e65726174657c693a313538393434343631383b73746166665f757365725f69647c733a313a2231223b73746166665f6c6f676765645f696e7c623a313b74656e616e745f69647c733a313a2231223b73657475702d6d656e752d6f70656e7c733a303a22223b),
(1, 'uvo8s5p2a9m5kme3h9a3qi0419e3n09k', '1.186.197.151', 1589525946, 0x5f5f63695f6c6173745f726567656e65726174657c693a313538393532353934353b),
(1, 'uvo9grdhqedchi25f37i06c7s6s0ponp', '203.192.225.151', 1589958642, 0x5f5f63695f6c6173745f726567656e65726174657c693a313538393935383634323b),
(1, 'uvp6vg68jgrgnv26lnem0onno4s1ivs1', '103.121.72.205', 1590049796, 0x5f5f63695f6c6173745f726567656e65726174657c693a313539303034393739363b),
(1, 'uvs68if7icqtgm19mi38ip9r6trmbfd1', '203.192.225.238', 1589999157, 0x5f5f63695f6c6173745f726567656e65726174657c693a313538393939393135373b),
(1, 'uvu7sooei31i3im6aijchvjsn4pj9qlt', '1.186.179.27', 1589377075, 0x5f5f63695f6c6173745f726567656e65726174657c693a313538393337373037353b),
(1, 'v04r1rdugpjhp79hogha56hnb5kff9ek', '103.121.73.137', 1589480497, 0x5f5f63695f6c6173745f726567656e65726174657c693a313538393438303439373b),
(1, 'v0sa8rvn25cqdp8mi931g55bmc7ceutr', '120.88.191.112', 1589442187, 0x5f5f63695f6c6173745f726567656e65726174657c693a313538393434323138373b73746166665f757365725f69647c733a313a2231223b73746166665f6c6f676765645f696e7c623a313b74656e616e745f69647c733a313a2231223b73657475702d6d656e752d6f70656e7c733a303a22223b),
(1, 'v0v6sksca4hted6hgkkfmqmkk0elmlfu', '203.192.225.140', 1590161813, 0x5f5f63695f6c6173745f726567656e65726174657c693a313539303136313831333b),
(1, 'v106s054c9hdfj30kr1pmkaj1vcmup4b', '203.192.225.238', 1590054107, 0x5f5f63695f6c6173745f726567656e65726174657c693a313539303035343130373b69735f6d6f62696c657c623a313b),
(1, 'v16a18emifth949j9namn11ggadnskdg', '1.186.196.235', 1589202805, 0x5f5f63695f6c6173745f726567656e65726174657c693a313538393230323830353b),
(1, 'v1e2l36pl0k0itqider0m264ub5bdtr2', '1.186.197.151', 1589525754, 0x5f5f63695f6c6173745f726567656e65726174657c693a313538393532353735343b),
(1, 'v1rugi8scf4oc8b7o75t7i5vpmmq473t', '203.192.225.140', 1590156514, 0x5f5f63695f6c6173745f726567656e65726174657c693a313539303135363531343b),
(1, 'v269r78521sl2n23fm01p73f6jdoifon', '203.192.225.140', 1590163485, 0x5f5f63695f6c6173745f726567656e65726174657c693a313539303136333438353b),
(1, 'v27ckck62j4u5gi7bn79m731smjq5faa', '103.121.72.122', 1590082380, 0x5f5f63695f6c6173745f726567656e65726174657c693a313539303038323338303b),
(1, 'v2c0q2ks138mnalu7f0ohjdfo1shu91g', '1.186.197.151', 1589533987, 0x5f5f63695f6c6173745f726567656e65726174657c693a313538393533333938373b),
(1, 'v2i56p23ndsev2ltd2ann3vpdrqncfd4', '1.186.199.233', 1589454400, 0x5f5f63695f6c6173745f726567656e65726174657c693a313538393435343430303b),
(1, 'v2ieb9b1nojloceo6pgkbo7j50fv286g', '203.192.225.140', 1590171975, 0x5f5f63695f6c6173745f726567656e65726174657c693a313539303137313937353b),
(1, 'v2sinj6nbeu5vcppk5pujeitqkqtflg9', '1.186.196.65', 1589351403, 0x5f5f63695f6c6173745f726567656e65726174657c693a313538393335313430333b),
(1, 'v36faar8sj8jr4s82u2k0am29a3ba305', '1.186.171.104', 1589284174, 0x5f5f63695f6c6173745f726567656e65726174657c693a313538393238343137343b73746166665f757365725f69647c733a313a2231223b73746166665f6c6f676765645f696e7c623a313b74656e616e745f69647c733a313a2231223b73657475702d6d656e752d6f70656e7c733a303a22223b),
(1, 'v3bqugg5bovq4v6clpdealijn2djf6k1', '1.186.179.27', 1589368204, 0x5f5f63695f6c6173745f726567656e65726174657c693a313538393336383230343b73746166665f757365725f69647c733a313a2231223b73746166665f6c6f676765645f696e7c623a313b74656e616e745f69647c733a313a2231223b73657475702d6d656e752d6f70656e7c733a303a22223b),
(1, 'v3gb0lmfrucrgqc6fv9g0gudm4kcisuu', '1.186.199.233', 1589452917, 0x5f5f63695f6c6173745f726567656e65726174657c693a313538393435323931373b),
(1, 'v4i6ich5ih0sbfl5adad08vjbavr2puv', '1.186.197.42', 1589469903, 0x5f5f63695f6c6173745f726567656e65726174657c693a313538393436393930333b),
(1, 'v4l7ncqu5brp4c3do1obdcl7a858npch', '1.186.197.151', 1589535814, 0x5f5f63695f6c6173745f726567656e65726174657c693a313538393533353831343b),
(1, 'v4po6fliv0g57nli53eiofs3nkc8dgd3', '1.186.198.52', 1590072396, 0x5f5f63695f6c6173745f726567656e65726174657c693a313539303037323339363b),
(1, 'v4ucp7dpvnvjo2jhcoirtg6lkatnn2j6', '1.186.198.36', 1589299221, 0x5f5f63695f6c6173745f726567656e65726174657c693a313538393239393232313b),
(1, 'v50h986juolm4bv9dvndfbgvup81s571', '1.186.197.152', 1588847414, 0x5f5f63695f6c6173745f726567656e65726174657c693a313538383834373431343b),
(1, 'v54s5r7379arvq7r9pat6ddkc3nku0k8', '103.87.31.204', 1589978697, 0x5f5f63695f6c6173745f726567656e65726174657c693a313538393937383635363b4642524c485f73746174657c733a33323a226264663434396462633735343736396531336165633066313564633464323363223b73746166665f757365725f69647c733a313a2231223b73746166665f6c6f676765645f696e7c623a313b74656e616e745f69647c733a313a2231223b73657475702d6d656e752d6f70656e7c733a303a22223b),
(1, 'v5678q05g7e324tdska8egpq933l5e4u', '1.186.198.37', 1589802260, 0x5f5f63695f6c6173745f726567656e65726174657c693a313538393830323236303b),
(1, 'v5fl2ghggq9skbhknkkijc8oekn2bvq5', '1.186.199.233', 1589444599, 0x5f5f63695f6c6173745f726567656e65726174657c693a313538393434343539393b),
(1, 'v5j1s956lmkcmqctluhln76vu1aht5br', '1.186.199.246', 1589550910, 0x5f5f63695f6c6173745f726567656e65726174657c693a313538393535303931303b),
(1, 'v5l0blmfhm7n5rn7jedem7pcnnvqa5d3', '1.186.199.233', 1589460776, 0x5f5f63695f6c6173745f726567656e65726174657c693a313538393436303737363b),
(1, 'v5o5e9blpbun97esrjdl6gip8tokum3m', '1.186.197.246', 1589381812, 0x5f5f63695f6c6173745f726567656e65726174657c693a313538393338313831323b),
(1, 'v5uvod2m247gi63tchphu64uaafi2h5u', '203.192.225.226', 1589904407, 0x5f5f63695f6c6173745f726567656e65726174657c693a313538393930343430373b),
(1, 'v63c5oudmais1fpt4herrbq4kcj0c5k8', '103.121.72.205', 1589909979, 0x5f5f63695f6c6173745f726567656e65726174657c693a313538393930393937393b),
(1, 'v63pnjo7jillb6pu08hh00bhu2ru0prc', '103.121.75.137', 1589736262, 0x5f5f63695f6c6173745f726567656e65726174657c693a313538393733363236323b),
(1, 'v6anmbh82a1cuu32ep5d4gfmru72uc1b', '103.121.75.137', 1589734146, 0x5f5f63695f6c6173745f726567656e65726174657c693a313538393733343134363b),
(1, 'v6c9meihqsnuigo96k87q3gqjd0aourn', '1.186.199.233', 1589445318, 0x5f5f63695f6c6173745f726567656e65726174657c693a313538393434353331383b),
(1, 'v6egff0pqsrj85a46nmg9d2vmcklsrct', '1.186.198.36', 1589284193, 0x5f5f63695f6c6173745f726567656e65726174657c693a313538393238343139333b),
(1, 'v6jecpngc2bc3ogd2t6la1j0kkftogq1', '1.186.197.246', 1589388352, 0x5f5f63695f6c6173745f726567656e65726174657c693a313538393338383335323b),
(1, 'v6rhglcmgi7cd7rd5t4g4ojilrhv50ln', '203.192.225.140', 1590062982, 0x5f5f63695f6c6173745f726567656e65726174657c693a313539303036323938323b),
(1, 'v73llmir09osid5mu8nggk7ung8f6qsi', '1.186.197.246', 1589388856, 0x5f5f63695f6c6173745f726567656e65726174657c693a313538393338383835363b),
(1, 'v7ab278k4og21uq38et66es7li55nt8i', '203.192.225.140', 1590159300, 0x5f5f63695f6c6173745f726567656e65726174657c693a313539303135393330303b),
(1, 'v7bjo98iihnu9jdi1dm64jfoah4gv1f2', '1.186.197.246', 1589381340, 0x5f5f63695f6c6173745f726567656e65726174657c693a313538393338313334303b),
(1, 'v7tcohh9ejku4j9u9dlj1ariujb0sd6r', '1.186.199.233', 1589464031, 0x5f5f63695f6c6173745f726567656e65726174657c693a313538393436343033313b),
(1, 'v7uemls10l8q8cev62i00ef3aq95mur9', '103.121.75.2', 1589195362, 0x5f5f63695f6c6173745f726567656e65726174657c693a313538393139353336323b),
(1, 'v8hq8fsnrb9ici3e8begbau6rg79d45n', '1.186.199.246', 1589551185, 0x5f5f63695f6c6173745f726567656e65726174657c693a313538393535313138353b),
(1, 'v901drqq6lf2oq3on5c5rg5586i7kqtj', '1.186.198.36', 1589298401, 0x5f5f63695f6c6173745f726567656e65726174657c693a313538393239383430313b),
(1, 'v92u8k8mfeodrtfub8sop0t05h6gebjb', '1.186.198.36', 1589293871, 0x5f5f63695f6c6173745f726567656e65726174657c693a313538393239333837313b),
(1, 'v9tobq4rmpou07h859n80sk23rdn6igp', '203.192.225.84', 1589639619, 0x5f5f63695f6c6173745f726567656e65726174657c693a313538393633393631393b),
(1, 'va5atf0g5fomkq6ajcvekuk2shnoeop4', '106.193.224.254', 1589978716, 0x5f5f63695f6c6173745f726567656e65726174657c693a313538393937383731363b),
(1, 'va82h1rjo129cps7n6ca38dn40cd81ea', '203.192.225.238', 1589985916, 0x5f5f63695f6c6173745f726567656e65726174657c693a313538393938353931363b),
(1, 'vadi75omletftkufj6b14hd00742uhda', '1.186.198.36', 1589278802, 0x5f5f63695f6c6173745f726567656e65726174657c693a313538393237383830323b),
(1, 'vb89k06f57lsl677h2k89etv8eb4mdj5', '203.192.225.238', 1590004651, 0x5f5f63695f6c6173745f726567656e65726174657c693a313539303030343635313b),
(1, 'vbdsh3c1f0hnqv3230b52ou7mnheqjjj', '203.192.225.238', 1589999919, 0x5f5f63695f6c6173745f726567656e65726174657c693a313538393939393931393b),
(1, 'vbnah6gmk7kq1j15rj310jj8qr7ls98b', '1.186.199.171', 1589365190, 0x5f5f63695f6c6173745f726567656e65726174657c693a313538393336353139303b),
(1, 'vbnqlouc12534bs6llk7s04bk5jmjl7f', '103.121.72.122', 1590091698, 0x5f5f63695f6c6173745f726567656e65726174657c693a313539303039313639383b),
(1, 'vbp1j0g7djlqongjl5mc9br3ioskd9dt', '1.186.197.246', 1589389296, 0x5f5f63695f6c6173745f726567656e65726174657c693a313538393338393239363b),
(1, 'vc1lqa4rj5hde88pi9hqdijjspu02cv5', '1.186.198.215', 1589542793, 0x5f5f63695f6c6173745f726567656e65726174657c693a313538393534323739333b),
(1, 'vc472s0s3g75p50jegidplohjqmgko07', '1.186.199.233', 1589454378, 0x5f5f63695f6c6173745f726567656e65726174657c693a313538393435343337383b),
(1, 'vc690k13rvprou63fubaqvl05q45cjsv', '203.192.225.140', 1590154125, 0x5f5f63695f6c6173745f726567656e65726174657c693a313539303135343132353b),
(1, 'vch8hffb4f4ck5fchrc2d8bgd8dlf2jc', '103.121.73.137', 1589496060, 0x5f5f63695f6c6173745f726567656e65726174657c693a313538393439363036303b),
(1, 'vcjn01dv1uubkttcmf8d0aegugv0ftjj', '106.193.224.254', 1589980058, 0x5f5f63695f6c6173745f726567656e65726174657c693a313538393938303035383b),
(1, 'vd0b28srohve0ioa69h87140s2e72041', '34.245.224.225', 1589062944, 0x5f5f63695f6c6173745f726567656e65726174657c693a313538393036323934343b7265645f75726c7c733a33343a2268747470733a2f2f6465762e6d792e636f6e74726163746f72706c75732e6170702f223b),
(1, 'vd34p9qh68uap5bhe1l893dmdi4vmock', '103.121.75.137', 1589889561, 0x5f5f63695f6c6173745f726567656e65726174657c693a313538393838393536313b),
(1, 'vd7rgeamvu1fvk1r5fa79l9q05ek9e4j', '106.79.208.75', 1590086163, 0x5f5f63695f6c6173745f726567656e65726174657c693a313539303038363136333b),
(1, 'vd9tb0e40h6lrni773ava43uhh2od9jp', '203.192.225.238', 1589999145, 0x5f5f63695f6c6173745f726567656e65726174657c693a313538393939393134353b),
(1, 'vdjmep24avbh8rbkpag8f8aacaamoo95', '1.186.197.246', 1589381884, 0x5f5f63695f6c6173745f726567656e65726174657c693a313538393338313838343b),
(1, 'vdju4jblvmhugjm00j289de9s9spii00', '1.186.174.197', 1589609727, 0x5f5f63695f6c6173745f726567656e65726174657c693a313538393630393732373b),
(1, 'vdtgar3el0bgcmo1n6n8k5n78q9inbb2', '103.121.72.122', 1590082356, 0x5f5f63695f6c6173745f726567656e65726174657c693a313539303038323335363b),
(1, 'vdtlafovmtjuehiknvcjj225mbg4cv0k', '1.186.174.197', 1589609722, 0x5f5f63695f6c6173745f726567656e65726174657c693a313538393630393732323b),
(1, 've1mj7ae4f456cl4hjoos4uin5e3s23v', '1.186.197.246', 1589380040, 0x5f5f63695f6c6173745f726567656e65726174657c693a313538393338303034303b),
(1, 'vea8rt472rn1u43e6v4or521s2262hm2', '103.121.72.122', 1590091113, 0x5f5f63695f6c6173745f726567656e65726174657c693a313539303039313131333b),
(1, 'vetcf908qlmihc5cppd1f82cq22getlt', '1.186.197.152', 1588848309, 0x5f5f63695f6c6173745f726567656e65726174657c693a313538383834383330393b),
(1, 'vf0g1d4cdqo4c7ca1mknbgts7og6lppv', '1.186.198.52', 1590171449, 0x5f5f63695f6c6173745f726567656e65726174657c693a313539303137313434393b),
(1, 'vfar4heqdqpsn71ob3hmkncv8l7sl41k', '103.16.35.164', 1589269523, 0x5f5f63695f6c6173745f726567656e65726174657c693a313538393236393532333b),
(1, 'vfp84do08u43o3cq2420j00cul12hv5d', '1.186.197.151', 1589533099, 0x5f5f63695f6c6173745f726567656e65726174657c693a313538393533333039393b),
(1, 'vfsps0sqp9l84flc3pr3qfms9l4jrs1j', '1.186.171.104', 1589312814, 0x5f5f63695f6c6173745f726567656e65726174657c693a313538393331323831343b73746166665f757365725f69647c733a313a2231223b73746166665f6c6f676765645f696e7c623a313b74656e616e745f69647c733a313a2231223b73657475702d6d656e752d6f70656e7c733a303a22223b),
(1, 'vft4s6vk4db6te6tpi66c1vheo4igc1g', '1.186.199.233', 1589452928, 0x5f5f63695f6c6173745f726567656e65726174657c693a313538393435323932383b),
(1, 'vghe0jusd6qqkgtf99lgtm941m4e1aaf', '1.186.199.233', 1589456029, 0x5f5f63695f6c6173745f726567656e65726174657c693a313538393435363032393b),
(1, 'vgq4q70pljdtd2252g7saggif2drk7ap', '1.186.180.100', 1590350172, 0x5f5f63695f6c6173745f726567656e65726174657c693a313539303335303137323b),
(1, 'vgr2nn5bq7bcr7n1at197k5b456dqgvk', '103.121.72.122', 1590088418, 0x5f5f63695f6c6173745f726567656e65726174657c693a313539303038383431383b),
(1, 'vhlrjsh71tsttlvsrushs7vnouvjugg3', '150.107.90.37', 1588693464, 0x5f5f63695f6c6173745f726567656e65726174657c693a313538383639333435373b73746166665f757365725f69647c733a313a2231223b73746166665f6c6f676765645f696e7c623a313b74656e616e745f69647c733a313a2231223b73657475702d6d656e752d6f70656e7c733a303a22223b7265645f75726c7c733a33343a2268747470733a2f2f6465762e6d792e636f6e74726163746f72706c75732e6170702f223b),
(1, 'vho7cu7bqk23mnqmd58t3db8rc40jd43', '1.186.197.20', 1589548645, 0x5f5f63695f6c6173745f726567656e65726174657c693a313538393534383634353b),
(1, 'vi08eitpfp18srd42hbmmav73s5tvjrd', '203.192.225.238', 1589983801, 0x5f5f63695f6c6173745f726567656e65726174657c693a313538393938333830313b),
(1, 'vi4mj34hvhtdutjbib7qtvjbvhp50oi8', '203.192.225.64', 1589797702, 0x5f5f63695f6c6173745f726567656e65726174657c693a313538393739373730323b),
(1, 'vi5ee2abbtfh9sa9v2nkor9a4vhjaajr', '1.186.199.233', 1589434696, 0x5f5f63695f6c6173745f726567656e65726174657c693a313538393433343639363b),
(1, 'vi5tur0e18amvi5jdvukaavktljbsia6', '1.186.198.36', 1589294935, 0x5f5f63695f6c6173745f726567656e65726174657c693a313538393239343933353b),
(1, 'vii152cbadfej2inkkn565h3r39i9e2n', '223.178.151.170', 1589801509, 0x5f5f63695f6c6173745f726567656e65726174657c693a313538393830313335373b4642524c485f73746174657c733a33323a226238303061386561306563366239316663363765366364376637363263313033223b73746166665f757365725f69647c733a313a2231223b73746166665f6c6f676765645f696e7c623a313b74656e616e745f69647c733a313a2231223b73657475702d6d656e752d6f70656e7c733a303a22223b),
(1, 'vio4avoujjrsbrnuig7qtgsmu9mm8ln4', '1.186.198.52', 1590171692, 0x5f5f63695f6c6173745f726567656e65726174657c693a313539303137313639323b),
(1, 'vj491lovl0446cvdbhnf9ad6tts8vrlp', '1.186.197.151', 1589484779, 0x5f5f63695f6c6173745f726567656e65726174657c693a313538393438343737393b),
(1, 'vjfi5658gq363083a4l1dng4875l70ku', '1.186.199.233', 1589445171, 0x5f5f63695f6c6173745f726567656e65726174657c693a313538393434353137313b),
(1, 'vjl0v9rv73ll9n34g0ipto3poqer0b7i', '1.186.199.233', 1589456013, 0x5f5f63695f6c6173745f726567656e65726174657c693a313538393435363031333b),
(1, 'vjqrdij44k4qj593525iiqdqamv8gnp6', '203.192.225.140', 1590155615, 0x5f5f63695f6c6173745f726567656e65726174657c693a313539303135353631353b),
(1, 'vjr5tro9kvo0ff68mdho1h84bqotsc57', '103.121.75.137', 1589873303, 0x5f5f63695f6c6173745f726567656e65726174657c693a313538393837333330333b),
(1, 'vjsub1jmadfo7hdolucmkborfme1n9ll', '1.186.196.235', 1589201384, 0x5f5f63695f6c6173745f726567656e65726174657c693a313538393230313338343b),
(1, 'vjupm3rhk2vpcmgt6volla4tcgoe1qu2', '1.38.150.110', 1589555796, 0x5f5f63695f6c6173745f726567656e65726174657c693a313538393535353739363b),
(1, 'vke1r3f80o76ji4ef34u1ifi6jot0lpl', '103.121.72.122', 1590073173, 0x5f5f63695f6c6173745f726567656e65726174657c693a313539303037333134393b),
(1, 'vl039ce4ohtrmkq57rboprr13ev3ta69', '1.186.198.115', 1589873477, 0x5f5f63695f6c6173745f726567656e65726174657c693a313538393837333437373b),
(1, 'vl89qa1d3p66dh4qpndcr1vvp394j4p3', '1.186.197.246', 1589386176, 0x5f5f63695f6c6173745f726567656e65726174657c693a313538393338363130393b),
(1, 'vlcpfl7vnac5bj7g8bp0g28hdh69kokt', '52.114.6.38', 1589285933, 0x5f5f63695f6c6173745f726567656e65726174657c693a313538393238353933333b),
(1, 'vljdi3qqrqvm835ip2fal0ii4g47urpl', '1.186.198.36', 1589289008, 0x5f5f63695f6c6173745f726567656e65726174657c693a313538393238393030383b),
(1, 'vluni7k5c0unchqo2dkj0qh7qk4e8c3p', '203.192.225.64', 1589801718, 0x5f5f63695f6c6173745f726567656e65726174657c693a313538393830313731383b),
(1, 'vm4blhggrfj4cbustafpnpvfqc9fs2vb', '1.186.197.151', 1589483091, 0x5f5f63695f6c6173745f726567656e65726174657c693a313538393438333039313b),
(1, 'vmak8be4pafna578i9jhfla7psj09mar', '1.186.174.197', 1589609738, 0x5f5f63695f6c6173745f726567656e65726174657c693a313538393630393733383b),
(1, 'vmdduhk84l8dgottoabc5ge41ilbqnt1', '1.186.197.246', 1589385646, 0x5f5f63695f6c6173745f726567656e65726174657c693a313538393338353634363b),
(1, 'vmkr41jk785l06lm7oas540cotreu4cp', '103.121.72.205', 1589962256, 0x5f5f63695f6c6173745f726567656e65726174657c693a313538393936323235363b),
(1, 'vn39ft1gcseeend6qtihngrhnqh1mquv', '1.186.199.233', 1589434698, 0x5f5f63695f6c6173745f726567656e65726174657c693a313538393433343639383b),
(1, 'vncp7e2qah21ph3qdi81atr1q5hpjste', '1.186.197.2', 1589542306, 0x5f5f63695f6c6173745f726567656e65726174657c693a313538393534323330363b),
(1, 'vnsjqiqkufi8cnibc8dh5592bu9g9556', '203.192.225.64', 1589813225, 0x5f5f63695f6c6173745f726567656e65726174657c693a313538393831333232353b),
(1, 'vnttaai5jhm24erts27d6veo1khlit3r', '103.121.72.205', 1589988271, 0x5f5f63695f6c6173745f726567656e65726174657c693a313538393938383237313b),
(1, 'vnutdi7cgjsked9cv3is50rl3tdebgcu', '106.79.208.75', 1590086461, 0x5f5f63695f6c6173745f726567656e65726174657c693a313539303038363436313b),
(1, 'vo87llhpq1lt3dh3644ft6aodqfcm9bd', '1.186.197.152', 1588859961, 0x5f5f63695f6c6173745f726567656e65726174657c693a313538383835393936313b),
(1, 'vohssb9v0qr40cg8evves81d9ae7sogq', '137.97.119.45', 1590242960, 0x5f5f63695f6c6173745f726567656e65726174657c693a313539303234323936303b4642524c485f73746174657c733a33323a226637366135616663353165333032623361343137386361353232373234356537223b),
(1, 'vojbham3amr7po5utjte8t02mhrf8vp7', '203.192.225.238', 1590002714, 0x5f5f63695f6c6173745f726567656e65726174657c693a313539303030323731343b),
(1, 'vokk9h4qkbi9a6belr8orof05fomm1vn', '150.107.90.113', 1589391571, 0x5f5f63695f6c6173745f726567656e65726174657c693a313538393339313537313b73746166665f757365725f69647c733a313a2231223b73746166665f6c6f676765645f696e7c623a313b74656e616e745f69647c733a313a2231223b73657475702d6d656e752d6f70656e7c733a303a22223b),
(1, 'vos4s7orcfgs9obsufeh4uhff0cgeloa', '103.87.31.204', 1590067425, 0x5f5f63695f6c6173745f726567656e65726174657c693a313539303036373432353b4642524c485f73746174657c733a33323a226130386465316166353034323566396432333466653334343230653163383864223b),
(1, 'vp4ikmt2f6tun8scmu97gk5ohr39ua3e', '103.245.106.136', 1589210916, 0x5f5f63695f6c6173745f726567656e65726174657c693a313538393231303931363b),
(1, 'vp9f8cv77nj4un5aqd45iq0fng80sp16', '1.186.197.246', 1589385169, 0x5f5f63695f6c6173745f726567656e65726174657c693a313538393338353136393b),
(1, 'vpd001qhk48fjktlnjvdof7h3lhvnjqj', '1.186.198.52', 1590170108, 0x5f5f63695f6c6173745f726567656e65726174657c693a313539303137303130383b),
(1, 'vphj0no747elg0ultbn3kul826ugimbj', '203.192.225.64', 1589807655, 0x5f5f63695f6c6173745f726567656e65726174657c693a313538393830373635353b),
(1, 'vpj4l12otm5c2uuq54e0inj1ap7ueb0s', '45.79.184.159', 1588674777, 0x5f5f63695f6c6173745f726567656e65726174657c693a313538383637343737373b7265645f75726c7c733a33343a2268747470733a2f2f6465762e6d792e636f6e74726163746f72706c75732e6170702f223b),
(1, 'vpt96s746fe3aib436qo6r5tgkil5ar2', '1.186.180.140', 1588880834, 0x5f5f63695f6c6173745f726567656e65726174657c693a313538383838303833343b73746166665f757365725f69647c733a313a2231223b73746166665f6c6f676765645f696e7c623a313b74656e616e745f69647c733a313a2231223b73657475702d6d656e752d6f70656e7c733a303a22223b),
(1, 'vq1gj8cu5fiovquoirsa7qb9ti36f5b8', '103.16.35.164', 1589287600, 0x5f5f63695f6c6173745f726567656e65726174657c693a313538393238373630303b),
(1, 'vq9g6dafetasnj1ulhfvr56v2gal8aj4', '1.186.197.151', 1589537023, 0x5f5f63695f6c6173745f726567656e65726174657c693a313538393533373032333b),
(1, 'vqic4bfh9k2arn7otcs8gt59i2k4r03p', '103.121.72.122', 1590087950, 0x5f5f63695f6c6173745f726567656e65726174657c693a313539303038373935303b),
(1, 'vquh12ibrlbllqkh76qml69ob3fopmtn', '103.121.72.82', 1588935756, 0x5f5f63695f6c6173745f726567656e65726174657c693a313538383933353735363b),
(1, 'vr7o5gdv1aq4h3hcot35njmips7e0ukv', '203.192.225.140', 1590158963, 0x5f5f63695f6c6173745f726567656e65726174657c693a313539303135383936333b),
(1, 'vrjmbt9demklpo8jr93fiqtm5us2imch', '203.192.225.140', 1590140564, 0x5f5f63695f6c6173745f726567656e65726174657c693a313539303134303536343b),
(1, 'vro1givk801mga5c6j0j5gapelj2nvui', '103.121.72.122', 1590083605, 0x5f5f63695f6c6173745f726567656e65726174657c693a313539303038333630353b),
(1, 'vrptu1m3prgjq7pg0n2hio8ruakbp52v', '1.186.197.246', 1589385654, 0x5f5f63695f6c6173745f726567656e65726174657c693a313538393338353635343b),
(1, 'vs8gc686u280etnotm858flfmc7a81oi', '103.87.31.153', 1589524624, 0x5f5f63695f6c6173745f726567656e65726174657c693a313538393532343632343b73746166665f757365725f69647c733a313a2231223b73746166665f6c6f676765645f696e7c623a313b74656e616e745f69647c733a313a2231223b73657475702d6d656e752d6f70656e7c733a303a22223b),
(1, 'vsgvd51stmn376qfff7ot1pm8qpvdcuk', '203.192.225.151', 1589958640, 0x5f5f63695f6c6173745f726567656e65726174657c693a313538393935383634303b),
(1, 'vsmhc0jb4s8me8u8qr4v7nipfquvi3ik', '1.186.179.229', 1589832515, 0x5f5f63695f6c6173745f726567656e65726174657c693a313538393833323232343b4642524c485f73746174657c733a33323a223061383638373134386265366637666631663331633965393636353637356235223b73746166665f757365725f69647c733a313a2231223b73746166665f6c6f676765645f696e7c623a313b74656e616e745f69647c733a313a2231223b73657475702d6d656e752d6f70656e7c733a303a22223b7265645f75726c7c733a33343a2268747470733a2f2f6465762e6d792e636f6e74726163746f72706c75732e6170702f223b7461736b735f6b616e62616e5f766965777c733a343a2274727565223b),
(1, 'vsqp4v8e6hfc4f0onblc49good18ukno', '203.192.225.140', 1590144301, 0x5f5f63695f6c6173745f726567656e65726174657c693a313539303134343330313b),
(1, 'vssm1uamaj1vtk24ughqgpta5oo40ffj', '1.186.197.152', 1588865016, 0x5f5f63695f6c6173745f726567656e65726174657c693a313538383836353031363b),
(1, 'vt1p35hve67mimq4j8ph7fr5co1bb0en', '103.87.31.149', 1590471860, 0x5f5f63695f6c6173745f726567656e65726174657c693a313539303437313836303b4642524c485f73746174657c733a33323a226638373839393330303337313337373163356362376438356537626538303935223b73746166665f757365725f69647c733a313a2231223b73746166665f6c6f676765645f696e7c623a313b74656e616e745f69647c733a313a2231223b73657475702d6d656e752d6f70656e7c733a303a22223b7265645f75726c7c733a33343a2268747470733a2f2f6465762e6d792e636f6e74726163746f72706c75732e6170702f223b),
(1, 'vtdafdcfgfat48rdm2nbpsovdtllnucn', '1.186.197.246', 1589372812, 0x5f5f63695f6c6173745f726567656e65726174657c693a313538393337323831323b),
(1, 'vtmjhg5mnemnnejeub6rnjea7ao1kk5j', '1.186.174.197', 1589580693, 0x5f5f63695f6c6173745f726567656e65726174657c693a313538393538303639323b),
(1, 'vu8jfphqb1ms8s879dgsgsngppt406k2', '203.192.225.238', 1589983806, 0x5f5f63695f6c6173745f726567656e65726174657c693a313538393938333830363b),
(1, 'vufj5e4igpr2mkbed3qpshc2rt9hb17u', '1.186.198.36', 1589263869, 0x5f5f63695f6c6173745f726567656e65726174657c693a313538393236333836393b),
(1, 'vurfn7tn4o9eonvlu7j3dqual2hijvbv', '203.192.225.140', 1590170781, 0x5f5f63695f6c6173745f726567656e65726174657c693a313539303137303738313b),
(1, 'vv6ackqcs1md2c54ao5fne61j505gu5n', '203.192.225.64', 1589809465, 0x5f5f63695f6c6173745f726567656e65726174657c693a313538393830393436353b),
(1, 'vvekbsg7bh7samci2ajus81d8af7pjp1', '103.121.72.250', 1589393301, 0x5f5f63695f6c6173745f726567656e65726174657c693a313538393339333330313b),
(1, 'vvpg1gpkrg4g2vc34kh0d6ac75p58jk1', '203.192.225.84', 1589616691, 0x5f5f63695f6c6173745f726567656e65726174657c693a313538393631363639313b),
(1, 'vvu4tkfnda0gu5hm46kvtgkumlgovrmf', '203.192.225.238', 1589999158, 0x5f5f63695f6c6173745f726567656e65726174657c693a313538393939393135383b);

-- --------------------------------------------------------

--
-- Table structure for table `tblshared_customer_files`
--

CREATE TABLE `tblshared_customer_files` (
  `tenant_id` bigint(20) UNSIGNED NOT NULL DEFAULT '1',
  `file_id` bigint(20) UNSIGNED NOT NULL,
  `contact_id` bigint(20) UNSIGNED NOT NULL
) ENGINE=InnoDB DEFAULT CHARSET=utf8;

-- --------------------------------------------------------

--
-- Table structure for table `tblspam_filters`
--

CREATE TABLE `tblspam_filters` (
  `tenant_id` bigint(20) UNSIGNED NOT NULL DEFAULT '1',
  `id` bigint(20) UNSIGNED NOT NULL,
  `type` varchar(40) NOT NULL,
  `rel_type` varchar(10) NOT NULL,
  `value` text NOT NULL
) ENGINE=InnoDB DEFAULT CHARSET=utf8;

-- --------------------------------------------------------

--
-- Table structure for table `tblstaff`
--

CREATE TABLE `tblstaff` (
  `tenant_id` bigint(20) UNSIGNED NOT NULL DEFAULT '1',
  `staffid` bigint(20) UNSIGNED NOT NULL,
  `is_tenant` tinyint(1) NOT NULL DEFAULT '0',
  `normal_login_used` tinyint(4) NOT NULL DEFAULT '0',
  `google_login_used` tinyint(4) NOT NULL DEFAULT '0',
  `google_data` longtext,
  `facebook_login_used` tinyint(4) NOT NULL DEFAULT '0',
  `facebook_data` longtext,
  `email` varchar(100) NOT NULL,
  `firstname` varchar(50) NOT NULL,
  `lastname` varchar(50) NOT NULL,
  `facebook` mediumtext,
  `linkedin` mediumtext,
  `phonenumber` varchar(30) DEFAULT NULL,
  `skype` varchar(50) DEFAULT NULL,
  `password` varchar(250) NOT NULL,
  `datecreated` datetime NOT NULL,
  `industry` varchar(255) DEFAULT NULL,
  `company_role` varchar(255) DEFAULT NULL,
  `company_size` varchar(255) DEFAULT NULL,
  `years_in_business` varchar(255) DEFAULT NULL,
  `how_found_cp` varchar(255) DEFAULT NULL,
  `profile_image` varchar(191) DEFAULT NULL,
  `last_ip` varchar(40) DEFAULT NULL,
  `last_login` datetime DEFAULT NULL,
  `last_activity` datetime DEFAULT NULL,
  `last_password_change` datetime DEFAULT NULL,
  `new_pass_key` varchar(32) DEFAULT NULL,
  `new_pass_key_requested` datetime DEFAULT NULL,
  `admin` bigint(20) UNSIGNED NOT NULL DEFAULT '0',
  `role` bigint(20) UNSIGNED DEFAULT NULL,
  `active` bigint(20) UNSIGNED NOT NULL DEFAULT '1',
  `default_language` varchar(40) DEFAULT NULL,
  `direction` varchar(3) DEFAULT NULL,
  `media_path_slug` varchar(191) DEFAULT NULL,
  `is_not_staff` bigint(20) UNSIGNED NOT NULL DEFAULT '0',
  `hourly_rate` decimal(15,2) NOT NULL DEFAULT '0.00',
  `two_factor_auth_enabled` tinyint(1) DEFAULT '0',
  `two_factor_auth_code` varchar(100) DEFAULT NULL,
  `two_factor_auth_code_requested` datetime DEFAULT NULL,
  `email_signature` text,
  `fcm_token` longtext
) ENGINE=InnoDB DEFAULT CHARSET=utf8;

--
-- Dumping data for table `tblstaff`
--

INSERT INTO `tblstaff` (`tenant_id`, `staffid`, `is_tenant`, `normal_login_used`, `google_login_used`, `google_data`, `facebook_login_used`, `facebook_data`, `email`, `firstname`, `lastname`, `facebook`, `linkedin`, `phonenumber`, `skype`, `password`, `datecreated`, `industry`, `company_role`, `company_size`, `years_in_business`, `how_found_cp`, `profile_image`, `last_ip`, `last_login`, `last_activity`, `last_password_change`, `new_pass_key`, `new_pass_key_requested`, `admin`, `role`, `active`, `default_language`, `direction`, `media_path_slug`, `is_not_staff`, `hourly_rate`, `two_factor_auth_enabled`, `two_factor_auth_code`, `two_factor_auth_code_requested`, `email_signature`, `fcm_token`) VALUES
(1, 1, 1, 1, 0, NULL, 0, NULL, 'dev.spryox@gmail.com', 'Spryox', 'Admin', NULL, NULL, NULL, NULL, '$2a$08$XPZYWXxfrNzN5rp2FtSuluA6pR3U8pshZfMM5aPrRCemWMfT1pTIG', '2020-04-29 12:19:28', NULL, NULL, NULL, NULL, NULL, NULL, '103.16.35.176', '2020-05-26 05:06:31', '2020-05-26 11:28:10', '2020-05-15 16:27:44', NULL, NULL, 1, NULL, 1, 'english', NULL, NULL, 0, '0.00', 0, NULL, NULL, NULL, '12345'),
(18, 15, 1, 0, 0, NULL, 0, NULL, 'akashparmar123@gmail.com', 'Akash', 'Parmar', NULL, NULL, '9167023220', NULL, '$2a$08$lTLNqq.bVtMcY4dYTpczIuu.JUuUWSSfpgYfFF3rQYV8ApxOcoAIS', '2020-05-07 08:25:51', '1', 'Excellence', '40', '4', 'Google Ads', NULL, NULL, NULL, NULL, NULL, NULL, NULL, 0, NULL, 1, NULL, NULL, NULL, 0, '0.00', 0, NULL, NULL, NULL, '12345'),
(19, 16, 1, 0, 0, NULL, 0, NULL, 'akashparmar1234@gmail.com', 'Akash', 'Parmar', NULL, NULL, '9167023220', NULL, '$2a$08$xq/BJtSj785HlvRZP9hwreyUEzlZqi4OWrKs3M6Vd48zCk0ho3eiq', '2020-05-07 15:18:53', '1', 'Excellence', '40', '4', 'Google Ads', NULL, NULL, NULL, NULL, NULL, NULL, NULL, 0, NULL, 1, NULL, NULL, NULL, 0, '0.00', 0, NULL, NULL, NULL, NULL),
(20, 17, 1, 0, 0, NULL, 0, NULL, 'ketan.spryox@gmail.com', 'Ketan', 'Sakulkat', NULL, NULL, '8087405954', NULL, '$2a$08$zWq.o8.UncXQRGli671heOT2cFwAiKT8Kk04R/JlIm4ZScSOHuo7.', '2020-05-07 21:42:54', NULL, 'Development', 'Just Me', '&lt;1', 'sgsgdvdhdh', NULL, NULL, NULL, NULL, NULL, NULL, NULL, 0, NULL, 1, NULL, NULL, NULL, 0, '0.00', 0, NULL, NULL, NULL, NULL),
(21, 18, 1, 0, 0, NULL, 0, NULL, 'sakulkarketan@gmail.com', 'Ketan', 'Sakulkar', NULL, NULL, '8087405954', NULL, '$2a$08$SHpY67RG5moq8.Pb.DdecOHnxcfVQAc5ACHYXVEGRsQOGI5R.Fq8m', '2020-05-07 22:06:18', NULL, 'Development', 'Just Me', '&lt;1', 'svsgdh', NULL, NULL, NULL, NULL, NULL, NULL, NULL, 0, NULL, 1, NULL, NULL, NULL, 0, '0.00', 0, NULL, NULL, NULL, NULL),
(22, 19, 1, 0, 0, NULL, 0, NULL, 'test@test.com', 'Akash', 'Parmar', NULL, NULL, '9167023220', NULL, '$2a$08$WPiso20STmcF9su49CqT3.bXk4a5Szn02wG7YJ5K5FBXeSwwuURsm', '2020-05-08 22:51:00', '1', 'Excellence', '40', '4', 'Google Ads', NULL, NULL, NULL, NULL, NULL, NULL, NULL, 0, NULL, 1, NULL, NULL, NULL, 0, '0.00', 0, NULL, NULL, NULL, NULL),
(23, 20, 1, 0, 0, NULL, 0, NULL, 'test1@test.com', 'Akash', 'Parmar', NULL, NULL, '9167023220', NULL, '$2a$08$DNpyxITzrx3Bcfgy3rjnJe9CnOSJH3QUyYQlZ5vC1.zz2xQN0cH6.', '2020-05-09 01:09:12', '1', 'Excellence', '40', '4', 'Google Ads', NULL, NULL, NULL, NULL, NULL, NULL, NULL, 0, NULL, 1, NULL, NULL, NULL, 0, '0.00', 0, NULL, NULL, NULL, NULL),
(24, 21, 1, 0, 0, NULL, 0, NULL, 'test2@test.com', 'Akash', 'Parmar', NULL, NULL, '9167023220', NULL, '$2a$08$JISXGH7sfzvGjClQLTpgtO3RrNZoWeE7rpNcDdDvOP5xMNFAf0jIm', '2020-05-09 01:10:07', '1', 'Excellence', '40', '4', 'Google Ads', NULL, NULL, NULL, NULL, NULL, NULL, NULL, 0, NULL, 1, NULL, NULL, NULL, 0, '0.00', 0, NULL, NULL, NULL, NULL),
(25, 22, 1, 0, 0, NULL, 0, NULL, 'ajinkya.spryox@gmail.com', 'Ajinkya', 'Sonar', '', '', '9167921922', '', '$2a$08$z/UAMP7iTS7m9/sGh6zNiuC7rOknBUPuoE2YESHHwuxwGwX9aoKhK', '2020-05-09 01:11:31', NULL, 'iOS Developer', '10+', '3-10', 'Indeed', NULL, NULL, NULL, NULL, NULL, NULL, NULL, 0, 0, 1, '', '', NULL, 0, '0.00', 0, NULL, NULL, '', '12345'),
(26, 23, 1, 0, 0, NULL, 0, NULL, 'test3@test.com', 'Akash', 'Parmar', NULL, NULL, '9167023220', NULL, '$2a$08$7HVBmOR4PXC4/ROmV4ISmOxQB9HK6cSPkFhb4MI0sHxgNRdmiiELa', '2020-05-09 01:15:02', '1', 'Excellence', '3-10', '4', 'Google Ads', NULL, NULL, NULL, NULL, NULL, NULL, NULL, 0, NULL, 1, NULL, NULL, NULL, 0, '0.00', 0, NULL, NULL, NULL, NULL),
(27, 24, 1, 0, 0, NULL, 0, NULL, 'test4@test.com', 'Akash', 'Parmar', NULL, NULL, '9167023220', NULL, '$2a$08$/HTVw3A.8cqoi7paBd58S.JHucgydE/.AmnpLskFzrjaHd8Hp2qdG', '2020-05-09 01:15:45', NULL, 'Excellence', '3-10', '4', 'Google Ads', NULL, NULL, NULL, NULL, NULL, NULL, NULL, 0, NULL, 1, NULL, NULL, NULL, 0, '0.00', 0, NULL, NULL, NULL, NULL),
(28, 25, 1, 0, 0, NULL, 0, NULL, 'test5@test.com', 'Akash', 'Parmar', NULL, NULL, '9167023220', NULL, '$2a$08$.gMc8PSsZG1Nr2G94VidSuHVgIVHNb4qkQ8Tl9T1zfVF8PO/xZPD.', '2020-05-09 01:32:29', '1', 'Excellence', '3-10', '4', 'Google Ads', NULL, NULL, NULL, NULL, NULL, NULL, NULL, 0, NULL, 1, NULL, NULL, NULL, 0, '0.00', 0, NULL, NULL, NULL, NULL),
(29, 26, 1, 0, 0, NULL, 0, NULL, 'test6@test.com', 'Akash', 'Parmar', NULL, NULL, '9167023220', NULL, '$2a$08$2iRAtFMfA1pPsqpmle.jbu2xJ3fwmeVHUS.m.9DRMmyTPunq9y63u', '2020-05-09 01:42:26', '1', 'Excellence', '3-10', '4', 'Google Ads', NULL, NULL, NULL, NULL, NULL, NULL, NULL, 0, NULL, 1, NULL, NULL, NULL, 0, '0.00', 0, NULL, NULL, NULL, NULL),
(30, 27, 1, 0, 0, NULL, 0, NULL, 'testt@test.com', 'Ajinkya', 'Sonar', NULL, NULL, '9167231878', NULL, '$2a$08$hLnBFy.M0WrB6G8S4zM75eZ0wqp8aacEfohk3M7AZ9Ur2DhUxSeEW', '2020-05-09 02:01:07', '1', 'iOS Developer', '10+', '10+', 'Indeed', NULL, NULL, NULL, NULL, NULL, NULL, NULL, 0, NULL, 1, NULL, NULL, NULL, 0, '0.00', 0, NULL, NULL, NULL, NULL),
(31, 28, 1, 0, 0, NULL, 0, NULL, 'ajinkya.speyox@gmail.com', 'Ajinkya', 'Sonar', NULL, NULL, '9167921922', NULL, '$2a$08$UXQkKAKQs2ccQdn3b9xXreEwqcQsz7PnB5HBRC9mF4AYbD1SGdIai', '2020-05-09 02:09:29', '1', 'iOS Developer', '10+', '3-10', 'Indeed', NULL, NULL, NULL, NULL, NULL, NULL, NULL, 0, NULL, 1, NULL, NULL, NULL, 0, '0.00', 0, NULL, NULL, NULL, NULL),
(32, 29, 1, 0, 0, NULL, 0, NULL, 'akashparmar1234@mail.com', 'Akash', 'Parmar', NULL, NULL, '9167023220', NULL, '$2a$08$hnDja79nqIB9gON8Z8VwfOlorvwLMG8S.yFAufJkUmmsPmbvsv3TW', '2020-05-11 16:14:54', '1', 'Excellence', '40', '4', 'Google Ads', NULL, NULL, NULL, NULL, NULL, NULL, NULL, 0, NULL, 1, NULL, NULL, NULL, 0, '0.00', 0, NULL, NULL, NULL, NULL),
(33, 30, 1, 0, 0, NULL, 0, NULL, 'akashparmar101@gmail.com', 'Akash', 'Parmar', NULL, NULL, '9167023220', NULL, '$2a$08$jaE/uA7hcVDryXp.jsdU5.PnaOiKktR2qWK/ze8w4jYkyREMjvhju', '2020-05-11 19:23:46', '1', 'Excellence', '40', '4', 'Google Ads', NULL, NULL, NULL, NULL, NULL, NULL, NULL, 0, NULL, 1, NULL, NULL, NULL, 0, '0.00', 0, NULL, NULL, NULL, NULL),
(34, 31, 1, 0, 0, NULL, 0, NULL, 'akashparmar1234@maill.com', 'Akash', 'Parmar', NULL, NULL, '9167023220', NULL, '$2a$08$XJMKaqP1YM8I4keYSjBlUO.kNCFJzH8c4gaXs27gXhf35OEN5Lis2', '2020-05-11 20:32:35', '1', 'Excellence', '40', '4', 'Google Ads', NULL, NULL, NULL, NULL, NULL, NULL, NULL, 0, NULL, 1, NULL, NULL, NULL, 0, '0.00', 0, NULL, NULL, NULL, NULL),
(36, 33, 1, 0, 0, NULL, 0, NULL, 'dev.spryox123@gmail.com', 'Akash', 'Parmar', NULL, NULL, '09167023220', NULL, '$2a$08$wvtk1yks2TM1HQgh4RPgye3EpGP7Ucy9aSG7OXtbXOxnoBpVTEAT6', '2020-05-12 16:34:43', '1', NULL, '10+', '2-3', '', NULL, NULL, NULL, NULL, NULL, NULL, NULL, 1, NULL, 1, NULL, NULL, NULL, 1, '0.00', 0, NULL, NULL, NULL, NULL),
(1, 34, 0, 0, 0, NULL, 0, NULL, 'vikram.spryox@gmail.com', 'Vikram', 'Pawar', '', '', '+919870731602', '', '$2a$08$aAsV1/GUSlFg9gGDJNTdr.lycxBtI9SS8c4Iw8cj9lfBTG4ShKsWK', '2020-05-13 01:43:56', NULL, NULL, NULL, NULL, NULL, NULL, '1.186.174.228', '2020-05-13 15:22:44', '2020-05-18 00:25:46', '2020-05-13 01:45:21', '5883907515657a04e08c3a98241a3420', '2020-05-15 16:35:54', 0, 1, 1, '', '', 'vikram-pawar', 0, '0.00', 0, NULL, NULL, '', NULL),
(37, 35, 1, 0, 0, NULL, 0, NULL, 'vvvvv@gmail.com', 'Ghh', 'Vvvg', NULL, NULL, '7977796967', NULL, '$2a$08$dAZXW54Qsq4s3L.YFLnRFOq5tGWhCNZ1itiRiamHMoj4KPsiZJn..', '2020-05-14 14:29:10', NULL, 'Test', 'Just Me', '3-10', NULL, NULL, NULL, NULL, NULL, NULL, NULL, NULL, 1, NULL, 1, NULL, NULL, NULL, 1, '0.00', 0, NULL, NULL, NULL, NULL),
(38, 36, 1, 0, 0, NULL, 0, NULL, 'akashparmar10@gmail.com', 'Akash', 'Parmar', NULL, NULL, '1234567890', NULL, '$2a$08$53hZ1FlpQDkZcm5pm68YOuon1pSZXFnXhkRhKy8X1BzjxnM.Wo4Zi', '2020-05-15 18:51:01', '1', NULL, 'Just Me', '1-2', '', NULL, '103.245.106.133', '2020-05-15 18:51:19', '2020-05-16 00:21:40', NULL, NULL, NULL, 1, NULL, 1, NULL, NULL, NULL, 1, '0.00', 0, NULL, NULL, NULL, NULL),
(39, 37, 1, 0, 0, NULL, 0, NULL, 'akashp.spryox@gmail.com', 'Akash', 'Parmar', NULL, NULL, '1234567890', NULL, '$2a$08$UwGTIBl/bIumTZ7I0VVgqOQyAkEn40y/GigzVDnaZpplA/okc8Tde', '2020-05-15 18:52:04', '', NULL, '', '', '', NULL, '103.245.106.133', '2020-05-15 18:52:17', '2020-05-19 16:53:08', NULL, NULL, NULL, 1, NULL, 1, NULL, NULL, NULL, 1, '0.00', 0, NULL, NULL, NULL, NULL),
(40, 38, 1, 0, 0, NULL, 0, NULL, 'sonar.ajinkya@gmail.com', 'Ajinkya', 'Sonar', NULL, NULL, '9167921922', NULL, '$2a$08$wtyxhVGBXalEbPG8.NrggOSCE56O78BOFE6ELptDdn9yxtbZT/wS2', '2020-05-16 18:10:18', '1', 'iOS Developer', '10+', '3-10', 'Naukri', NULL, NULL, NULL, NULL, NULL, NULL, NULL, 1, NULL, 1, NULL, NULL, NULL, 1, '0.00', 0, NULL, NULL, NULL, NULL),
(41, 39, 1, 1, 0, NULL, 0, NULL, 'chetan.spryox@gmail.com', 'chetan', 'jadhav', NULL, NULL, '9860345142', NULL, '$2a$08$Iup9Bv1o1MDMK6oSnIJBVOcTVISjvhr1AjBVz1yd2IQnzXHESDmkS', '2020-05-16 19:08:12', NULL, 'Software Developer', '10+', '1-2', NULL, NULL, NULL, NULL, NULL, NULL, NULL, NULL, 1, NULL, 1, NULL, NULL, NULL, 1, '0.00', 0, NULL, NULL, NULL, '12345'),
(42, 40, 1, 0, 0, NULL, 0, NULL, 'ajinkya_qujuhua_test@tfbnw.net', 'Ajinkya', 'Test', NULL, NULL, '9167921922', NULL, '$2a$08$d0.MzGLuS7.YBzv.BUMzl.3a/a2sDWtzcnGSmWlPlraZnSOGfLa5e', '2020-05-17 00:46:07', '1', 'iOS developer', '', '', 'Facebook', NULL, NULL, NULL, NULL, NULL, NULL, NULL, 1, NULL, 1, NULL, NULL, NULL, 1, '0.00', 0, NULL, NULL, NULL, NULL),
(43, 41, 1, 0, 0, NULL, 0, NULL, 'akashparmar101@gmaill.com', 'Akash', 'Parmar', NULL, NULL, '9167023220', NULL, '$2a$08$x8zfp7cGMCwePxq7ofNnnO15pA4CGBOqTG2MEBD1REpjRLYKpfMgy', '2020-05-17 03:22:08', '1', 'Excellence', '40', '4', 'Google Ads', NULL, NULL, NULL, NULL, NULL, NULL, NULL, 1, NULL, 1, NULL, NULL, NULL, 1, '0.00', 0, NULL, NULL, NULL, NULL),
(44, 42, 1, 0, 0, NULL, 0, NULL, 'sakulkarketan@yahoo.com', 'Ketan', 'Sakulkar', NULL, NULL, '8087405954', NULL, '$2a$08$6nE1PGyNiVlNY3DxMJqHsuXa0tV9Keh4wTVyTTmLnDLoMqj3LKV4a', '2020-05-18 12:18:18', NULL, 'Developer', 'Just Me', NULL, NULL, NULL, NULL, NULL, NULL, NULL, NULL, NULL, 1, NULL, 1, NULL, NULL, NULL, 1, '0.00', 0, NULL, NULL, NULL, NULL),
(1, 43, 0, 1, 0, NULL, 0, NULL, 'team-mem@gmail.com', 'Team', 'Member', '', '', '', '', '$2a$08$1IJggTHiwafC3AnCwy138Oi/fSEFkpbAtCIv7O3WLt7VUdgSIVvMu', '2020-05-18 15:04:54', NULL, NULL, NULL, NULL, NULL, NULL, NULL, NULL, NULL, NULL, NULL, NULL, 0, 1, 1, '', '', 'team-member', 0, '0.00', 0, NULL, NULL, '', '12345'),
(1, 44, 0, 0, 0, NULL, 0, NULL, 'akashashwinparmar@gmail.com', 'Akash', 'Parmar', NULL, NULL, '1234567890', NULL, '$2a$08$OTzpe3P7j2PbAyxK3M6Aiezm6ofT2zHswngDnMqGlOunoegfv7VO6', '2020-05-20 13:52:04', NULL, NULL, NULL, NULL, NULL, NULL, '103.15.52.8', '2020-05-20 10:37:35', '2020-05-20 16:09:53', NULL, NULL, NULL, 0, NULL, 1, NULL, 'ltr', 'akash-parmar', 0, '0.00', 0, NULL, NULL, '', NULL),
(1, 45, 0, 1, 0, NULL, 0, NULL, 'john@example.com', 'John', 'Doe', NULL, NULL, '8978985878', NULL, '$2a$08$6swKrNjJIGNFlIAGpozcoOeOdvGXTu8ZpU5Nqsps1f5xGrzvbt6z.', '2020-05-22 11:31:18', NULL, NULL, NULL, NULL, NULL, NULL, '103.87.31.149', '2020-05-25 11:12:33', '2020-05-25 16:42:39', NULL, NULL, NULL, 0, NULL, 1, NULL, 'ltr', 'john-doe', 0, '0.00', 0, NULL, NULL, '', NULL),
(53, 54, 1, 0, 0, NULL, 0, NULL, 'akashparmar101101@gmail.com', 'Akash', 'Parmar', NULL, NULL, '9167023220', NULL, '$2a$08$PuPgr5I7YCdVruj/KW3IGenVC3rKZVbA3MR5LucUKAqTNaageDbKu', '2020-05-26 11:21:10', '1', 'Excellence', '40', '4', 'Google Ads', NULL, NULL, NULL, NULL, NULL, NULL, NULL, 1, NULL, 1, NULL, NULL, NULL, 1, '0.00', 0, NULL, NULL, NULL, NULL),
(54, 55, 1, 0, 0, NULL, 0, NULL, 'akashparmarspryox@gmail.com', 'Akash', 'Parmar', NULL, NULL, '1234567890', NULL, '$2a$08$7nVM/6UauW7FuKOOuR8aauuFr2mtL3fW8CEEpJy.PJFKFHufqGqOm', '2020-05-26 05:59:11', '', NULL, '', '', '', NULL, NULL, NULL, NULL, NULL, NULL, NULL, 1, NULL, 1, NULL, NULL, NULL, 1, '0.00', 0, NULL, NULL, NULL, NULL),
(55, 56, 1, 0, 0, NULL, 0, NULL, 'static.test@gmail.com', 'Test', 'Static Data', NULL, NULL, '1234567890', NULL, '$2a$08$kpZfNkmqlCzrSvqycge14exlTOBsTXrRhKtmT0DuRMlmZtQ5rr5NO', '2020-05-26 06:02:03', '', NULL, '', '', '', NULL, NULL, NULL, NULL, NULL, NULL, NULL, 1, NULL, 1, NULL, NULL, NULL, 1, '0.00', 0, NULL, NULL, NULL, NULL);

-- --------------------------------------------------------

--
-- Table structure for table `tblstaff_departments`
--

CREATE TABLE `tblstaff_departments` (
  `tenant_id` bigint(20) UNSIGNED NOT NULL DEFAULT '1',
  `staffdepartmentid` bigint(20) UNSIGNED NOT NULL,
  `staffid` bigint(20) UNSIGNED NOT NULL,
  `departmentid` bigint(20) UNSIGNED NOT NULL
) ENGINE=InnoDB DEFAULT CHARSET=utf8;

-- --------------------------------------------------------

--
-- Table structure for table `tblstaff_permissions`
--

CREATE TABLE `tblstaff_permissions` (
  `tenant_id` bigint(20) UNSIGNED NOT NULL DEFAULT '1',
  `staff_id` bigint(20) UNSIGNED NOT NULL,
  `feature` varchar(40) NOT NULL,
  `capability` varchar(100) NOT NULL
) ENGINE=InnoDB DEFAULT CHARSET=utf8;

--
-- Dumping data for table `tblstaff_permissions`
--

INSERT INTO `tblstaff_permissions` (`tenant_id`, `staff_id`, `feature`, `capability`) VALUES
(1, 34, 'estimates', 'create'),
(1, 34, 'expenses', 'view_own'),
(1, 34, 'expenses', 'create'),
(1, 34, 'expenses', 'edit'),
(1, 34, 'expenses', 'delete'),
(1, 34, 'invoices', 'view_own'),
(1, 34, 'invoices', 'create'),
(1, 34, 'invoices', 'edit'),
(1, 34, 'invoices', 'delete'),
(1, 34, 'items', 'view'),
(1, 34, 'items', 'create'),
(1, 34, 'items', 'edit'),
(1, 34, 'items', 'delete'),
(1, 22, 'bulk_pdf_exporter', 'view'),
(1, 22, 'contracts', 'view'),
(1, 22, 'contracts', 'create'),
(1, 22, 'contracts', 'edit'),
(1, 22, 'contracts', 'delete'),
(1, 43, 'estimates', 'view_own'),
(1, 43, 'estimates', 'create'),
(1, 43, 'estimates', 'edit'),
(1, 43, 'estimates', 'delete'),
(1, 43, 'invoices', 'view_own'),
(1, 43, 'invoices', 'create'),
(1, 43, 'invoices', 'edit'),
(1, 43, 'invoices', 'delete'),
(1, 43, 'items', 'view'),
(1, 43, 'items', 'create'),
(1, 43, 'items', 'edit'),
(1, 43, 'items', 'delete'),
(1, 44, 'customers', 'view'),
(1, 44, 'customers', 'create'),
(1, 44, 'customers', 'edit'),
(1, 44, 'customers', 'delete'),
(1, 44, 'estimates', 'view'),
(1, 45, 'post_inspections', 'view'),
(1, 45, 'post_inspections', 'create'),
(1, 45, 'post_inspections', 'edit'),
(1, 45, 'post_inspections', 'delete');

-- --------------------------------------------------------

--
-- Table structure for table `tblsubscriptions`
--

CREATE TABLE `tblsubscriptions` (
  `tenant_id` bigint(20) UNSIGNED NOT NULL DEFAULT '1',
  `id` bigint(20) UNSIGNED NOT NULL,
  `name` varchar(191) NOT NULL,
  `description` text,
  `description_in_item` tinyint(1) NOT NULL DEFAULT '0',
  `clientid` bigint(20) UNSIGNED NOT NULL,
  `date` date DEFAULT NULL,
  `terms` text,
  `currency` bigint(20) UNSIGNED NOT NULL,
  `tax_id` bigint(20) UNSIGNED NOT NULL DEFAULT '0',
  `stripe_tax_id` varchar(50) DEFAULT NULL,
  `stripe_plan_id` text,
  `stripe_subscription_id` text NOT NULL,
  `next_billing_cycle` bigint(20) UNSIGNED DEFAULT NULL,
  `ends_at` bigint(20) UNSIGNED DEFAULT NULL,
  `status` varchar(50) DEFAULT NULL,
  `quantity` bigint(20) UNSIGNED NOT NULL DEFAULT '1',
  `project_id` bigint(20) UNSIGNED NOT NULL DEFAULT '0',
  `hash` varchar(32) NOT NULL,
  `created` datetime NOT NULL,
  `created_from` bigint(20) UNSIGNED NOT NULL,
  `date_subscribed` datetime DEFAULT NULL,
  `in_test_environment` bigint(20) UNSIGNED DEFAULT NULL
) ENGINE=InnoDB DEFAULT CHARSET=utf8;

-- --------------------------------------------------------

--
-- Table structure for table `tbltaggables`
--

CREATE TABLE `tbltaggables` (
  `tenant_id` bigint(20) UNSIGNED NOT NULL DEFAULT '1',
  `rel_id` bigint(20) UNSIGNED NOT NULL,
  `rel_type` varchar(20) NOT NULL,
  `tag_id` bigint(20) UNSIGNED NOT NULL,
  `tag_order` bigint(20) UNSIGNED NOT NULL DEFAULT '0'
) ENGINE=InnoDB DEFAULT CHARSET=utf8;

-- --------------------------------------------------------

--
-- Table structure for table `tbltags`
--

CREATE TABLE `tbltags` (
  `tenant_id` bigint(20) UNSIGNED NOT NULL DEFAULT '1',
  `id` bigint(20) UNSIGNED NOT NULL,
  `name` varchar(100) NOT NULL
) ENGINE=InnoDB DEFAULT CHARSET=utf8;

-- --------------------------------------------------------

--
-- Table structure for table `tbltasks`
--

CREATE TABLE `tbltasks` (
  `tenant_id` bigint(20) UNSIGNED NOT NULL DEFAULT '1',
  `id` bigint(20) UNSIGNED NOT NULL,
  `name` mediumtext,
  `description` text,
  `priority` bigint(20) UNSIGNED DEFAULT NULL,
  `dateadded` datetime NOT NULL,
  `startdate` date NOT NULL,
  `duedate` date DEFAULT NULL,
  `datefinished` datetime DEFAULT NULL,
  `addedfrom` bigint(20) UNSIGNED NOT NULL,
  `is_added_from_contact` tinyint(1) NOT NULL DEFAULT '0',
  `status` bigint(20) UNSIGNED NOT NULL DEFAULT '0',
  `recurring_type` varchar(10) DEFAULT NULL,
  `repeat_every` bigint(20) UNSIGNED DEFAULT NULL,
  `recurring` bigint(20) UNSIGNED NOT NULL DEFAULT '0',
  `is_recurring_from` bigint(20) UNSIGNED DEFAULT NULL,
  `cycles` bigint(20) UNSIGNED NOT NULL DEFAULT '0',
  `total_cycles` bigint(20) UNSIGNED NOT NULL DEFAULT '0',
  `custom_recurring` tinyint(1) NOT NULL DEFAULT '0',
  `last_recurring_date` date DEFAULT NULL,
  `rel_id` bigint(20) UNSIGNED DEFAULT NULL,
  `rel_type` varchar(30) DEFAULT NULL,
  `is_public` tinyint(1) NOT NULL DEFAULT '0',
  `billable` tinyint(1) NOT NULL DEFAULT '0',
  `billed` tinyint(1) NOT NULL DEFAULT '0',
  `invoice_id` bigint(20) UNSIGNED NOT NULL DEFAULT '0',
  `hourly_rate` decimal(15,2) NOT NULL DEFAULT '0.00',
  `milestone` bigint(20) UNSIGNED DEFAULT '0',
  `kanban_order` bigint(20) UNSIGNED NOT NULL DEFAULT '0',
  `milestone_order` bigint(20) UNSIGNED NOT NULL DEFAULT '0',
  `visible_to_client` tinyint(1) NOT NULL DEFAULT '0',
  `deadline_notified` bigint(20) UNSIGNED NOT NULL DEFAULT '0'
) ENGINE=InnoDB DEFAULT CHARSET=utf8;

-- --------------------------------------------------------

--
-- Table structure for table `tbltaskstimers`
--

CREATE TABLE `tbltaskstimers` (
  `tenant_id` bigint(20) UNSIGNED NOT NULL DEFAULT '1',
  `id` bigint(20) UNSIGNED NOT NULL,
  `task_id` bigint(20) UNSIGNED NOT NULL,
  `start_time` varchar(64) NOT NULL,
  `end_time` varchar(64) DEFAULT NULL,
  `staff_id` bigint(20) UNSIGNED NOT NULL,
  `hourly_rate` decimal(15,2) NOT NULL DEFAULT '0.00',
  `note` text
) ENGINE=InnoDB DEFAULT CHARSET=utf8;

-- --------------------------------------------------------

--
-- Table structure for table `tbltasks_checklist_templates`
--

CREATE TABLE `tbltasks_checklist_templates` (
  `tenant_id` bigint(20) UNSIGNED NOT NULL DEFAULT '1',
  `id` bigint(20) UNSIGNED NOT NULL,
  `description` text
) ENGINE=InnoDB DEFAULT CHARSET=utf8;

-- --------------------------------------------------------

--
-- Table structure for table `tbltask_assigned`
--

CREATE TABLE `tbltask_assigned` (
  `tenant_id` bigint(20) UNSIGNED NOT NULL DEFAULT '1',
  `id` bigint(20) UNSIGNED NOT NULL,
  `staffid` bigint(20) UNSIGNED NOT NULL,
  `taskid` bigint(20) UNSIGNED NOT NULL,
  `assigned_from` bigint(20) UNSIGNED NOT NULL DEFAULT '0',
  `is_assigned_from_contact` tinyint(1) NOT NULL DEFAULT '0'
) ENGINE=InnoDB DEFAULT CHARSET=utf8;

-- --------------------------------------------------------

--
-- Table structure for table `tbltask_checklist_items`
--

CREATE TABLE `tbltask_checklist_items` (
  `tenant_id` bigint(20) UNSIGNED NOT NULL DEFAULT '1',
  `id` bigint(20) UNSIGNED NOT NULL,
  `taskid` bigint(20) UNSIGNED NOT NULL,
  `description` text NOT NULL,
  `finished` bigint(20) UNSIGNED NOT NULL DEFAULT '0',
  `dateadded` datetime NOT NULL,
  `addedfrom` bigint(20) UNSIGNED NOT NULL,
  `finished_from` bigint(20) UNSIGNED DEFAULT '0',
  `list_order` bigint(20) UNSIGNED NOT NULL DEFAULT '0'
) ENGINE=InnoDB DEFAULT CHARSET=utf8;

-- --------------------------------------------------------

--
-- Table structure for table `tbltask_comments`
--

CREATE TABLE `tbltask_comments` (
  `tenant_id` bigint(20) UNSIGNED NOT NULL DEFAULT '1',
  `id` bigint(20) UNSIGNED NOT NULL,
  `content` text NOT NULL,
  `taskid` bigint(20) UNSIGNED NOT NULL,
  `staffid` bigint(20) UNSIGNED NOT NULL,
  `contact_id` bigint(20) UNSIGNED NOT NULL DEFAULT '0',
  `file_id` bigint(20) UNSIGNED NOT NULL DEFAULT '0',
  `dateadded` datetime NOT NULL
) ENGINE=InnoDB DEFAULT CHARSET=utf8;

-- --------------------------------------------------------

--
-- Table structure for table `tbltask_files`
--

CREATE TABLE `tbltask_files` (
  `id` bigint(20) UNSIGNED NOT NULL,
  `task_id` bigint(20) UNSIGNED DEFAULT NULL,
  `file_name` varchar(191) COLLATE utf8_unicode_ci NOT NULL,
  `filetype` varchar(40) COLLATE utf8_unicode_ci DEFAULT NULL,
  `task_file_type` enum('pre_photos','post_photos') COLLATE utf8_unicode_ci DEFAULT NULL,
  `visible_to_customer` bigint(20) UNSIGNED NOT NULL DEFAULT '0',
  `attachment_key` varchar(32) COLLATE utf8_unicode_ci DEFAULT NULL,
  `external` varchar(40) COLLATE utf8_unicode_ci DEFAULT NULL,
  `external_link` text COLLATE utf8_unicode_ci,
  `thumbnail_link` text COLLATE utf8_unicode_ci COMMENT 'For external usage',
  `original_file_name` varchar(191) COLLATE utf8_unicode_ci DEFAULT NULL,
  `dateadded` datetime NOT NULL
) ENGINE=InnoDB DEFAULT CHARSET=utf8 COLLATE=utf8_unicode_ci;

--
-- Dumping data for table `tbltask_files`
--

INSERT INTO `tbltask_files` (`id`, `task_id`, `file_name`, `filetype`, `task_file_type`, `visible_to_customer`, `attachment_key`, `external`, `external_link`, `thumbnail_link`, `original_file_name`, `dateadded`) VALUES
(2, 3, '5ec74efb3f1cb.png', 'image/png', 'pre_photos', 0, NULL, NULL, NULL, NULL, 'client.png', '2020-05-22 09:36:18');

-- --------------------------------------------------------

--
-- Table structure for table `tbltask_followers`
--

CREATE TABLE `tbltask_followers` (
  `tenant_id` bigint(20) UNSIGNED NOT NULL DEFAULT '1',
  `id` bigint(20) UNSIGNED NOT NULL,
  `staffid` bigint(20) UNSIGNED NOT NULL,
  `taskid` bigint(20) UNSIGNED NOT NULL
) ENGINE=InnoDB DEFAULT CHARSET=utf8;

-- --------------------------------------------------------

--
-- Table structure for table `tbltaxes`
--

CREATE TABLE `tbltaxes` (
  `tenant_id` bigint(20) UNSIGNED NOT NULL DEFAULT '1',
  `id` bigint(20) UNSIGNED NOT NULL,
  `name` varchar(100) NOT NULL,
  `taxrate` decimal(15,2) NOT NULL
) ENGINE=InnoDB DEFAULT CHARSET=utf8;

--
-- Dumping data for table `tbltaxes`
--

INSERT INTO `tbltaxes` (`tenant_id`, `id`, `name`, `taxrate`) VALUES
(1, 1, 'CGST', '9.00'),
(1, 2, 'SGST', '9.00'),
(1, 3, 'IGST', '18.00');

-- --------------------------------------------------------

--
-- Table structure for table `tbltemp_files`
--

CREATE TABLE `tbltemp_files` (
  `id` bigint(20) UNSIGNED NOT NULL,
  `file_name` varchar(191) COLLATE utf8_unicode_ci NOT NULL,
  `filetype` varchar(40) COLLATE utf8_unicode_ci DEFAULT NULL,
  `image_for` varchar(191) COLLATE utf8_unicode_ci NOT NULL,
  `task_file_type` enum('pre_photos','post_photos') COLLATE utf8_unicode_ci DEFAULT NULL,
  `original_file_name` varchar(191) COLLATE utf8_unicode_ci DEFAULT NULL,
  `dateadded` datetime NOT NULL
) ENGINE=InnoDB DEFAULT CHARSET=utf8 COLLATE=utf8_unicode_ci;

--
-- Dumping data for table `tbltemp_files`
--

INSERT INTO `tbltemp_files` (`id`, `file_name`, `filetype`, `image_for`, `task_file_type`, `original_file_name`, `dateadded`) VALUES
(1, '5ec74efb3f1cb.png', 'image/png', 'area_tasks', 'pre_photos', 'client.png', '2020-05-22 09:33:07');

-- --------------------------------------------------------

--
-- Table structure for table `tbltenants`
--

CREATE TABLE `tbltenants` (
  `id` bigint(20) UNSIGNED NOT NULL,
  `email` varchar(255) COLLATE utf8_unicode_ci NOT NULL,
  `name` varchar(255) COLLATE utf8_unicode_ci NOT NULL,
  `company` varchar(500) COLLATE utf8_unicode_ci NOT NULL,
  `mobile_no` varchar(20) COLLATE utf8_unicode_ci DEFAULT NULL,
  `industry` varchar(100) COLLATE utf8_unicode_ci DEFAULT NULL,
  `created_at` datetime DEFAULT CURRENT_TIMESTAMP,
  `updated_at` datetime DEFAULT CURRENT_TIMESTAMP
) ENGINE=InnoDB DEFAULT CHARSET=utf8 COLLATE=utf8_unicode_ci;

--
-- Dumping data for table `tbltenants`
--

INSERT INTO `tbltenants` (`id`, `email`, `name`, `company`, `mobile_no`, `industry`, `created_at`, `updated_at`) VALUES
(1, 'dev.spryox@gmail.com', 'Spryox Admin', 'SpryOX', NULL, NULL, '2020-04-30 20:53:03', '2020-04-30 20:53:03'),
(18, 'akashparmar123@gmail.com', 'Akash Parmar', 'syCo', '9167023220', '1', '2020-05-07 07:25:51', '2020-05-07 07:25:51'),
(19, 'akashparmar1234@gmail.com', 'Akash Parmar', 'syCo', '9167023220', '1', '2020-05-07 09:48:53', '2020-05-07 09:48:53'),
(20, 'ketan.spryox@gmail.com', 'Ketan Sakulkat', 'Spryox', '8087405954', NULL, '2020-05-07 16:12:54', '2020-05-07 16:12:54'),
(21, 'sakulkarketan@gmail.com', 'Ketan Sakulkar', 'Spryox', '8087405954', NULL, '2020-05-07 16:36:18', '2020-05-07 16:36:18'),
(22, 'test@test.com', 'Akash Parmar', 'syCo', '9167023220', '1', '2020-05-08 17:21:00', '2020-05-08 17:21:00'),
(23, 'test1@test.com', 'Akash Parmar', 'syCo', '9167023220', '1', '2020-05-08 19:39:12', '2020-05-08 19:39:12'),
(24, 'test2@test.com', 'Akash Parmar', 'syCo', '9167023220', '1', '2020-05-08 19:40:07', '2020-05-08 19:40:07'),
(25, 'ajinkya.spryox@gmail.com', 'Ajinkya Sonar', 'Spryox', '9167921922', NULL, '2020-05-08 19:41:31', '2020-05-08 19:41:31'),
(26, 'test3@test.com', 'Akash Parmar', 'syCo', '9167023220', '1', '2020-05-08 19:45:02', '2020-05-08 19:45:02'),
(27, 'test4@test.com', 'Akash Parmar', 'syCo', '9167023220', NULL, '2020-05-08 19:45:45', '2020-05-08 19:45:45'),
(28, 'test5@test.com', 'Akash Parmar', 'syCo', '9167023220', '1', '2020-05-08 20:02:29', '2020-05-08 20:02:29'),
(29, 'test6@test.com', 'Akash Parmar', 'syCo', '9167023220', '1', '2020-05-08 20:12:26', '2020-05-08 20:12:26'),
(30, 'testt@test.com', 'Ajinkya Sonar', 'Spryox', '9167231878', '1', '2020-05-08 20:31:07', '2020-05-08 20:31:07'),
(31, 'ajinkya.speyox@gmail.com', 'Ajinkya Sonar', 'Spryox', '9167921922', '1', '2020-05-08 20:39:29', '2020-05-08 20:39:29'),
(32, 'akashparmar1234@mail.com', 'Akash Parmar', 'syCo', '9167023220', '1', '2020-05-11 10:44:54', '2020-05-11 10:44:54'),
(33, 'akashparmar101@gmail.com', 'Akash Parmar', 'syCo', '9167023220', '1', '2020-05-11 13:53:46', '2020-05-11 13:53:46'),
(34, 'akashparmar1234@maill.com', 'Akash Parmar', 'syCo', '9167023220', '1', '2020-05-11 15:02:35', '2020-05-11 15:02:35'),
(36, 'dev.spryox123@gmail.com', 'Akash Parmar', 'Spryox', '09167023220', '1', '2020-05-12 11:04:43', '2020-05-12 11:04:43'),
(37, 'vvvvv@gmail.com', 'Ghh Vvvg', 'Bbbhh', '7977796967', NULL, '2020-05-14 08:59:10', '2020-05-14 08:59:10'),
(38, 'akashparmar10@gmail.com', 'Akash Parmar', 'syCO', '1234567890', '1', '2020-05-15 18:51:01', '2020-05-15 18:51:01'),
(39, 'akashp.spryox@gmail.com', 'Akash Parmar', 'syCo', '1234567890', '', '2020-05-15 18:52:04', '2020-05-15 18:52:04'),
(40, 'sonar.ajinkya@gmail.com', 'Ajinkya Sonar', 'Google Test', '9167921922', '1', '2020-05-16 12:40:18', '2020-05-16 12:40:18'),
(41, 'chetan.spryox@gmail.com', 'chetan jadhav', 'SpryOX', '9860345142', NULL, '2020-05-16 13:38:12', '2020-05-16 13:38:12'),
(42, 'ajinkya_qujuhua_test@tfbnw.net', 'Ajinkya Test', 'Spryox', '9167921922', '1', '2020-05-16 19:16:07', '2020-05-16 19:16:07'),
(43, 'akashparmar101@gmaill.com', 'Akash Parmar', 'syCo', '9167023220', '1', '2020-05-16 21:52:08', '2020-05-16 21:52:08'),
(44, 'sakulkarketan@yahoo.com', 'Ketan Sakulkar', 'Ketan Inc', '8087405954', NULL, '2020-05-18 06:48:18', '2020-05-18 06:48:18'),
(53, 'akashparmar101101@gmail.com', 'Akash Parmar', 'syCo', '9167023220', '1', '2020-05-26 05:51:10', '2020-05-26 05:51:10'),
(54, 'akashparmarspryox@gmail.com', 'Akash Parmar', '', '1234567890', '', '2020-05-26 05:59:11', '2020-05-26 05:59:11'),
(55, 'static.test@gmail.com', 'Test Static Data', '', '1234567890', '', '2020-05-26 06:02:03', '2020-05-26 06:02:03');

-- --------------------------------------------------------

--
-- Table structure for table `tbltickets`
--

CREATE TABLE `tbltickets` (
  `tenant_id` bigint(20) UNSIGNED NOT NULL DEFAULT '1',
  `ticketid` bigint(20) UNSIGNED NOT NULL,
  `adminreplying` bigint(20) UNSIGNED NOT NULL DEFAULT '0',
  `userid` bigint(20) UNSIGNED NOT NULL,
  `contactid` bigint(20) UNSIGNED NOT NULL DEFAULT '0',
  `email` text,
  `name` text,
  `department` bigint(20) UNSIGNED NOT NULL,
  `priority` bigint(20) UNSIGNED NOT NULL,
  `status` bigint(20) UNSIGNED NOT NULL,
  `service` bigint(20) UNSIGNED DEFAULT NULL,
  `ticketkey` varchar(32) NOT NULL,
  `subject` varchar(191) NOT NULL,
  `message` text,
  `admin` bigint(20) UNSIGNED DEFAULT NULL,
  `date` datetime NOT NULL,
  `project_id` bigint(20) UNSIGNED NOT NULL DEFAULT '0',
  `lastreply` datetime DEFAULT NULL,
  `clientread` bigint(20) UNSIGNED NOT NULL DEFAULT '0',
  `adminread` bigint(20) UNSIGNED NOT NULL DEFAULT '0',
  `assigned` bigint(20) UNSIGNED NOT NULL DEFAULT '0'
) ENGINE=InnoDB DEFAULT CHARSET=utf8;

-- --------------------------------------------------------

--
-- Table structure for table `tbltickets_pipe_log`
--

CREATE TABLE `tbltickets_pipe_log` (
  `tenant_id` bigint(20) UNSIGNED NOT NULL DEFAULT '1',
  `id` bigint(20) UNSIGNED NOT NULL,
  `date` datetime NOT NULL,
  `email_to` varchar(100) NOT NULL,
  `name` varchar(191) NOT NULL,
  `subject` varchar(191) NOT NULL,
  `message` mediumtext NOT NULL,
  `email` varchar(100) NOT NULL,
  `status` varchar(100) NOT NULL
) ENGINE=InnoDB DEFAULT CHARSET=utf8;

-- --------------------------------------------------------

--
-- Table structure for table `tbltickets_predefined_replies`
--

CREATE TABLE `tbltickets_predefined_replies` (
  `tenant_id` bigint(20) UNSIGNED NOT NULL DEFAULT '1',
  `id` bigint(20) UNSIGNED NOT NULL,
  `name` varchar(191) NOT NULL,
  `message` text NOT NULL
) ENGINE=InnoDB DEFAULT CHARSET=utf8;

-- --------------------------------------------------------

--
-- Table structure for table `tbltickets_priorities`
--

CREATE TABLE `tbltickets_priorities` (
  `tenant_id` bigint(20) UNSIGNED NOT NULL DEFAULT '1',
  `priorityid` bigint(20) UNSIGNED NOT NULL,
  `name` varchar(50) NOT NULL
) ENGINE=InnoDB DEFAULT CHARSET=utf8;

--
-- Dumping data for table `tbltickets_priorities`
--

INSERT INTO `tbltickets_priorities` (`tenant_id`, `priorityid`, `name`) VALUES
(1, 1, 'Low'),
(1, 2, 'Medium'),
(1, 3, 'High'),
(52, 4, 'Low'),
(52, 5, 'Medium'),
(52, 6, 'High'),
(53, 7, 'Low'),
(53, 8, 'Medium'),
(53, 9, 'High'),
(55, 10, 'Low'),
(55, 11, 'Medium'),
(55, 12, 'High');

-- --------------------------------------------------------

--
-- Table structure for table `tbltickets_priorities_static`
--

CREATE TABLE `tbltickets_priorities_static` (
  `priorityid` bigint(20) UNSIGNED NOT NULL,
  `name` varchar(50) NOT NULL
) ENGINE=InnoDB DEFAULT CHARSET=utf8;

--
-- Dumping data for table `tbltickets_priorities_static`
--

INSERT INTO `tbltickets_priorities_static` (`priorityid`, `name`) VALUES
(1, 'Low'),
(2, 'Medium'),
(3, 'High');

-- --------------------------------------------------------

--
-- Table structure for table `tbltickets_status`
--

CREATE TABLE `tbltickets_status` (
  `tenant_id` bigint(20) UNSIGNED NOT NULL DEFAULT '1',
  `ticketstatusid` bigint(20) UNSIGNED NOT NULL,
  `name` varchar(50) NOT NULL,
  `isdefault` bigint(20) UNSIGNED NOT NULL DEFAULT '0',
  `statuscolor` varchar(7) DEFAULT NULL,
  `statusorder` bigint(20) UNSIGNED DEFAULT NULL
) ENGINE=InnoDB DEFAULT CHARSET=utf8;

--
-- Dumping data for table `tbltickets_status`
--

INSERT INTO `tbltickets_status` (`tenant_id`, `ticketstatusid`, `name`, `isdefault`, `statuscolor`, `statusorder`) VALUES
(1, 1, 'Open', 1, '#ff2d42', 1),
(1, 2, 'In progress', 1, '#84c529', 2),
(1, 3, 'Answered', 1, '#0000ff', 3),
(1, 4, 'On Hold', 1, '#c0c0c0', 4),
(1, 5, 'Closed', 1, '#03a9f4', 5),
(52, 6, 'Open', 1, '#ff2d42', 1),
(52, 7, 'In progress', 1, '#84c529', 2),
(52, 8, 'Answered', 1, '#0000ff', 3),
(52, 9, 'On Hold', 1, '#c0c0c0', 4),
(52, 10, 'Closed', 1, '#03a9f4', 5),
(53, 13, 'Open', 1, '#ff2d42', 1),
(53, 14, 'In progress', 1, '#84c529', 2),
(53, 15, 'Answered', 1, '#0000ff', 3),
(53, 16, 'On Hold', 1, '#c0c0c0', 4),
(53, 17, 'Closed', 1, '#03a9f4', 5),
(55, 20, 'Open', 1, '#ff2d42', 1),
(55, 21, 'In progress', 1, '#84c529', 2),
(55, 22, 'Answered', 1, '#0000ff', 3),
(55, 23, 'On Hold', 1, '#c0c0c0', 4),
(55, 24, 'Closed', 1, '#03a9f4', 5);

-- --------------------------------------------------------

--
-- Table structure for table `tbltickets_status_static`
--

CREATE TABLE `tbltickets_status_static` (
  `ticketstatusid` bigint(20) UNSIGNED NOT NULL,
  `name` varchar(50) NOT NULL,
  `isdefault` bigint(20) UNSIGNED NOT NULL DEFAULT '0',
  `statuscolor` varchar(7) DEFAULT NULL,
  `statusorder` bigint(20) UNSIGNED DEFAULT NULL
) ENGINE=InnoDB DEFAULT CHARSET=utf8;

--
-- Dumping data for table `tbltickets_status_static`
--

INSERT INTO `tbltickets_status_static` (`ticketstatusid`, `name`, `isdefault`, `statuscolor`, `statusorder`) VALUES
(1, 'Open', 1, '#ff2d42', 1),
(2, 'In progress', 1, '#84c529', 2),
(3, 'Answered', 1, '#0000ff', 3),
(4, 'On Hold', 1, '#c0c0c0', 4),
(5, 'Closed', 1, '#03a9f4', 5);

-- --------------------------------------------------------

--
-- Table structure for table `tblticket_attachments`
--

CREATE TABLE `tblticket_attachments` (
  `tenant_id` bigint(20) UNSIGNED NOT NULL DEFAULT '1',
  `id` bigint(20) UNSIGNED NOT NULL,
  `ticketid` bigint(20) UNSIGNED NOT NULL,
  `replyid` bigint(20) UNSIGNED DEFAULT NULL,
  `file_name` varchar(191) NOT NULL,
  `filetype` varchar(50) DEFAULT NULL,
  `dateadded` datetime NOT NULL
) ENGINE=InnoDB DEFAULT CHARSET=utf8;

-- --------------------------------------------------------

--
-- Table structure for table `tblticket_replies`
--

CREATE TABLE `tblticket_replies` (
  `tenant_id` bigint(20) UNSIGNED NOT NULL DEFAULT '1',
  `id` bigint(20) UNSIGNED NOT NULL,
  `ticketid` bigint(20) UNSIGNED NOT NULL,
  `userid` bigint(20) UNSIGNED DEFAULT NULL,
  `contactid` bigint(20) UNSIGNED NOT NULL DEFAULT '0',
  `name` text,
  `email` text,
  `date` datetime NOT NULL,
  `message` text,
  `attachment` bigint(20) UNSIGNED DEFAULT NULL,
  `admin` bigint(20) UNSIGNED DEFAULT NULL
) ENGINE=InnoDB DEFAULT CHARSET=utf8;

-- --------------------------------------------------------

--
-- Table structure for table `tbltodos`
--

CREATE TABLE `tbltodos` (
  `tenant_id` bigint(20) UNSIGNED NOT NULL DEFAULT '1',
  `todoid` bigint(20) UNSIGNED NOT NULL,
  `description` text NOT NULL,
  `staffid` bigint(20) UNSIGNED NOT NULL,
  `dateadded` datetime NOT NULL,
  `finished` tinyint(1) NOT NULL,
  `datefinished` datetime DEFAULT NULL,
  `item_order` bigint(20) UNSIGNED DEFAULT NULL
) ENGINE=InnoDB DEFAULT CHARSET=utf8;

-- --------------------------------------------------------

--
-- Table structure for table `tbltracked_mails`
--

CREATE TABLE `tbltracked_mails` (
  `tenant_id` bigint(20) UNSIGNED NOT NULL DEFAULT '1',
  `id` bigint(20) UNSIGNED NOT NULL,
  `uid` varchar(32) NOT NULL,
  `rel_id` bigint(20) UNSIGNED NOT NULL,
  `rel_type` varchar(40) NOT NULL,
  `date` datetime NOT NULL,
  `email` varchar(100) NOT NULL,
  `opened` tinyint(1) NOT NULL DEFAULT '0',
  `date_opened` datetime DEFAULT NULL,
  `subject` mediumtext
) ENGINE=InnoDB DEFAULT CHARSET=utf8;

-- --------------------------------------------------------

--
-- Table structure for table `tbluser_api`
--

CREATE TABLE `tbluser_api` (
  `id` int(11) NOT NULL,
  `user` varchar(50) NOT NULL,
  `name` varchar(50) NOT NULL,
  `password` varchar(50) NOT NULL,
  `token` varchar(255) NOT NULL,
  `expiration_date` datetime NOT NULL
) ENGINE=InnoDB DEFAULT CHARSET=latin1;

--
-- Dumping data for table `tbluser_api`
--

INSERT INTO `tbluser_api` (`id`, `user`, `name`, `password`, `token`, `expiration_date`) VALUES
(1, 'API Token', 'API Token User', '$2a$08$qfpF9A24hly/zxLLr3X5X.s8dRNYIgEXkXQzbGPp5FE', 'eyJ0eXAiOiJKV1QiLCJhbGciOiJIUzI1NiJ9.eyJ1c2VyIjoiQVBJIFRva2VuIiwibmFtZSI6IkFQSSBUb2tlbiBVc2VyIiwicGFzc3dvcmQiOm51bGwsIkFQSV9USU1FIjoxNTg4NjY3NTQ0fQ.Oq8ursv2w7xXT8Pfx5KhTKYl4_UqUzaduwMl9uoMiIs', '2020-05-31 14:02:00');

-- --------------------------------------------------------

--
-- Table structure for table `tbluser_auto_login`
--

CREATE TABLE `tbluser_auto_login` (
  `tenant_id` bigint(20) UNSIGNED NOT NULL DEFAULT '1',
  `key_id` char(32) NOT NULL,
  `user_id` bigint(20) UNSIGNED NOT NULL,
  `user_agent` varchar(150) NOT NULL,
  `last_ip` varchar(40) NOT NULL,
  `last_login` timestamp NOT NULL DEFAULT CURRENT_TIMESTAMP ON UPDATE CURRENT_TIMESTAMP,
  `staff` bigint(20) UNSIGNED NOT NULL
) ENGINE=InnoDB DEFAULT CHARSET=utf8;

-- --------------------------------------------------------

--
-- Table structure for table `tbluser_meta`
--

CREATE TABLE `tbluser_meta` (
  `tenant_id` bigint(20) UNSIGNED NOT NULL DEFAULT '1',
  `umeta_id` bigint(20) UNSIGNED NOT NULL,
  `staff_id` bigint(20) UNSIGNED NOT NULL DEFAULT '0',
  `client_id` bigint(20) UNSIGNED NOT NULL DEFAULT '0',
  `contact_id` bigint(20) UNSIGNED NOT NULL DEFAULT '0',
  `meta_key` varchar(191) DEFAULT NULL,
  `meta_value` longtext
) ENGINE=InnoDB DEFAULT CHARSET=utf8;

--
-- Dumping data for table `tbluser_meta`
--

INSERT INTO `tbluser_meta` (`tenant_id`, `umeta_id`, `staff_id`, `client_id`, `contact_id`, `meta_key`, `meta_value`) VALUES
(1, 1, 1, 0, 0, 'dashboard_widgets_order', 'a:8:{s:6:\"top-12\";a:2:{i:0;s:16:\"widget-top_stats\";i:1;s:12:\"widget-todos\";}s:13:\"middle-left-6\";a:0:{}s:14:\"middle-right-6\";a:0:{}s:6:\"left-8\";a:6:{i:0;s:23:\"widget-finance_overview\";i:1;s:16:\"widget-user_data\";i:2;s:22:\"widget-upcoming_events\";i:3;s:15:\"widget-calendar\";i:4;s:28:\"widget-weekly_payments_chart\";i:5;s:25:\"widget-today_appointments\";}s:7:\"right-4\";a:4:{i:0;s:18:\"widget-leads_chart\";i:1;s:21:\"widget-projects_chart\";i:2;s:20:\"widget-tickets_chart\";i:3;s:24:\"widget-projects_activity\";}s:13:\"bottom-left-4\";a:0:{}s:15:\"bottom-middle-4\";a:0:{}s:14:\"bottom-right-4\";a:0:{}}'),
(1, 3, 1, 0, 0, 'recent_searches', '[]'),
(1, 4, 0, 0, 65, 'consent_key', 'e35e389244c66c0a922ad28e3a3856f5-97a523445e4e80592b807ddbe30363a6');

-- --------------------------------------------------------

--
-- Table structure for table `tblvault`
--

CREATE TABLE `tblvault` (
  `tenant_id` bigint(20) UNSIGNED NOT NULL DEFAULT '1',
  `id` bigint(20) UNSIGNED NOT NULL,
  `customer_id` bigint(20) UNSIGNED NOT NULL,
  `server_address` varchar(191) NOT NULL,
  `port` bigint(20) UNSIGNED DEFAULT NULL,
  `username` varchar(191) NOT NULL,
  `password` text NOT NULL,
  `description` text,
  `creator` bigint(20) UNSIGNED NOT NULL,
  `creator_name` varchar(100) DEFAULT NULL,
  `visibility` tinyint(1) NOT NULL DEFAULT '1',
  `share_in_projects` tinyint(1) NOT NULL DEFAULT '0',
  `last_updated` datetime DEFAULT NULL,
  `last_updated_from` varchar(100) DEFAULT NULL,
  `date_created` datetime NOT NULL
) ENGINE=InnoDB DEFAULT CHARSET=utf8;

-- --------------------------------------------------------

--
-- Table structure for table `tblviews_tracking`
--

CREATE TABLE `tblviews_tracking` (
  `tenant_id` bigint(20) UNSIGNED NOT NULL DEFAULT '1',
  `id` bigint(20) UNSIGNED NOT NULL,
  `rel_id` bigint(20) UNSIGNED NOT NULL,
  `rel_type` varchar(40) NOT NULL,
  `date` datetime NOT NULL,
  `view_ip` varchar(40) NOT NULL
) ENGINE=InnoDB DEFAULT CHARSET=utf8;

-- --------------------------------------------------------

--
-- Table structure for table `tblweb_to_lead`
--

CREATE TABLE `tblweb_to_lead` (
  `tenant_id` bigint(20) UNSIGNED NOT NULL DEFAULT '1',
  `id` bigint(20) UNSIGNED NOT NULL,
  `form_key` varchar(32) NOT NULL,
  `lead_source` bigint(20) UNSIGNED NOT NULL,
  `lead_status` bigint(20) UNSIGNED NOT NULL,
  `notify_lead_imported` bigint(20) UNSIGNED NOT NULL DEFAULT '1',
  `notify_type` varchar(20) DEFAULT NULL,
  `notify_ids` mediumtext,
  `responsible` bigint(20) UNSIGNED NOT NULL DEFAULT '0',
  `name` varchar(191) NOT NULL,
  `form_data` mediumtext,
  `recaptcha` bigint(20) UNSIGNED NOT NULL DEFAULT '0',
  `submit_btn_name` varchar(40) DEFAULT NULL,
  `success_submit_msg` text,
  `language` varchar(40) DEFAULT NULL,
  `allow_duplicate` bigint(20) UNSIGNED NOT NULL DEFAULT '1',
  `mark_public` bigint(20) UNSIGNED NOT NULL DEFAULT '0',
  `track_duplicate_field` varchar(20) DEFAULT NULL,
  `track_duplicate_field_and` varchar(20) DEFAULT NULL,
  `create_task_on_duplicate` bigint(20) UNSIGNED NOT NULL DEFAULT '0',
  `dateadded` datetime NOT NULL
) ENGINE=InnoDB DEFAULT CHARSET=utf8;

--
-- Indexes for dumped tables
--

--
-- Indexes for table `tblactivity_log`
--
ALTER TABLE `tblactivity_log`
  ADD PRIMARY KEY (`id`),
  ADD KEY `staffid` (`staffid`);

--
-- Indexes for table `tblannouncements`
--
ALTER TABLE `tblannouncements`
  ADD PRIMARY KEY (`announcementid`);

--
-- Indexes for table `tblappointly_appointments`
--
ALTER TABLE `tblappointly_appointments`
  ADD PRIMARY KEY (`id`);

--
-- Indexes for table `tblappointly_appointment_types`
--
ALTER TABLE `tblappointly_appointment_types`
  ADD PRIMARY KEY (`id`);

--
-- Indexes for table `tblappointly_callbacks`
--
ALTER TABLE `tblappointly_callbacks`
  ADD PRIMARY KEY (`id`);

--
-- Indexes for table `tblappointly_callbacks_assignees`
--
ALTER TABLE `tblappointly_callbacks_assignees`
  ADD PRIMARY KEY (`id`);

--
-- Indexes for table `tblappointly_google`
--
ALTER TABLE `tblappointly_google`
  ADD PRIMARY KEY (`id`);

--
-- Indexes for table `tblarea_tasks`
--
ALTER TABLE `tblarea_tasks`
  ADD PRIMARY KEY (`id`),
  ADD KEY `area_id` (`area_id`);

--
-- Indexes for table `tblassets`
--
ALTER TABLE `tblassets`
  ADD PRIMARY KEY (`id`);

--
-- Indexes for table `tblassets_acction_1`
--
ALTER TABLE `tblassets_acction_1`
  ADD PRIMARY KEY (`id`);

--
-- Indexes for table `tblassets_acction_2`
--
ALTER TABLE `tblassets_acction_2`
  ADD PRIMARY KEY (`id`);

--
-- Indexes for table `tblassets_group`
--
ALTER TABLE `tblassets_group`
  ADD PRIMARY KEY (`group_id`);

--
-- Indexes for table `tblasset_location`
--
ALTER TABLE `tblasset_location`
  ADD PRIMARY KEY (`location_id`);

--
-- Indexes for table `tblasset_unit`
--
ALTER TABLE `tblasset_unit`
  ADD PRIMARY KEY (`unit_id`);

--
-- Indexes for table `tblclients`
--
ALTER TABLE `tblclients`
  ADD PRIMARY KEY (`userid`),
  ADD KEY `country` (`country`),
  ADD KEY `leadid` (`leadid`),
  ADD KEY `company` (`company`);

--
-- Indexes for table `tblconsents`
--
ALTER TABLE `tblconsents`
  ADD PRIMARY KEY (`id`),
  ADD KEY `purpose_id` (`purpose_id`),
  ADD KEY `contact_id` (`contact_id`),
  ADD KEY `lead_id` (`lead_id`);

--
-- Indexes for table `tblconsent_purposes`
--
ALTER TABLE `tblconsent_purposes`
  ADD PRIMARY KEY (`id`);

--
-- Indexes for table `tblcontacts`
--
ALTER TABLE `tblcontacts`
  ADD PRIMARY KEY (`id`),
  ADD KEY `userid` (`userid`),
  ADD KEY `firstname` (`firstname`),
  ADD KEY `lastname` (`lastname`),
  ADD KEY `email` (`email`),
  ADD KEY `is_primary` (`is_primary`);

--
-- Indexes for table `tblcontact_permissions`
--
ALTER TABLE `tblcontact_permissions`
  ADD PRIMARY KEY (`id`);

--
-- Indexes for table `tblcontracts`
--
ALTER TABLE `tblcontracts`
  ADD PRIMARY KEY (`id`),
  ADD KEY `client` (`client`),
  ADD KEY `contract_type` (`contract_type`);

--
-- Indexes for table `tblcontracts_types`
--
ALTER TABLE `tblcontracts_types`
  ADD PRIMARY KEY (`id`);

--
-- Indexes for table `tblcontract_comments`
--
ALTER TABLE `tblcontract_comments`
  ADD PRIMARY KEY (`id`);

--
-- Indexes for table `tblcontract_renewals`
--
ALTER TABLE `tblcontract_renewals`
  ADD PRIMARY KEY (`id`);

--
-- Indexes for table `tblcountries`
--
ALTER TABLE `tblcountries`
  ADD PRIMARY KEY (`country_id`);

--
-- Indexes for table `tblcreditnotes`
--
ALTER TABLE `tblcreditnotes`
  ADD PRIMARY KEY (`id`),
  ADD KEY `currency` (`currency`),
  ADD KEY `clientid` (`clientid`),
  ADD KEY `project_id` (`project_id`);

--
-- Indexes for table `tblcreditnote_refunds`
--
ALTER TABLE `tblcreditnote_refunds`
  ADD PRIMARY KEY (`id`);

--
-- Indexes for table `tblcredits`
--
ALTER TABLE `tblcredits`
  ADD PRIMARY KEY (`id`);

--
-- Indexes for table `tblcurrencies`
--
ALTER TABLE `tblcurrencies`
  ADD PRIMARY KEY (`id`);

--
-- Indexes for table `tblcurrencies_static`
--
ALTER TABLE `tblcurrencies_static`
  ADD PRIMARY KEY (`id`);

--
-- Indexes for table `tblcustomers_groups`
--
ALTER TABLE `tblcustomers_groups`
  ADD PRIMARY KEY (`id`),
  ADD KEY `name` (`name`);

--
-- Indexes for table `tblcustomer_admins`
--
ALTER TABLE `tblcustomer_admins`
  ADD KEY `customer_id` (`customer_id`),
  ADD KEY `staff_id` (`staff_id`);

--
-- Indexes for table `tblcustomer_groups`
--
ALTER TABLE `tblcustomer_groups`
  ADD PRIMARY KEY (`id`),
  ADD KEY `groupid` (`groupid`),
  ADD KEY `customer_id` (`customer_id`);

--
-- Indexes for table `tblcustomer_properties`
--
ALTER TABLE `tblcustomer_properties`
  ADD PRIMARY KEY (`id`);

--
-- Indexes for table `tblcustomfields`
--
ALTER TABLE `tblcustomfields`
  ADD PRIMARY KEY (`id`);

--
-- Indexes for table `tblcustomfieldsvalues`
--
ALTER TABLE `tblcustomfieldsvalues`
  ADD PRIMARY KEY (`id`),
  ADD KEY `relid` (`relid`),
  ADD KEY `fieldto` (`fieldto`),
  ADD KEY `fieldid` (`fieldid`);

--
-- Indexes for table `tbldepartments`
--
ALTER TABLE `tbldepartments`
  ADD PRIMARY KEY (`departmentid`),
  ADD KEY `name` (`name`);

--
-- Indexes for table `tbldismissed_announcements`
--
ALTER TABLE `tbldismissed_announcements`
  ADD PRIMARY KEY (`dismissedannouncementid`),
  ADD KEY `announcementid` (`announcementid`),
  ADD KEY `staff` (`staff`),
  ADD KEY `userid` (`userid`);

--
-- Indexes for table `tblemailtemplates`
--
ALTER TABLE `tblemailtemplates`
  ADD PRIMARY KEY (`emailtemplateid`);

--
-- Indexes for table `tblemailtemplates_static`
--
ALTER TABLE `tblemailtemplates_static`
  ADD PRIMARY KEY (`emailtemplateid`);

--
-- Indexes for table `tblestimates`
--
ALTER TABLE `tblestimates`
  ADD PRIMARY KEY (`id`),
  ADD KEY `clientid` (`clientid`),
  ADD KEY `currency` (`currency`),
  ADD KEY `project_id` (`project_id`),
  ADD KEY `sale_agent` (`sale_agent`);

--
-- Indexes for table `tblevents`
--
ALTER TABLE `tblevents`
  ADD PRIMARY KEY (`eventid`);

--
-- Indexes for table `tblexpenses`
--
ALTER TABLE `tblexpenses`
  ADD PRIMARY KEY (`id`),
  ADD KEY `clientid` (`clientid`),
  ADD KEY `project_id` (`project_id`),
  ADD KEY `category` (`category`),
  ADD KEY `currency` (`currency`);

--
-- Indexes for table `tblexpenses_categories`
--
ALTER TABLE `tblexpenses_categories`
  ADD PRIMARY KEY (`id`);

--
-- Indexes for table `tblfiles`
--
ALTER TABLE `tblfiles`
  ADD PRIMARY KEY (`id`),
  ADD KEY `rel_id` (`rel_id`),
  ADD KEY `rel_type` (`rel_type`);

--
-- Indexes for table `tblform_questions`
--
ALTER TABLE `tblform_questions`
  ADD PRIMARY KEY (`questionid`);

--
-- Indexes for table `tblform_question_box`
--
ALTER TABLE `tblform_question_box`
  ADD PRIMARY KEY (`boxid`);

--
-- Indexes for table `tblform_question_box_description`
--
ALTER TABLE `tblform_question_box_description`
  ADD PRIMARY KEY (`questionboxdescriptionid`);

--
-- Indexes for table `tblform_results`
--
ALTER TABLE `tblform_results`
  ADD PRIMARY KEY (`resultid`);

--
-- Indexes for table `tblgdpr_requests`
--
ALTER TABLE `tblgdpr_requests`
  ADD PRIMARY KEY (`id`);

--
-- Indexes for table `tblindustry`
--
ALTER TABLE `tblindustry`
  ADD PRIMARY KEY (`id`);

--
-- Indexes for table `tblinventory_history`
--
ALTER TABLE `tblinventory_history`
  ADD PRIMARY KEY (`id`);

--
-- Indexes for table `tblinvoicepaymentrecords`
--
ALTER TABLE `tblinvoicepaymentrecords`
  ADD PRIMARY KEY (`id`),
  ADD KEY `invoiceid` (`invoiceid`),
  ADD KEY `paymentmethod` (`paymentmethod`);

--
-- Indexes for table `tblinvoices`
--
ALTER TABLE `tblinvoices`
  ADD PRIMARY KEY (`id`),
  ADD KEY `currency` (`currency`),
  ADD KEY `clientid` (`clientid`),
  ADD KEY `project_id` (`project_id`),
  ADD KEY `sale_agent` (`sale_agent`),
  ADD KEY `total` (`total`);

--
-- Indexes for table `tblitemable`
--
ALTER TABLE `tblitemable`
  ADD PRIMARY KEY (`id`),
  ADD KEY `rel_id` (`rel_id`),
  ADD KEY `rel_type` (`rel_type`),
  ADD KEY `qty` (`qty`),
  ADD KEY `rate` (`rate`);

--
-- Indexes for table `tblitems`
--
ALTER TABLE `tblitems`
  ADD PRIMARY KEY (`id`),
  ADD KEY `tax` (`tax`),
  ADD KEY `tax2` (`tax2`),
  ADD KEY `group_id` (`group_id`);

--
-- Indexes for table `tblitems_groups`
--
ALTER TABLE `tblitems_groups`
  ADD PRIMARY KEY (`id`);

--
-- Indexes for table `tblitem_tax`
--
ALTER TABLE `tblitem_tax`
  ADD PRIMARY KEY (`id`),
  ADD KEY `itemid` (`itemid`);

--
-- Indexes for table `tblknowedge_base_article_feedback`
--
ALTER TABLE `tblknowedge_base_article_feedback`
  ADD PRIMARY KEY (`articleanswerid`);

--
-- Indexes for table `tblknowledge_base`
--
ALTER TABLE `tblknowledge_base`
  ADD PRIMARY KEY (`articleid`);

--
-- Indexes for table `tblknowledge_base_groups`
--
ALTER TABLE `tblknowledge_base_groups`
  ADD PRIMARY KEY (`groupid`);

--
-- Indexes for table `tblleads`
--
ALTER TABLE `tblleads`
  ADD PRIMARY KEY (`id`),
  ADD KEY `name` (`name`),
  ADD KEY `company` (`company`),
  ADD KEY `email` (`email`),
  ADD KEY `assigned` (`assigned`),
  ADD KEY `status` (`status`),
  ADD KEY `source` (`source`),
  ADD KEY `lastcontact` (`lastcontact`),
  ADD KEY `dateadded` (`dateadded`),
  ADD KEY `leadorder` (`leadorder`),
  ADD KEY `from_form_id` (`from_form_id`);

--
-- Indexes for table `tblleads_email_integration`
--
ALTER TABLE `tblleads_email_integration`
  ADD PRIMARY KEY (`id`);

--
-- Indexes for table `tblleads_email_integration_static`
--
ALTER TABLE `tblleads_email_integration_static`
  ADD PRIMARY KEY (`id`);

--
-- Indexes for table `tblleads_sources`
--
ALTER TABLE `tblleads_sources`
  ADD PRIMARY KEY (`id`),
  ADD KEY `name` (`name`);

--
-- Indexes for table `tblleads_sources_static`
--
ALTER TABLE `tblleads_sources_static`
  ADD PRIMARY KEY (`id`);

--
-- Indexes for table `tblleads_status`
--
ALTER TABLE `tblleads_status`
  ADD PRIMARY KEY (`id`),
  ADD KEY `name` (`name`);

--
-- Indexes for table `tblleads_status_static`
--
ALTER TABLE `tblleads_status_static`
  ADD PRIMARY KEY (`id`);

--
-- Indexes for table `tbllead_activity_log`
--
ALTER TABLE `tbllead_activity_log`
  ADD PRIMARY KEY (`id`);

--
-- Indexes for table `tbllead_integration_emails`
--
ALTER TABLE `tbllead_integration_emails`
  ADD PRIMARY KEY (`id`);

--
-- Indexes for table `tblmail_queue`
--
ALTER TABLE `tblmail_queue`
  ADD PRIMARY KEY (`id`);

--
-- Indexes for table `tblmilestones`
--
ALTER TABLE `tblmilestones`
  ADD PRIMARY KEY (`id`);

--
-- Indexes for table `tblmodules`
--
ALTER TABLE `tblmodules`
  ADD PRIMARY KEY (`id`);

--
-- Indexes for table `tblnewsfeed_comment_likes`
--
ALTER TABLE `tblnewsfeed_comment_likes`
  ADD PRIMARY KEY (`id`);

--
-- Indexes for table `tblnewsfeed_posts`
--
ALTER TABLE `tblnewsfeed_posts`
  ADD PRIMARY KEY (`postid`);

--
-- Indexes for table `tblnewsfeed_post_comments`
--
ALTER TABLE `tblnewsfeed_post_comments`
  ADD PRIMARY KEY (`id`);

--
-- Indexes for table `tblnewsfeed_post_likes`
--
ALTER TABLE `tblnewsfeed_post_likes`
  ADD PRIMARY KEY (`id`);

--
-- Indexes for table `tblnotes`
--
ALTER TABLE `tblnotes`
  ADD PRIMARY KEY (`id`),
  ADD KEY `rel_id` (`rel_id`),
  ADD KEY `rel_type` (`rel_type`);

--
-- Indexes for table `tblnotifications`
--
ALTER TABLE `tblnotifications`
  ADD PRIMARY KEY (`id`);

--
-- Indexes for table `tbloptions`
--
ALTER TABLE `tbloptions`
  ADD PRIMARY KEY (`id`),
  ADD KEY `name` (`name`);

--
-- Indexes for table `tbloptions_static`
--
ALTER TABLE `tbloptions_static`
  ADD PRIMARY KEY (`id`);

--
-- Indexes for table `tblpayment_modes`
--
ALTER TABLE `tblpayment_modes`
  ADD PRIMARY KEY (`id`);

--
-- Indexes for table `tblpayment_modes_static`
--
ALTER TABLE `tblpayment_modes_static`
  ADD PRIMARY KEY (`id`);

--
-- Indexes for table `tblpinned_projects`
--
ALTER TABLE `tblpinned_projects`
  ADD PRIMARY KEY (`id`),
  ADD KEY `project_id` (`project_id`);

--
-- Indexes for table `tblpost_inspections`
--
ALTER TABLE `tblpost_inspections`
  ADD PRIMARY KEY (`id`),
  ADD KEY `clientid` (`clientid`),
  ADD KEY `project_id` (`project_id`),
  ADD KEY `estimate_id` (`estimate_id`),
  ADD KEY `property_id` (`property_id`),
  ADD KEY `staff_id` (`staff_id`);

--
-- Indexes for table `tblpost_inspection_areas`
--
ALTER TABLE `tblpost_inspection_areas`
  ADD PRIMARY KEY (`id`),
  ADD KEY `post_inspection_id` (`post_inspection_id`);

--
-- Indexes for table `tblprojectdiscussioncomments`
--
ALTER TABLE `tblprojectdiscussioncomments`
  ADD PRIMARY KEY (`id`);

--
-- Indexes for table `tblprojectdiscussions`
--
ALTER TABLE `tblprojectdiscussions`
  ADD PRIMARY KEY (`id`);

--
-- Indexes for table `tblprojects`
--
ALTER TABLE `tblprojects`
  ADD PRIMARY KEY (`id`),
  ADD KEY `clientid` (`clientid`),
  ADD KEY `name` (`name`);

--
-- Indexes for table `tblproject_activity`
--
ALTER TABLE `tblproject_activity`
  ADD PRIMARY KEY (`id`);

--
-- Indexes for table `tblproject_files`
--
ALTER TABLE `tblproject_files`
  ADD PRIMARY KEY (`id`);

--
-- Indexes for table `tblproject_members`
--
ALTER TABLE `tblproject_members`
  ADD PRIMARY KEY (`id`),
  ADD KEY `project_id` (`project_id`),
  ADD KEY `staff_id` (`staff_id`);

--
-- Indexes for table `tblproject_notes`
--
ALTER TABLE `tblproject_notes`
  ADD PRIMARY KEY (`id`);

--
-- Indexes for table `tblproject_settings`
--
ALTER TABLE `tblproject_settings`
  ADD PRIMARY KEY (`id`),
  ADD KEY `project_id` (`project_id`);

--
-- Indexes for table `tblproposals`
--
ALTER TABLE `tblproposals`
  ADD PRIMARY KEY (`id`);

--
-- Indexes for table `tblproposal_comments`
--
ALTER TABLE `tblproposal_comments`
  ADD PRIMARY KEY (`id`);

--
-- Indexes for table `tblrelated_items`
--
ALTER TABLE `tblrelated_items`
  ADD PRIMARY KEY (`id`);

--
-- Indexes for table `tblreminders`
--
ALTER TABLE `tblreminders`
  ADD PRIMARY KEY (`id`),
  ADD KEY `rel_id` (`rel_id`),
  ADD KEY `rel_type` (`rel_type`),
  ADD KEY `staff` (`staff`);

--
-- Indexes for table `tblroles`
--
ALTER TABLE `tblroles`
  ADD PRIMARY KEY (`roleid`);

--
-- Indexes for table `tblsales_activity`
--
ALTER TABLE `tblsales_activity`
  ADD PRIMARY KEY (`id`);

--
-- Indexes for table `tblscheduled_emails`
--
ALTER TABLE `tblscheduled_emails`
  ADD PRIMARY KEY (`id`);

--
-- Indexes for table `tblservices`
--
ALTER TABLE `tblservices`
  ADD PRIMARY KEY (`serviceid`);

--
-- Indexes for table `tblsessions`
--
ALTER TABLE `tblsessions`
  ADD PRIMARY KEY (`id`),
  ADD KEY `ci_sessions_timestamp` (`timestamp`);

--
-- Indexes for table `tblspam_filters`
--
ALTER TABLE `tblspam_filters`
  ADD PRIMARY KEY (`id`);

--
-- Indexes for table `tblstaff`
--
ALTER TABLE `tblstaff`
  ADD PRIMARY KEY (`staffid`),
  ADD KEY `firstname` (`firstname`),
  ADD KEY `lastname` (`lastname`);

--
-- Indexes for table `tblstaff_departments`
--
ALTER TABLE `tblstaff_departments`
  ADD PRIMARY KEY (`staffdepartmentid`);

--
-- Indexes for table `tblsubscriptions`
--
ALTER TABLE `tblsubscriptions`
  ADD PRIMARY KEY (`id`),
  ADD KEY `clientid` (`clientid`),
  ADD KEY `currency` (`currency`),
  ADD KEY `tax_id` (`tax_id`);

--
-- Indexes for table `tbltaggables`
--
ALTER TABLE `tbltaggables`
  ADD KEY `rel_id` (`rel_id`),
  ADD KEY `rel_type` (`rel_type`),
  ADD KEY `tag_id` (`tag_id`);

--
-- Indexes for table `tbltags`
--
ALTER TABLE `tbltags`
  ADD PRIMARY KEY (`id`),
  ADD KEY `name` (`name`);

--
-- Indexes for table `tbltasks`
--
ALTER TABLE `tbltasks`
  ADD PRIMARY KEY (`id`),
  ADD KEY `rel_id` (`rel_id`),
  ADD KEY `rel_type` (`rel_type`),
  ADD KEY `milestone` (`milestone`),
  ADD KEY `kanban_order` (`kanban_order`);

--
-- Indexes for table `tbltaskstimers`
--
ALTER TABLE `tbltaskstimers`
  ADD PRIMARY KEY (`id`),
  ADD KEY `task_id` (`task_id`),
  ADD KEY `staff_id` (`staff_id`);

--
-- Indexes for table `tbltasks_checklist_templates`
--
ALTER TABLE `tbltasks_checklist_templates`
  ADD PRIMARY KEY (`id`);

--
-- Indexes for table `tbltask_assigned`
--
ALTER TABLE `tbltask_assigned`
  ADD PRIMARY KEY (`id`),
  ADD KEY `taskid` (`taskid`),
  ADD KEY `staffid` (`staffid`);

--
-- Indexes for table `tbltask_checklist_items`
--
ALTER TABLE `tbltask_checklist_items`
  ADD PRIMARY KEY (`id`),
  ADD KEY `taskid` (`taskid`);

--
-- Indexes for table `tbltask_comments`
--
ALTER TABLE `tbltask_comments`
  ADD PRIMARY KEY (`id`),
  ADD KEY `file_id` (`file_id`),
  ADD KEY `taskid` (`taskid`);

--
-- Indexes for table `tbltask_files`
--
ALTER TABLE `tbltask_files`
  ADD PRIMARY KEY (`id`),
  ADD KEY `task_id` (`task_id`);

--
-- Indexes for table `tbltask_followers`
--
ALTER TABLE `tbltask_followers`
  ADD PRIMARY KEY (`id`);

--
-- Indexes for table `tbltaxes`
--
ALTER TABLE `tbltaxes`
  ADD PRIMARY KEY (`id`);

--
-- Indexes for table `tbltemp_files`
--
ALTER TABLE `tbltemp_files`
  ADD PRIMARY KEY (`id`);

--
-- Indexes for table `tbltenants`
--
ALTER TABLE `tbltenants`
  ADD PRIMARY KEY (`id`),
  ADD UNIQUE KEY `email` (`email`);

--
-- Indexes for table `tbltickets`
--
ALTER TABLE `tbltickets`
  ADD PRIMARY KEY (`ticketid`),
  ADD KEY `service` (`service`),
  ADD KEY `department` (`department`),
  ADD KEY `status` (`status`),
  ADD KEY `userid` (`userid`),
  ADD KEY `priority` (`priority`),
  ADD KEY `project_id` (`project_id`),
  ADD KEY `contactid` (`contactid`);

--
-- Indexes for table `tbltickets_pipe_log`
--
ALTER TABLE `tbltickets_pipe_log`
  ADD PRIMARY KEY (`id`);

--
-- Indexes for table `tbltickets_predefined_replies`
--
ALTER TABLE `tbltickets_predefined_replies`
  ADD PRIMARY KEY (`id`);

--
-- Indexes for table `tbltickets_priorities`
--
ALTER TABLE `tbltickets_priorities`
  ADD PRIMARY KEY (`priorityid`);

--
-- Indexes for table `tbltickets_priorities_static`
--
ALTER TABLE `tbltickets_priorities_static`
  ADD PRIMARY KEY (`priorityid`);

--
-- Indexes for table `tbltickets_status`
--
ALTER TABLE `tbltickets_status`
  ADD PRIMARY KEY (`ticketstatusid`);

--
-- Indexes for table `tbltickets_status_static`
--
ALTER TABLE `tbltickets_status_static`
  ADD PRIMARY KEY (`ticketstatusid`);

--
-- Indexes for table `tblticket_attachments`
--
ALTER TABLE `tblticket_attachments`
  ADD PRIMARY KEY (`id`);

--
-- Indexes for table `tblticket_replies`
--
ALTER TABLE `tblticket_replies`
  ADD PRIMARY KEY (`id`);

--
-- Indexes for table `tbltodos`
--
ALTER TABLE `tbltodos`
  ADD PRIMARY KEY (`todoid`);

--
-- Indexes for table `tbltracked_mails`
--
ALTER TABLE `tbltracked_mails`
  ADD PRIMARY KEY (`id`);

--
-- Indexes for table `tbluser_api`
--
ALTER TABLE `tbluser_api`
  ADD PRIMARY KEY (`id`);

--
-- Indexes for table `tbluser_meta`
--
ALTER TABLE `tbluser_meta`
  ADD PRIMARY KEY (`umeta_id`);

--
-- Indexes for table `tblvault`
--
ALTER TABLE `tblvault`
  ADD PRIMARY KEY (`id`);

--
-- Indexes for table `tblviews_tracking`
--
ALTER TABLE `tblviews_tracking`
  ADD PRIMARY KEY (`id`);

--
-- Indexes for table `tblweb_to_lead`
--
ALTER TABLE `tblweb_to_lead`
  ADD PRIMARY KEY (`id`);

--
-- AUTO_INCREMENT for dumped tables
--

--
-- AUTO_INCREMENT for table `tblactivity_log`
--
ALTER TABLE `tblactivity_log`
  MODIFY `id` bigint(20) UNSIGNED NOT NULL AUTO_INCREMENT, AUTO_INCREMENT=375;

--
-- AUTO_INCREMENT for table `tblannouncements`
--
ALTER TABLE `tblannouncements`
  MODIFY `announcementid` bigint(20) UNSIGNED NOT NULL AUTO_INCREMENT, AUTO_INCREMENT=2;

--
-- AUTO_INCREMENT for table `tblappointly_appointments`
--
ALTER TABLE `tblappointly_appointments`
  MODIFY `id` bigint(20) UNSIGNED NOT NULL AUTO_INCREMENT;

--
-- AUTO_INCREMENT for table `tblappointly_appointment_types`
--
ALTER TABLE `tblappointly_appointment_types`
  MODIFY `id` bigint(20) UNSIGNED NOT NULL AUTO_INCREMENT;

--
-- AUTO_INCREMENT for table `tblappointly_callbacks`
--
ALTER TABLE `tblappointly_callbacks`
  MODIFY `id` bigint(20) UNSIGNED NOT NULL AUTO_INCREMENT;

--
-- AUTO_INCREMENT for table `tblappointly_callbacks_assignees`
--
ALTER TABLE `tblappointly_callbacks_assignees`
  MODIFY `id` bigint(20) UNSIGNED NOT NULL AUTO_INCREMENT;

--
-- AUTO_INCREMENT for table `tblappointly_google`
--
ALTER TABLE `tblappointly_google`
  MODIFY `id` bigint(20) UNSIGNED NOT NULL AUTO_INCREMENT;

--
-- AUTO_INCREMENT for table `tblarea_tasks`
--
ALTER TABLE `tblarea_tasks`
  MODIFY `id` bigint(20) UNSIGNED NOT NULL AUTO_INCREMENT, AUTO_INCREMENT=7;

--
-- AUTO_INCREMENT for table `tblassets`
--
ALTER TABLE `tblassets`
  MODIFY `id` bigint(20) UNSIGNED NOT NULL AUTO_INCREMENT, AUTO_INCREMENT=3;

--
-- AUTO_INCREMENT for table `tblassets_acction_1`
--
ALTER TABLE `tblassets_acction_1`
  MODIFY `id` bigint(20) UNSIGNED NOT NULL AUTO_INCREMENT, AUTO_INCREMENT=2;

--
-- AUTO_INCREMENT for table `tblassets_acction_2`
--
ALTER TABLE `tblassets_acction_2`
  MODIFY `id` bigint(20) UNSIGNED NOT NULL AUTO_INCREMENT, AUTO_INCREMENT=3;

--
-- AUTO_INCREMENT for table `tblassets_group`
--
ALTER TABLE `tblassets_group`
  MODIFY `group_id` bigint(20) UNSIGNED NOT NULL AUTO_INCREMENT, AUTO_INCREMENT=3;

--
-- AUTO_INCREMENT for table `tblasset_location`
--
ALTER TABLE `tblasset_location`
  MODIFY `location_id` bigint(20) UNSIGNED NOT NULL AUTO_INCREMENT, AUTO_INCREMENT=3;

--
-- AUTO_INCREMENT for table `tblasset_unit`
--
ALTER TABLE `tblasset_unit`
  MODIFY `unit_id` bigint(20) UNSIGNED NOT NULL AUTO_INCREMENT, AUTO_INCREMENT=3;

--
-- AUTO_INCREMENT for table `tblclients`
--
ALTER TABLE `tblclients`
  MODIFY `userid` bigint(20) UNSIGNED NOT NULL AUTO_INCREMENT, AUTO_INCREMENT=98;

--
-- AUTO_INCREMENT for table `tblconsents`
--
ALTER TABLE `tblconsents`
  MODIFY `id` bigint(20) UNSIGNED NOT NULL AUTO_INCREMENT;

--
-- AUTO_INCREMENT for table `tblconsent_purposes`
--
ALTER TABLE `tblconsent_purposes`
  MODIFY `id` bigint(20) UNSIGNED NOT NULL AUTO_INCREMENT;

--
-- AUTO_INCREMENT for table `tblcontacts`
--
ALTER TABLE `tblcontacts`
  MODIFY `id` bigint(20) UNSIGNED NOT NULL AUTO_INCREMENT, AUTO_INCREMENT=92;

--
-- AUTO_INCREMENT for table `tblcontact_permissions`
--
ALTER TABLE `tblcontact_permissions`
  MODIFY `id` bigint(20) UNSIGNED NOT NULL AUTO_INCREMENT, AUTO_INCREMENT=7;

--
-- AUTO_INCREMENT for table `tblcontracts`
--
ALTER TABLE `tblcontracts`
  MODIFY `id` bigint(20) UNSIGNED NOT NULL AUTO_INCREMENT;

--
-- AUTO_INCREMENT for table `tblcontracts_types`
--
ALTER TABLE `tblcontracts_types`
  MODIFY `id` bigint(20) UNSIGNED NOT NULL AUTO_INCREMENT;

--
-- AUTO_INCREMENT for table `tblcontract_comments`
--
ALTER TABLE `tblcontract_comments`
  MODIFY `id` bigint(20) UNSIGNED NOT NULL AUTO_INCREMENT;

--
-- AUTO_INCREMENT for table `tblcontract_renewals`
--
ALTER TABLE `tblcontract_renewals`
  MODIFY `id` bigint(20) UNSIGNED NOT NULL AUTO_INCREMENT;

--
-- AUTO_INCREMENT for table `tblcountries`
--
ALTER TABLE `tblcountries`
  MODIFY `country_id` int(5) NOT NULL AUTO_INCREMENT, AUTO_INCREMENT=251;

--
-- AUTO_INCREMENT for table `tblcreditnotes`
--
ALTER TABLE `tblcreditnotes`
  MODIFY `id` bigint(20) UNSIGNED NOT NULL AUTO_INCREMENT;

--
-- AUTO_INCREMENT for table `tblcreditnote_refunds`
--
ALTER TABLE `tblcreditnote_refunds`
  MODIFY `id` bigint(20) UNSIGNED NOT NULL AUTO_INCREMENT;

--
-- AUTO_INCREMENT for table `tblcredits`
--
ALTER TABLE `tblcredits`
  MODIFY `id` bigint(20) UNSIGNED NOT NULL AUTO_INCREMENT;

--
-- AUTO_INCREMENT for table `tblcurrencies`
--
ALTER TABLE `tblcurrencies`
  MODIFY `id` bigint(20) UNSIGNED NOT NULL AUTO_INCREMENT, AUTO_INCREMENT=12;

--
-- AUTO_INCREMENT for table `tblcurrencies_static`
--
ALTER TABLE `tblcurrencies_static`
  MODIFY `id` bigint(20) UNSIGNED NOT NULL AUTO_INCREMENT, AUTO_INCREMENT=3;

--
-- AUTO_INCREMENT for table `tblcustomers_groups`
--
ALTER TABLE `tblcustomers_groups`
  MODIFY `id` bigint(20) UNSIGNED NOT NULL AUTO_INCREMENT;

--
-- AUTO_INCREMENT for table `tblcustomer_groups`
--
ALTER TABLE `tblcustomer_groups`
  MODIFY `id` bigint(20) UNSIGNED NOT NULL AUTO_INCREMENT;

--
-- AUTO_INCREMENT for table `tblcustomer_properties`
--
ALTER TABLE `tblcustomer_properties`
  MODIFY `id` bigint(20) UNSIGNED NOT NULL AUTO_INCREMENT, AUTO_INCREMENT=79;

--
-- AUTO_INCREMENT for table `tblcustomfields`
--
ALTER TABLE `tblcustomfields`
  MODIFY `id` bigint(20) UNSIGNED NOT NULL AUTO_INCREMENT;

--
-- AUTO_INCREMENT for table `tblcustomfieldsvalues`
--
ALTER TABLE `tblcustomfieldsvalues`
  MODIFY `id` bigint(20) UNSIGNED NOT NULL AUTO_INCREMENT;

--
-- AUTO_INCREMENT for table `tbldepartments`
--
ALTER TABLE `tbldepartments`
  MODIFY `departmentid` bigint(20) UNSIGNED NOT NULL AUTO_INCREMENT;

--
-- AUTO_INCREMENT for table `tbldismissed_announcements`
--
ALTER TABLE `tbldismissed_announcements`
  MODIFY `dismissedannouncementid` bigint(20) UNSIGNED NOT NULL AUTO_INCREMENT;

--
-- AUTO_INCREMENT for table `tblemailtemplates`
--
ALTER TABLE `tblemailtemplates`
  MODIFY `emailtemplateid` bigint(20) UNSIGNED NOT NULL AUTO_INCREMENT, AUTO_INCREMENT=8143;

--
-- AUTO_INCREMENT for table `tblemailtemplates_static`
--
ALTER TABLE `tblemailtemplates_static`
  MODIFY `emailtemplateid` bigint(20) UNSIGNED NOT NULL AUTO_INCREMENT, AUTO_INCREMENT=2002;

--
-- AUTO_INCREMENT for table `tblestimates`
--
ALTER TABLE `tblestimates`
  MODIFY `id` bigint(20) UNSIGNED NOT NULL AUTO_INCREMENT, AUTO_INCREMENT=2;

--
-- AUTO_INCREMENT for table `tblevents`
--
ALTER TABLE `tblevents`
  MODIFY `eventid` bigint(20) UNSIGNED NOT NULL AUTO_INCREMENT, AUTO_INCREMENT=2;

--
-- AUTO_INCREMENT for table `tblexpenses`
--
ALTER TABLE `tblexpenses`
  MODIFY `id` bigint(20) UNSIGNED NOT NULL AUTO_INCREMENT, AUTO_INCREMENT=68;

--
-- AUTO_INCREMENT for table `tblexpenses_categories`
--
ALTER TABLE `tblexpenses_categories`
  MODIFY `id` bigint(20) UNSIGNED NOT NULL AUTO_INCREMENT, AUTO_INCREMENT=9;

--
-- AUTO_INCREMENT for table `tblfiles`
--
ALTER TABLE `tblfiles`
  MODIFY `id` bigint(20) UNSIGNED NOT NULL AUTO_INCREMENT, AUTO_INCREMENT=58;

--
-- AUTO_INCREMENT for table `tblform_questions`
--
ALTER TABLE `tblform_questions`
  MODIFY `questionid` bigint(20) UNSIGNED NOT NULL AUTO_INCREMENT;

--
-- AUTO_INCREMENT for table `tblform_question_box`
--
ALTER TABLE `tblform_question_box`
  MODIFY `boxid` bigint(20) UNSIGNED NOT NULL AUTO_INCREMENT;

--
-- AUTO_INCREMENT for table `tblform_question_box_description`
--
ALTER TABLE `tblform_question_box_description`
  MODIFY `questionboxdescriptionid` bigint(20) UNSIGNED NOT NULL AUTO_INCREMENT;

--
-- AUTO_INCREMENT for table `tblform_results`
--
ALTER TABLE `tblform_results`
  MODIFY `resultid` bigint(20) UNSIGNED NOT NULL AUTO_INCREMENT;

--
-- AUTO_INCREMENT for table `tblgdpr_requests`
--
ALTER TABLE `tblgdpr_requests`
  MODIFY `id` bigint(20) UNSIGNED NOT NULL AUTO_INCREMENT;

--
-- AUTO_INCREMENT for table `tblindustry`
--
ALTER TABLE `tblindustry`
  MODIFY `id` bigint(20) UNSIGNED NOT NULL AUTO_INCREMENT, AUTO_INCREMENT=4;

--
-- AUTO_INCREMENT for table `tblinventory_history`
--
ALTER TABLE `tblinventory_history`
  MODIFY `id` bigint(20) UNSIGNED NOT NULL AUTO_INCREMENT, AUTO_INCREMENT=6;

--
-- AUTO_INCREMENT for table `tblinvoicepaymentrecords`
--
ALTER TABLE `tblinvoicepaymentrecords`
  MODIFY `id` bigint(20) UNSIGNED NOT NULL AUTO_INCREMENT;

--
-- AUTO_INCREMENT for table `tblinvoices`
--
ALTER TABLE `tblinvoices`
  MODIFY `id` bigint(20) UNSIGNED NOT NULL AUTO_INCREMENT, AUTO_INCREMENT=2;

--
-- AUTO_INCREMENT for table `tblitemable`
--
ALTER TABLE `tblitemable`
  MODIFY `id` bigint(20) UNSIGNED NOT NULL AUTO_INCREMENT, AUTO_INCREMENT=3;

--
-- AUTO_INCREMENT for table `tblitems`
--
ALTER TABLE `tblitems`
  MODIFY `id` bigint(20) UNSIGNED NOT NULL AUTO_INCREMENT, AUTO_INCREMENT=2;

--
-- AUTO_INCREMENT for table `tblitems_groups`
--
ALTER TABLE `tblitems_groups`
  MODIFY `id` bigint(20) UNSIGNED NOT NULL AUTO_INCREMENT, AUTO_INCREMENT=3;

--
-- AUTO_INCREMENT for table `tblitem_tax`
--
ALTER TABLE `tblitem_tax`
  MODIFY `id` bigint(20) UNSIGNED NOT NULL AUTO_INCREMENT;

--
-- AUTO_INCREMENT for table `tblknowedge_base_article_feedback`
--
ALTER TABLE `tblknowedge_base_article_feedback`
  MODIFY `articleanswerid` bigint(20) UNSIGNED NOT NULL AUTO_INCREMENT;

--
-- AUTO_INCREMENT for table `tblknowledge_base`
--
ALTER TABLE `tblknowledge_base`
  MODIFY `articleid` bigint(20) UNSIGNED NOT NULL AUTO_INCREMENT;

--
-- AUTO_INCREMENT for table `tblknowledge_base_groups`
--
ALTER TABLE `tblknowledge_base_groups`
  MODIFY `groupid` bigint(20) UNSIGNED NOT NULL AUTO_INCREMENT;

--
-- AUTO_INCREMENT for table `tblleads`
--
ALTER TABLE `tblleads`
  MODIFY `id` bigint(20) UNSIGNED NOT NULL AUTO_INCREMENT, AUTO_INCREMENT=4;

--
-- AUTO_INCREMENT for table `tblleads_email_integration`
--
ALTER TABLE `tblleads_email_integration`
  MODIFY `id` bigint(20) UNSIGNED NOT NULL AUTO_INCREMENT COMMENT 'the ID always must be 1', AUTO_INCREMENT=4;

--
-- AUTO_INCREMENT for table `tblleads_email_integration_static`
--
ALTER TABLE `tblleads_email_integration_static`
  MODIFY `id` bigint(20) UNSIGNED NOT NULL AUTO_INCREMENT, AUTO_INCREMENT=2;

--
-- AUTO_INCREMENT for table `tblleads_sources`
--
ALTER TABLE `tblleads_sources`
  MODIFY `id` bigint(20) UNSIGNED NOT NULL AUTO_INCREMENT, AUTO_INCREMENT=12;

--
-- AUTO_INCREMENT for table `tblleads_sources_static`
--
ALTER TABLE `tblleads_sources_static`
  MODIFY `id` bigint(20) UNSIGNED NOT NULL AUTO_INCREMENT, AUTO_INCREMENT=3;

--
-- AUTO_INCREMENT for table `tblleads_status`
--
ALTER TABLE `tblleads_status`
  MODIFY `id` bigint(20) UNSIGNED NOT NULL AUTO_INCREMENT, AUTO_INCREMENT=5;

--
-- AUTO_INCREMENT for table `tblleads_status_static`
--
ALTER TABLE `tblleads_status_static`
  MODIFY `id` bigint(20) UNSIGNED NOT NULL AUTO_INCREMENT, AUTO_INCREMENT=2;

--
-- AUTO_INCREMENT for table `tbllead_activity_log`
--
ALTER TABLE `tbllead_activity_log`
  MODIFY `id` bigint(20) UNSIGNED NOT NULL AUTO_INCREMENT, AUTO_INCREMENT=4;

--
-- AUTO_INCREMENT for table `tbllead_integration_emails`
--
ALTER TABLE `tbllead_integration_emails`
  MODIFY `id` bigint(20) UNSIGNED NOT NULL AUTO_INCREMENT;

--
-- AUTO_INCREMENT for table `tblmail_queue`
--
ALTER TABLE `tblmail_queue`
  MODIFY `id` bigint(20) UNSIGNED NOT NULL AUTO_INCREMENT;

--
-- AUTO_INCREMENT for table `tblmilestones`
--
ALTER TABLE `tblmilestones`
  MODIFY `id` bigint(20) UNSIGNED NOT NULL AUTO_INCREMENT;

--
-- AUTO_INCREMENT for table `tblmodules`
--
ALTER TABLE `tblmodules`
  MODIFY `id` bigint(20) UNSIGNED NOT NULL AUTO_INCREMENT, AUTO_INCREMENT=9;

--
-- AUTO_INCREMENT for table `tblnewsfeed_comment_likes`
--
ALTER TABLE `tblnewsfeed_comment_likes`
  MODIFY `id` bigint(20) UNSIGNED NOT NULL AUTO_INCREMENT;

--
-- AUTO_INCREMENT for table `tblnewsfeed_posts`
--
ALTER TABLE `tblnewsfeed_posts`
  MODIFY `postid` bigint(20) UNSIGNED NOT NULL AUTO_INCREMENT;

--
-- AUTO_INCREMENT for table `tblnewsfeed_post_comments`
--
ALTER TABLE `tblnewsfeed_post_comments`
  MODIFY `id` bigint(20) UNSIGNED NOT NULL AUTO_INCREMENT;

--
-- AUTO_INCREMENT for table `tblnewsfeed_post_likes`
--
ALTER TABLE `tblnewsfeed_post_likes`
  MODIFY `id` bigint(20) UNSIGNED NOT NULL AUTO_INCREMENT;

--
-- AUTO_INCREMENT for table `tblnotes`
--
ALTER TABLE `tblnotes`
  MODIFY `id` bigint(20) UNSIGNED NOT NULL AUTO_INCREMENT;

--
-- AUTO_INCREMENT for table `tblnotifications`
--
ALTER TABLE `tblnotifications`
  MODIFY `id` bigint(20) UNSIGNED NOT NULL AUTO_INCREMENT;

--
-- AUTO_INCREMENT for table `tbloptions`
--
ALTER TABLE `tbloptions`
  MODIFY `id` bigint(20) UNSIGNED NOT NULL AUTO_INCREMENT, AUTO_INCREMENT=1977;

--
-- AUTO_INCREMENT for table `tbloptions_static`
--
ALTER TABLE `tbloptions_static`
  MODIFY `id` bigint(20) UNSIGNED NOT NULL AUTO_INCREMENT, AUTO_INCREMENT=444;

--
-- AUTO_INCREMENT for table `tblpayment_modes`
--
ALTER TABLE `tblpayment_modes`
  MODIFY `id` bigint(20) UNSIGNED NOT NULL AUTO_INCREMENT, AUTO_INCREMENT=12;

--
-- AUTO_INCREMENT for table `tblpayment_modes_static`
--
ALTER TABLE `tblpayment_modes_static`
  MODIFY `id` bigint(20) UNSIGNED NOT NULL AUTO_INCREMENT, AUTO_INCREMENT=3;

--
-- AUTO_INCREMENT for table `tblpinned_projects`
--
ALTER TABLE `tblpinned_projects`
  MODIFY `id` bigint(20) UNSIGNED NOT NULL AUTO_INCREMENT;

--
-- AUTO_INCREMENT for table `tblpost_inspections`
--
ALTER TABLE `tblpost_inspections`
  MODIFY `id` bigint(20) UNSIGNED NOT NULL AUTO_INCREMENT, AUTO_INCREMENT=4;

--
-- AUTO_INCREMENT for table `tblpost_inspection_areas`
--
ALTER TABLE `tblpost_inspection_areas`
  MODIFY `id` bigint(20) UNSIGNED NOT NULL AUTO_INCREMENT, AUTO_INCREMENT=5;

--
-- AUTO_INCREMENT for table `tblprojectdiscussioncomments`
--
ALTER TABLE `tblprojectdiscussioncomments`
  MODIFY `id` bigint(20) UNSIGNED NOT NULL AUTO_INCREMENT, AUTO_INCREMENT=2;

--
-- AUTO_INCREMENT for table `tblprojectdiscussions`
--
ALTER TABLE `tblprojectdiscussions`
  MODIFY `id` bigint(20) UNSIGNED NOT NULL AUTO_INCREMENT, AUTO_INCREMENT=2;

--
-- AUTO_INCREMENT for table `tblprojects`
--
ALTER TABLE `tblprojects`
  MODIFY `id` bigint(20) UNSIGNED NOT NULL AUTO_INCREMENT, AUTO_INCREMENT=2;

--
-- AUTO_INCREMENT for table `tblproject_activity`
--
ALTER TABLE `tblproject_activity`
  MODIFY `id` bigint(20) UNSIGNED NOT NULL AUTO_INCREMENT, AUTO_INCREMENT=19;

--
-- AUTO_INCREMENT for table `tblproject_files`
--
ALTER TABLE `tblproject_files`
  MODIFY `id` bigint(20) UNSIGNED NOT NULL AUTO_INCREMENT;

--
-- AUTO_INCREMENT for table `tblproject_members`
--
ALTER TABLE `tblproject_members`
  MODIFY `id` bigint(20) UNSIGNED NOT NULL AUTO_INCREMENT, AUTO_INCREMENT=2;

--
-- AUTO_INCREMENT for table `tblproject_notes`
--
ALTER TABLE `tblproject_notes`
  MODIFY `id` bigint(20) UNSIGNED NOT NULL AUTO_INCREMENT;

--
-- AUTO_INCREMENT for table `tblproject_settings`
--
ALTER TABLE `tblproject_settings`
  MODIFY `id` bigint(20) UNSIGNED NOT NULL AUTO_INCREMENT, AUTO_INCREMENT=20;

--
-- AUTO_INCREMENT for table `tblproposals`
--
ALTER TABLE `tblproposals`
  MODIFY `id` bigint(20) UNSIGNED NOT NULL AUTO_INCREMENT;

--
-- AUTO_INCREMENT for table `tblproposal_comments`
--
ALTER TABLE `tblproposal_comments`
  MODIFY `id` bigint(20) UNSIGNED NOT NULL AUTO_INCREMENT;

--
-- AUTO_INCREMENT for table `tblrelated_items`
--
ALTER TABLE `tblrelated_items`
  MODIFY `id` bigint(20) UNSIGNED NOT NULL AUTO_INCREMENT, AUTO_INCREMENT=2;

--
-- AUTO_INCREMENT for table `tblreminders`
--
ALTER TABLE `tblreminders`
  MODIFY `id` bigint(20) UNSIGNED NOT NULL AUTO_INCREMENT;

--
-- AUTO_INCREMENT for table `tblroles`
--
ALTER TABLE `tblroles`
  MODIFY `roleid` bigint(20) UNSIGNED NOT NULL AUTO_INCREMENT, AUTO_INCREMENT=2;

--
-- AUTO_INCREMENT for table `tblsales_activity`
--
ALTER TABLE `tblsales_activity`
  MODIFY `id` bigint(20) UNSIGNED NOT NULL AUTO_INCREMENT, AUTO_INCREMENT=3;

--
-- AUTO_INCREMENT for table `tblscheduled_emails`
--
ALTER TABLE `tblscheduled_emails`
  MODIFY `id` bigint(20) UNSIGNED NOT NULL AUTO_INCREMENT;

--
-- AUTO_INCREMENT for table `tblservices`
--
ALTER TABLE `tblservices`
  MODIFY `serviceid` bigint(20) UNSIGNED NOT NULL AUTO_INCREMENT;

--
-- AUTO_INCREMENT for table `tblspam_filters`
--
ALTER TABLE `tblspam_filters`
  MODIFY `id` bigint(20) UNSIGNED NOT NULL AUTO_INCREMENT;

--
-- AUTO_INCREMENT for table `tblstaff`
--
ALTER TABLE `tblstaff`
  MODIFY `staffid` bigint(20) UNSIGNED NOT NULL AUTO_INCREMENT, AUTO_INCREMENT=57;

--
-- AUTO_INCREMENT for table `tblstaff_departments`
--
ALTER TABLE `tblstaff_departments`
  MODIFY `staffdepartmentid` bigint(20) UNSIGNED NOT NULL AUTO_INCREMENT;

--
-- AUTO_INCREMENT for table `tblsubscriptions`
--
ALTER TABLE `tblsubscriptions`
  MODIFY `id` bigint(20) UNSIGNED NOT NULL AUTO_INCREMENT;

--
-- AUTO_INCREMENT for table `tbltags`
--
ALTER TABLE `tbltags`
  MODIFY `id` bigint(20) UNSIGNED NOT NULL AUTO_INCREMENT;

--
-- AUTO_INCREMENT for table `tbltasks`
--
ALTER TABLE `tbltasks`
  MODIFY `id` bigint(20) UNSIGNED NOT NULL AUTO_INCREMENT;

--
-- AUTO_INCREMENT for table `tbltaskstimers`
--
ALTER TABLE `tbltaskstimers`
  MODIFY `id` bigint(20) UNSIGNED NOT NULL AUTO_INCREMENT;

--
-- AUTO_INCREMENT for table `tbltasks_checklist_templates`
--
ALTER TABLE `tbltasks_checklist_templates`
  MODIFY `id` bigint(20) UNSIGNED NOT NULL AUTO_INCREMENT;

--
-- AUTO_INCREMENT for table `tbltask_assigned`
--
ALTER TABLE `tbltask_assigned`
  MODIFY `id` bigint(20) UNSIGNED NOT NULL AUTO_INCREMENT;

--
-- AUTO_INCREMENT for table `tbltask_checklist_items`
--
ALTER TABLE `tbltask_checklist_items`
  MODIFY `id` bigint(20) UNSIGNED NOT NULL AUTO_INCREMENT;

--
-- AUTO_INCREMENT for table `tbltask_comments`
--
ALTER TABLE `tbltask_comments`
  MODIFY `id` bigint(20) UNSIGNED NOT NULL AUTO_INCREMENT;

--
-- AUTO_INCREMENT for table `tbltask_files`
--
ALTER TABLE `tbltask_files`
  MODIFY `id` bigint(20) UNSIGNED NOT NULL AUTO_INCREMENT, AUTO_INCREMENT=3;

--
-- AUTO_INCREMENT for table `tbltask_followers`
--
ALTER TABLE `tbltask_followers`
  MODIFY `id` bigint(20) UNSIGNED NOT NULL AUTO_INCREMENT;

--
-- AUTO_INCREMENT for table `tbltaxes`
--
ALTER TABLE `tbltaxes`
  MODIFY `id` bigint(20) UNSIGNED NOT NULL AUTO_INCREMENT, AUTO_INCREMENT=4;

--
-- AUTO_INCREMENT for table `tbltemp_files`
--
ALTER TABLE `tbltemp_files`
  MODIFY `id` bigint(20) UNSIGNED NOT NULL AUTO_INCREMENT, AUTO_INCREMENT=2;

--
-- AUTO_INCREMENT for table `tbltenants`
--
ALTER TABLE `tbltenants`
  MODIFY `id` bigint(20) UNSIGNED NOT NULL AUTO_INCREMENT, AUTO_INCREMENT=56;

--
-- AUTO_INCREMENT for table `tbltickets`
--
ALTER TABLE `tbltickets`
  MODIFY `ticketid` bigint(20) UNSIGNED NOT NULL AUTO_INCREMENT;

--
-- AUTO_INCREMENT for table `tbltickets_pipe_log`
--
ALTER TABLE `tbltickets_pipe_log`
  MODIFY `id` bigint(20) UNSIGNED NOT NULL AUTO_INCREMENT;

--
-- AUTO_INCREMENT for table `tbltickets_predefined_replies`
--
ALTER TABLE `tbltickets_predefined_replies`
  MODIFY `id` bigint(20) UNSIGNED NOT NULL AUTO_INCREMENT;

--
-- AUTO_INCREMENT for table `tbltickets_priorities`
--
ALTER TABLE `tbltickets_priorities`
  MODIFY `priorityid` bigint(20) UNSIGNED NOT NULL AUTO_INCREMENT, AUTO_INCREMENT=13;

--
-- AUTO_INCREMENT for table `tbltickets_priorities_static`
--
ALTER TABLE `tbltickets_priorities_static`
  MODIFY `priorityid` bigint(20) UNSIGNED NOT NULL AUTO_INCREMENT, AUTO_INCREMENT=4;

--
-- AUTO_INCREMENT for table `tbltickets_status`
--
ALTER TABLE `tbltickets_status`
  MODIFY `ticketstatusid` bigint(20) UNSIGNED NOT NULL AUTO_INCREMENT, AUTO_INCREMENT=27;

--
-- AUTO_INCREMENT for table `tbltickets_status_static`
--
ALTER TABLE `tbltickets_status_static`
  MODIFY `ticketstatusid` bigint(20) UNSIGNED NOT NULL AUTO_INCREMENT, AUTO_INCREMENT=6;

--
-- AUTO_INCREMENT for table `tblticket_attachments`
--
ALTER TABLE `tblticket_attachments`
  MODIFY `id` bigint(20) UNSIGNED NOT NULL AUTO_INCREMENT;

--
-- AUTO_INCREMENT for table `tblticket_replies`
--
ALTER TABLE `tblticket_replies`
  MODIFY `id` bigint(20) UNSIGNED NOT NULL AUTO_INCREMENT;

--
-- AUTO_INCREMENT for table `tbltodos`
--
ALTER TABLE `tbltodos`
  MODIFY `todoid` bigint(20) UNSIGNED NOT NULL AUTO_INCREMENT;

--
-- AUTO_INCREMENT for table `tbltracked_mails`
--
ALTER TABLE `tbltracked_mails`
  MODIFY `id` bigint(20) UNSIGNED NOT NULL AUTO_INCREMENT;

--
-- AUTO_INCREMENT for table `tbluser_api`
--
ALTER TABLE `tbluser_api`
  MODIFY `id` int(11) NOT NULL AUTO_INCREMENT, AUTO_INCREMENT=2;

--
-- AUTO_INCREMENT for table `tbluser_meta`
--
ALTER TABLE `tbluser_meta`
  MODIFY `umeta_id` bigint(20) UNSIGNED NOT NULL AUTO_INCREMENT, AUTO_INCREMENT=5;

--
-- AUTO_INCREMENT for table `tblvault`
--
ALTER TABLE `tblvault`
  MODIFY `id` bigint(20) UNSIGNED NOT NULL AUTO_INCREMENT;

--
-- AUTO_INCREMENT for table `tblviews_tracking`
--
ALTER TABLE `tblviews_tracking`
  MODIFY `id` bigint(20) UNSIGNED NOT NULL AUTO_INCREMENT;

--
-- AUTO_INCREMENT for table `tblweb_to_lead`
--
ALTER TABLE `tblweb_to_lead`
  MODIFY `id` bigint(20) UNSIGNED NOT NULL AUTO_INCREMENT;
COMMIT;

