INSERT INTO `tblsessions` (`tenant_id`, `id`, `ip_address`, `timestamp`, `data`) VALUES
(1, 'viuapsloa928o8e15kh56a2u55h80fo2', '1.186.199.157', 1591282538, 0x5f5f63695f6c6173745f726567656e65726174657c693a313539313238323533383b),
(1, 'viukddau7crp0ll6pe5o01agq2vq1k06', '103.87.31.130', 1593018884, 0x5f5f63695f6c6173745f726567656e65726174657c693a313539333031383838343b),
(1, 'vivtfdn6pgbk1pf18mh56hg9a1me8l81', '114.79.186.94', 1593854474, 0x5f5f63695f6c6173745f726567656e65726174657c693a313539333835343437343b),
(1, 'vj15s5im67uropfiuhvj4rrfb147jb8n', '103.87.31.129', 1590739086, 0x5f5f63695f6c6173745f726567656e65726174657c693a313539303733393038363b4642524c485f73746174657c733a33323a226636643663646461353437333236363031633064663663306537643139366661223b73746166665f757365725f69647c733a313a2231223b73746166665f6c6f676765645f696e7c623a313b74656e616e745f69647c733a313a2231223b73657475702d6d656e752d6f70656e7c733a303a22223b7265645f75726c7c733a33343a2268747470733a2f2f6465762e6d792e636f6e74726163746f72706c75732e6170702f223b),
(1, 'vj26uh84nh00edpub47i99rbr61gevga', '114.79.165.50', 1592494649, 0x5f5f63695f6c6173745f726567656e65726174657c693a313539323439343634393b),
(1, 'vj3a33g1hsj8johsovd5o5e89dg58hp2', '203.192.225.95', 1591704761, 0x5f5f63695f6c6173745f726567656e65726174657c693a313539313730343736313b),
(1, 'vj491lovl0446cvdbhnf9ad6tts8vrlp', '1.186.197.151', 1589484779, 0x5f5f63695f6c6173745f726567656e65726174657c693a313538393438343737393b),
(1, 'vj5h3vbdatf60soc7tape5l07pjsjbn3', '1.186.171.77', 1590875120, 0x5f5f63695f6c6173745f726567656e65726174657c693a313539303837353132303b4642524c485f73746174657c733a33323a223837393566646338383132613630396261356630363662663165386663613966223b73746166665f757365725f69647c733a313a2231223b73746166665f6c6f676765645f696e7c623a313b74656e616e745f69647c733a313a2231223b73657475702d6d656e752d6f70656e7c733a303a22223b),
(1, 'vj5uva0p75d5u5k6udcod2eh2i8qfvca', '1.38.148.22', 1594458772, 0x5f5f63695f6c6173745f726567656e65726174657c693a313539343435383737323b),
(1, 'vj7ki0u34uttnhe1t3paduaad5ctetdm', '103.121.73.156', 1592511058, 0x5f5f63695f6c6173745f726567656e65726174657c693a313539323531313035383b),
(1, 'vj8887gabqgc2aj9jnsnmv1ima5vgkl3', '1.186.198.235', 1594138918, 0x5f5f63695f6c6173745f726567656e65726174657c693a313539343133383931383b),
(1, 'vj8ua65hdg3nh6i2j5m9roe9kq9knken', '1.186.199.69', 1591902324, 0x5f5f63695f6c6173745f726567656e65726174657c693a313539313930323332343b),
(1, 'vj9qimavd700tnlt58uj1c6nr9ujcaar', '203.192.224.77', 1594396847, 0x5f5f63695f6c6173745f726567656e65726174657c693a313539343339363834373b),
(1, 'vjbf1kavjk041bc57ohcg455rtbid188', '1.186.197.213', 1591989286, 0x5f5f63695f6c6173745f726567656e65726174657c693a313539313938393238363b),
(1, 'vjbi80mbrtiv1hvi315tpv5id63212bo', '203.192.225.88', 1591115996, 0x5f5f63695f6c6173745f726567656e65726174657c693a313539313131353939363b),
(1, 'vjc810io0pd2v20ik8rk4smsrq74jimb', '1.186.199.87', 1590501544, 0x5f5f63695f6c6173745f726567656e65726174657c693a313539303530313534343b),
(1, 'vjd4c4lm8rg1vvu1p3cpq7vam1r9h9k6', '203.192.249.250', 1592289904, 0x5f5f63695f6c6173745f726567656e65726174657c693a313539323238393930343b),
(1, 'vjd5q1dvh219pv1ltied08d1saik1m8h', '114.79.165.31', 1591435501, 0x5f5f63695f6c6173745f726567656e65726174657c693a313539313433353530313b),
(1, 'vjdf6kov21nu7k5ud453mhe23egu74qu', '114.79.188.93', 1593072272, 0x5f5f63695f6c6173745f726567656e65726174657c693a313539333037323237323b),
(1, 'vje4ucrud98roah67cpkuljfp4h3g62n', '203.192.224.68', 1593852548, 0x5f5f63695f6c6173745f726567656e65726174657c693a313539333835323534383b),
(1, 'vjf4g3q8t4c2b1if6bbmf0gmcuqn9nl5', '114.79.188.213', 1594110972, 0x5f5f63695f6c6173745f726567656e65726174657c693a313539343131303937323b),
(1, 'vjfi5658gq363083a4l1dng4875l70ku', '1.186.199.233', 1589445171, 0x5f5f63695f6c6173745f726567656e65726174657c693a313538393434353137313b),
(1, 'vjhjjof07l2r88489gcma63fmbv4afs3', '1.186.199.157', 1591284795, 0x5f5f63695f6c6173745f726567656e65726174657c693a313539313238343739353b),
(1, 'vjiej82ao5nqg7qupf5g652mlvfiqp2s', '203.192.225.92', 1591278569, 0x5f5f63695f6c6173745f726567656e65726174657c693a313539313237383536393b),
(1, 'vjim5ehvl60qnldai4fh4v48paavkn7q', '203.192.224.84', 1593185071, 0x5f5f63695f6c6173745f726567656e65726174657c693a313539333138353037313b),
(1, 'vjl0v9rv73ll9n34g0ipto3poqer0b7i', '1.186.199.233', 1589456013, 0x5f5f63695f6c6173745f726567656e65726174657c693a313538393435363031333b),
(1, 'vjp9k7iidmj16f604u1h5j1tcru9gnno', '1.186.197.194', 1594373847, 0x5f5f63695f6c6173745f726567656e65726174657c693a313539343337333834373b),
(1, 'vjq6241gpq0hjpf8geu5ag2il7v2m4kl', '203.192.224.68', 1593762309, 0x5f5f63695f6c6173745f726567656e65726174657c693a313539333736323330393b),
(1, 'vjqrdij44k4qj593525iiqdqamv8gnp6', '203.192.225.140', 1590155615, 0x5f5f63695f6c6173745f726567656e65726174657c693a313539303135353631353b),
(1, 'vjr0j242tpnna4e01ddv701o3lkcb6fl', '114.79.166.112', 1591358242, 0x5f5f63695f6c6173745f726567656e65726174657c693a313539313335383234323b),
(1, 'vjr5tro9kvo0ff68mdho1h84bqotsc57', '103.121.75.137', 1589873303, 0x5f5f63695f6c6173745f726567656e65726174657c693a313538393837333330333b),
(1, 'vjs5hvtjm6eenlq3qc5vmm93g8ng866s', '203.192.249.249', 1593004282, 0x5f5f63695f6c6173745f726567656e65726174657c693a313539333030343238323b),
(1, 'vjsub1jmadfo7hdolucmkborfme1n9ll', '1.186.196.235', 1589201384, 0x5f5f63695f6c6173745f726567656e65726174657c693a313538393230313338343b),
(1, 'vjt7v34b03kt9uqqde34crtovf1i8nuc', '203.192.249.250', 1592468280, 0x5f5f63695f6c6173745f726567656e65726174657c693a313539323436383238303b),
(1, 'vjupm3rhk2vpcmgt6volla4tcgoe1qu2', '1.38.150.110', 1589555796, 0x5f5f63695f6c6173745f726567656e65726174657c693a313538393535353739363b),
(1, 'vk0lih09b5ldr6raoos1lfb7otm7gjm3', '43.242.229.132', 1593876280, 0x5f5f63695f6c6173745f726567656e65726174657c693a313539333837363237393b),
(1, 'vk6ieqg2qud8p5nocfue2rmgs33h3d8k', '203.192.225.92', 1591281715, 0x5f5f63695f6c6173745f726567656e65726174657c693a313539313238313731353b),
(1, 'vk7bbctr7r7mi0c9mh0rvkhfda1nhdju', '114.79.166.112', 1591367953, 0x5f5f63695f6c6173745f726567656e65726174657c693a313539313336373935333b),
(1, 'vkcgi2pcau1d80d3rq6kcp8eb7jh14q7', '103.121.73.170', 1590581863, 0x5f5f63695f6c6173745f726567656e65726174657c693a313539303538313836333b),
(1, 'vkddi24jsfd4j17ccsh5j3j41fmts3et', '1.186.196.176', 1591348926, 0x5f5f63695f6c6173745f726567656e65726174657c693a313539313334383932363b),
(1, 'vkdigur5tl79oo4i8qmrdkg0fjaij5t5', '1.186.168.199', 1591824808, 0x5f5f63695f6c6173745f726567656e65726174657c693a313539313832343830383b4642524c485f73746174657c733a33323a226133333832346431636134613732303439353737313465393365393633373762223b73746166665f757365725f69647c733a313a2231223b73746166665f6c6f676765645f696e7c623a313b74656e616e745f69647c733a313a2231223b73657475702d6d656e752d6f70656e7c733a303a22223b7265645f75726c7c733a35313a2268747470733a2f2f6465762e6d792e636f6e74726163746f72706c75732e6170702f6170706c69636174696f6e5f61646d696e223b7573657269647c733a313a2231223b6170706c69636174696f6e5f61646d696e5f69647c4e3b6170706c69636174696f6e5f61646d696e5f6c6f676765645f696e7c623a313b6170705f61646d696e7c4f3a383a22737464436c617373223a353a7b733a323a226964223b733a313a2231223b733a343a226e616d65223b733a31313a2253757065722041646d696e223b733a353a22656d61696c223b733a31353a2261646d696e40676d61696c2e636f6d223b733a383a2270617373776f7264223b733a36303a222432612430382458505a5957587866724e7a4e35727032467453756c75413670523355387073685a664d4d356150725243656d574d66543170544947223b733a363a22616374697665223b733a313a2231223b7d),
(1, 'vkdmv6smlnaek3egq1u67vgla4qh6h6l', '66.249.84.100', 1593884231, 0x5f5f63695f6c6173745f726567656e65726174657c693a313539333838343233313b),
(1, 'vke1r3f80o76ji4ef34u1ifi6jot0lpl', '103.121.72.122', 1590073173, 0x5f5f63695f6c6173745f726567656e65726174657c693a313539303037333134393b),
(1, 'vke9s7fb6lfn2lr9toqlg2nj35uh6rp9', '203.192.249.251', 1591463890, 0x5f5f63695f6c6173745f726567656e65726174657c693a313539313436333839303b),
(1, 'vkit0r9ci74tbies4fjd5hf0hqp53h2l', '1.186.170.133', 1592403440, 0x5f5f63695f6c6173745f726567656e65726174657c693a313539323430333434303b4642524c485f73746174657c733a33323a223630303937346566643764343239343566356561643236373135633463616534223b73746166665f757365725f69647c733a313a2231223b73746166665f6c6f676765645f696e7c623a313b74656e616e745f69647c733a313a2231223b73657475702d6d656e752d6f70656e7c733a303a22223b),
(1, 'vkk1o329a9c57o28gogb1vtgf2uo6j4f', '203.192.249.250', 1592212471, 0x5f5f63695f6c6173745f726567656e65726174657c693a313539323231323437313b),
(1, 'vkm0p1fprnjr4l81j01chhs1t112k5hr', '1.186.197.147', 1591880908, 0x5f5f63695f6c6173745f726567656e65726174657c693a313539313838303930383b),
(1, 'vkm9a3is8mr8pdkio97kan46u06sv240', '1.38.148.126', 1594670072, 0x5f5f63695f6c6173745f726567656e65726174657c693a313539343637303037323b),
(1, 'vknacol8pn97582g2h5c5uetvvoesphj', '203.192.239.157', 1593589004, 0x5f5f63695f6c6173745f726567656e65726174657c693a313539333538393030343b),
(1, 'vknlcl0a6osd7tn7ul6j2g6dp6svdmle', '114.79.166.112', 1591380662, 0x5f5f63695f6c6173745f726567656e65726174657c693a313539313338303636323b),
(1, 'vkpoomij0a5e7lp7ndiu9275m2redrko', '203.192.224.69', 1594631995, 0x5f5f63695f6c6173745f726567656e65726174657c693a313539343633313939353b),
(1, 'vkrastrkr0davefejq1ajdeorfs5l9v8', '203.192.225.95', 1591708766, 0x5f5f63695f6c6173745f726567656e65726174657c693a313539313730383736363b),
(1, 'vks9adqghk3hruk0lo7tvhn2okj16qqs', '1.186.199.251', 1591028049, 0x5f5f63695f6c6173745f726567656e65726174657c693a313539313032383034393b),
(1, 'vksa9gtjdld2kid34ndqum8n9r5veug0', '203.192.224.99', 1594222664, 0x5f5f63695f6c6173745f726567656e65726174657c693a313539343232323636343b),
(1, 'vkv3bjt9itr0sc2qhvjhphmca3b9b9oe', '103.216.145.205', 1594375775, 0x5f5f63695f6c6173745f726567656e65726174657c693a313539343337353737353b),
(1, 'vl039ce4ohtrmkq57rboprr13ev3ta69', '1.186.198.115', 1589873477, 0x5f5f63695f6c6173745f726567656e65726174657c693a313538393837333437373b),
(1, 'vl0jriicr1t8l1mcv0ol18t9lb7o9fj6', '1.186.197.213', 1591973485, 0x5f5f63695f6c6173745f726567656e65726174657c693a313539313937333438353b),
(1, 'vl1q0ij8hs97vupqlgrkg25q93k9q4no', '1.186.197.147', 1591888926, 0x5f5f63695f6c6173745f726567656e65726174657c693a313539313838383932363b),
(1, 'vl3aqdvvgnesj10af0n531o2iu456qf2', '106.223.41.97', 1594059100, 0x5f5f63695f6c6173745f726567656e65726174657c693a313539343035393130303b4642524c485f73746174657c733a33323a223339326561353632656161303339643466353566356239666434363963343632223b73746166665f757365725f69647c733a313a2231223b73746166665f6c6f676765645f696e7c623a313b74656e616e745f69647c733a313a2231223b73657475702d6d656e752d6f70656e7c733a303a22223b),
(1, 'vl433f22scfa3mk11l5llpakq06i103v', '103.216.145.205', 1594373288, 0x5f5f63695f6c6173745f726567656e65726174657c693a313539343337333238383b),
(1, 'vl5ftl7mk1jkdts9fnpu3s0a6codpooa', '203.192.225.95', 1591689419, 0x5f5f63695f6c6173745f726567656e65726174657c693a313539313638393431393b),
(1, 'vl89qa1d3p66dh4qpndcr1vvp394j4p3', '1.186.197.246', 1589386176, 0x5f5f63695f6c6173745f726567656e65726174657c693a313538393338363130393b),
(1, 'vl8eqa1qej8tsn07ad8no68k0bqo33df', '203.192.225.95', 1591714941, 0x5f5f63695f6c6173745f726567656e65726174657c693a313539313731343934313b),
(1, 'vl8mlbnibvh200l7tnit77492vpsn7vu', '203.192.249.251', 1592646176, 0x5f5f63695f6c6173745f726567656e65726174657c693a313539323634363137363b),
(1, 'vl8psubia1ug1kcmartkh6h5m9s7ia3m', '203.192.225.88', 1591114011, 0x5f5f63695f6c6173745f726567656e65726174657c693a313539313131343031313b),
(1, 'vlacu421p030cljt4s2b794q4j9ac3c6', '203.192.224.84', 1593179605, 0x5f5f63695f6c6173745f726567656e65726174657c693a313539333137393630353b),
(1, 'vlcpfl7vnac5bj7g8bp0g28hdh69kokt', '52.114.6.38', 1589285933, 0x5f5f63695f6c6173745f726567656e65726174657c693a313538393238353933333b),
(1, 'vldl39o330nvm7v2j57irf3i3daj3o5n', '203.192.224.96', 1593855509, 0x5f5f63695f6c6173745f726567656e65726174657c693a313539333835353530393b),
(1, 'vle95m88m9b48qkjs53fil34lteegi2m', '203.192.225.92', 1591256120, 0x5f5f63695f6c6173745f726567656e65726174657c693a313539313235363132303b),
(1, 'vleu8hc8cbls2rq9iqnqbadv2oj5eb70', '1.186.197.147', 1591779125, 0x5f5f63695f6c6173745f726567656e65726174657c693a313539313737393132353b),
(1, 'vlffeens87m27e8i015idtu7hceho2rm', '1.186.197.246', 1591096241, 0x5f5f63695f6c6173745f726567656e65726174657c693a313539313039363234313b),
(1, 'vlivv5ci81f7i45rak46i3ffugiclfvh', '106.193.227.181', 1593707960, 0x5f5f63695f6c6173745f726567656e65726174657c693a313539333730373936303b),
(1, 'vljdi3qqrqvm835ip2fal0ii4g47urpl', '1.186.198.36', 1589289008, 0x5f5f63695f6c6173745f726567656e65726174657c693a313538393238393030383b),
(1, 'vllg3c0okb5mirnrnjegag7un30tm6d4', '114.79.186.94', 1593846872, 0x5f5f63695f6c6173745f726567656e65726174657c693a313539333834363837323b),
(1, 'vln790pn4g41lqbnduqs7k6pqila97o3', '114.79.188.213', 1594121087, 0x5f5f63695f6c6173745f726567656e65726174657c693a313539343132313038373b),
(1, 'vlpagos3quo2tk2mg0ocbltq7qc7kjsm', '103.121.72.137', 1591437563, 0x5f5f63695f6c6173745f726567656e65726174657c693a313539313433373536333b),
(1, 'vlq7q4c9rv4kt3n6b6mucnv672hi4tf5', '171.51.202.18', 1590854268, 0x5f5f63695f6c6173745f726567656e65726174657c693a313539303835343236383b),
(1, 'vlqcfqr9peh733pe9bh9kaiso82inpnj', '1.186.199.69', 1591902547, 0x5f5f63695f6c6173745f726567656e65726174657c693a313539313930323534373b),
(1, 'vlrf7foorahb8sb0vioc61g7g8amaeon', '114.79.185.85', 1590834109, 0x5f5f63695f6c6173745f726567656e65726174657c693a313539303833343130393b),
(1, 'vlu3r8643nfm1gn1dja8p5pmraepu28l', '203.192.249.254', 1591341813, 0x5f5f63695f6c6173745f726567656e65726174657c693a313539313334313831333b),
(1, 'vluni7k5c0unchqo2dkj0qh7qk4e8c3p', '203.192.225.64', 1589801718, 0x5f5f63695f6c6173745f726567656e65726174657c693a313538393830313731383b),
(1, 'vluq4n5ab3otgc107k098bjb31rqvj32', '203.192.225.80', 1590672026, 0x5f5f63695f6c6173745f726567656e65726174657c693a313539303637323032363b),
(1, 'vlv9ckhik6i1ud94k6ljubmvn4dc7d57', '1.186.196.134', 1592201620, 0x5f5f63695f6c6173745f726567656e65726174657c693a313539323230313632303b),
(1, 'vm0j4803a3v13qcqa0m9sh3su4o89858', '203.192.224.94', 1592829430, 0x5f5f63695f6c6173745f726567656e65726174657c693a313539323832393433303b),
(1, 'vm2rh4thnceviq9n81s8imslgf5g0fvu', '1.186.197.194', 1594384435, 0x5f5f63695f6c6173745f726567656e65726174657c693a313539343338343433353b),
(1, 'vm4blhggrfj4cbustafpnpvfqc9fs2vb', '1.186.197.151', 1589483091, 0x5f5f63695f6c6173745f726567656e65726174657c693a313538393438333039313b),
(1, 'vm5ojq2r1a1lpsbq0tovpfngjrmj68jh', '203.192.224.99', 1594224343, 0x5f5f63695f6c6173745f726567656e65726174657c693a313539343232343334333b),
(1, 'vm63alc3ccudk0236ahicair6cld7pmh', '1.186.198.196', 1593765951, 0x5f5f63695f6c6173745f726567656e65726174657c693a313539333736353935313b),
(1, 'vm71dv2uq5t0sj7qlr575quj44549kmn', '1.38.148.22', 1594493525, 0x5f5f63695f6c6173745f726567656e65726174657c693a313539343439333532353b),
(1, 'vm7m3jrbikeqgiqossurg1si65spntp5', '203.192.225.95', 1591690598, 0x5f5f63695f6c6173745f726567656e65726174657c693a313539313639303539383b),
(1, 'vm92vkknfkil4tqc5nr0babghta5mljb', '114.79.188.93', 1593069381, 0x5f5f63695f6c6173745f726567656e65726174657c693a313539333036393338313b),
(1, 'vm9lpehichf82ivovs08pmavro915kfd', '203.192.225.92', 1591292477, 0x5f5f63695f6c6173745f726567656e65726174657c693a313539313239323437373b),
(1, 'vmak8be4pafna578i9jhfla7psj09mar', '1.186.174.197', 1589609738, 0x5f5f63695f6c6173745f726567656e65726174657c693a313538393630393733383b),
(1, 'vmdduhk84l8dgottoabc5ge41ilbqnt1', '1.186.197.246', 1589385646, 0x5f5f63695f6c6173745f726567656e65726174657c693a313538393338353634363b),
(1, 'vme5mi111kd59u5airqu5a72ri7s6ikm', '1.186.174.178', 1593896047, 0x5f5f63695f6c6173745f726567656e65726174657c693a313539333839363034373b),
(1, 'vmgqsol1n55s5d9dv3lha0942jmm99tg', '171.51.202.18', 1590992436, 0x5f5f63695f6c6173745f726567656e65726174657c693a313539303939323433363b),
(1, 'vmj3geos8qdbbo3279vpnu4npqgg2lcg', '52.114.14.102', 1593436647, 0x5f5f63695f6c6173745f726567656e65726174657c693a313539333433363634373b),
(1, 'vmjm2e85ongi761hcittk7ss8kprhqtf', '106.76.78.223', 1594117155, 0x5f5f63695f6c6173745f726567656e65726174657c693a313539343131373135343b),
(1, 'vmkoiaa7rgf44o2g9b5qspo3c7ple75p', '203.192.225.88', 1591110922, 0x5f5f63695f6c6173745f726567656e65726174657c693a313539313131303932323b),
(1, 'vmkr41jk785l06lm7oas540cotreu4cp', '103.121.72.205', 1589962256, 0x5f5f63695f6c6173745f726567656e65726174657c693a313538393936323235363b),
(1, 'vmnt3tphu8k51j1tv5jeriiiddgh4b3g', '47.9.21.23', 1590983138, 0x5f5f63695f6c6173745f726567656e65726174657c693a313539303938333131333b4642524c485f73746174657c733a33323a226566633138653638623833666537653461323634313562386136396334323065223b73746166665f757365725f69647c733a313a2231223b73746166665f6c6f676765645f696e7c623a313b74656e616e745f69647c733a313a2231223b73657475702d6d656e752d6f70656e7c733a303a22223b),
(1, 'vmolhu21bii06qau3k5ajjqd8k8uua9f', '114.79.178.161', 1591004307, 0x5f5f63695f6c6173745f726567656e65726174657c693a313539313030343330373b),
(1, 'vmomrr58kn2p9ar47qkt2qhhd8kqbi45', '203.192.224.99', 1594225637, 0x5f5f63695f6c6173745f726567656e65726174657c693a313539343232353633373b),
(1, 'vmpgn61m19cvk43n0p54uf6th2do002v', '1.186.175.12', 1591097498, 0x5f5f63695f6c6173745f726567656e65726174657c693a313539313039373439383b),
(1, 'vmq57mspsp09imkf5seflao8fqc3k8p0', '203.192.225.92', 1591214899, 0x5f5f63695f6c6173745f726567656e65726174657c693a313539313231343839393b),
(1, 'vmreuv8uonf9adfu1e2g6p3fhl7p70j9', '1.186.198.28', 1592503241, 0x5f5f63695f6c6173745f726567656e65726174657c693a313539323530333234313b),
(1, 'vmsv58k75fjpj32lbsalt3kpljau3vku', '42.106.216.51', 1590755021, 0x5f5f63695f6c6173745f726567656e65726174657c693a313539303735353032313b),
(1, 'vmucs9lhlof3aph3g54p1j5sut3tc6ng', '1.186.170.164', 1592899066, 0x5f5f63695f6c6173745f726567656e65726174657c693a313539323839393036363b4642524c485f73746174657c733a33323a223664386465393131373961326364636431393639303963376634353264353437223b73746166665f757365725f69647c733a313a2231223b73746166665f6c6f676765645f696e7c623a313b74656e616e745f69647c733a313a2231223b73657475702d6d656e752d6f70656e7c733a303a22223b7265645f75726c7c733a33343a2268747470733a2f2f6465762e6d792e636f6e74726163746f72706c75732e6170702f223b),
(1, 'vn0pfh5muud808i4c73mk5qh76g4obvb', '203.192.224.116', 1594365308, 0x5f5f63695f6c6173745f726567656e65726174657c693a313539343336353330383b),
(1, 'vn39ft1gcseeend6qtihngrhnqh1mquv', '1.186.199.233', 1589434698, 0x5f5f63695f6c6173745f726567656e65726174657c693a313538393433343639383b),
(1, 'vn45qqbusbi20jo2ugtghdrv04ko93jh', '103.87.31.130', 1593199788, 0x5f5f63695f6c6173745f726567656e65726174657c693a313539333139393738383b),
(1, 'vn8pr4nomfto0rm6osrhh8egq1hpgqh3', '203.192.239.152', 1594115965, 0x5f5f63695f6c6173745f726567656e65726174657c693a313539343131353831313b),
(1, 'vnahraqi7nq4oemgfj169il2uom40ll3', '203.192.225.137', 1592321248, 0x5f5f63695f6c6173745f726567656e65726174657c693a313539323332313234383b),
(1, 'vnan8o604boald3ejgo3ba7imois00df', '42.106.214.82', 1594565035, 0x5f5f63695f6c6173745f726567656e65726174657c693a313539343536353033353b),
(1, 'vnau5cjtfqen7vrb119cfjgkaitbmb7d', '203.192.224.81', 1594652670, 0x5f5f63695f6c6173745f726567656e65726174657c693a313539343635323637303b),
(1, 'vnbptdliqk7dtkp2ejinvetuoldl28to', '203.192.224.116', 1594372108, 0x5f5f63695f6c6173745f726567656e65726174657c693a313539343337323130383b),
(1, 'vncedqfro4tghs81n5965rfel4jf49f1', '103.87.31.182', 1593871070, 0x5f5f63695f6c6173745f726567656e65726174657c693a313539333837313037303b),
(1, 'vncp7e2qah21ph3qdi81atr1q5hpjste', '1.186.197.2', 1589542306, 0x5f5f63695f6c6173745f726567656e65726174657c693a313538393534323330363b),
(1, 'vndk1e3vbpomg13s6ebu38013p0d2c6q', '203.192.225.95', 1591711630, 0x5f5f63695f6c6173745f726567656e65726174657c693a313539313731313633303b),
(1, 'vnelvev6vq68comjqgk49aksf1uv3nhh', '1.186.196.47', 1590602281, 0x5f5f63695f6c6173745f726567656e65726174657c693a313539303630323238313b),
(1, 'vnfh1lpca09fg7j0nrrcbbvjv6ac6utj', '1.38.148.22', 1594479013, 0x5f5f63695f6c6173745f726567656e65726174657c693a313539343437393031333b),
(1, 'vni6uq6qdosjc4m37cpbmo9037cvgclt', '1.186.197.213', 1591989272, 0x5f5f63695f6c6173745f726567656e65726174657c693a313539313938393237323b),
(1, 'vnigaeopk27lunr533lohdlbuakem452', '1.186.198.28', 1592473607, 0x5f5f63695f6c6173745f726567656e65726174657c693a313539323437333630373b),
(1, 'vnnipdms1s43jggvkusadgop09eah5qh', '203.192.249.252', 1593758547, 0x5f5f63695f6c6173745f726567656e65726174657c693a313539333735383534373b),
(1, 'vnp21rvsd9jlldknd2sqt03d7fd8najo', '1.186.196.207', 1590764853, 0x5f5f63695f6c6173745f726567656e65726174657c693a313539303736343835333b),
(1, 'vnpkeb1jst99k61b1baksj2kuusvggb1', '103.121.73.170', 1590600642, 0x5f5f63695f6c6173745f726567656e65726174657c693a313539303630303634323b),
(1, 'vnpoc5l88cfbvli46l03j8nm148rlkvf', '203.192.224.77', 1594388142, 0x5f5f63695f6c6173745f726567656e65726174657c693a313539343338383134323b),
(1, 'vnpvj2jqb921nugjffl3vldglnov9u1p', '203.192.225.136', 1591629262, 0x5f5f63695f6c6173745f726567656e65726174657c693a313539313632393236323b),
(1, 'vnqo146j3h7r1jeebfvgiapeuhpsbjuc', '42.106.216.214', 1594302487, 0x5f5f63695f6c6173745f726567656e65726174657c693a313539343330323438373b),
(1, 'vnr5u32q2svpjjk1eititm4ak987oj47', '203.192.249.250', 1592283040, 0x5f5f63695f6c6173745f726567656e65726174657c693a313539323238333034303b),
(1, 'vnrmhlgm731qdqjf8va6m6cpnrb3vovn', '1.38.148.22', 1594457223, 0x5f5f63695f6c6173745f726567656e65726174657c693a313539343435373232333b),
(1, 'vns3jih57l6abtb7feldscv2dql73jgm', '203.192.225.92', 1591258035, 0x5f5f63695f6c6173745f726567656e65726174657c693a313539313235383033353b),
(1, 'vns5mbfrjtt6b7j129pbtijku8usvu74', '203.192.225.88', 1591116247, 0x5f5f63695f6c6173745f726567656e65726174657c693a313539313131363234373b),
(1, 'vnsjqiqkufi8cnibc8dh5592bu9g9556', '203.192.225.64', 1589813225, 0x5f5f63695f6c6173745f726567656e65726174657c693a313538393831333232353b),
(1, 'vnsm9g4gpmbtuqbu1tvidp4nivp2m1pv', '114.79.188.93', 1593073267, 0x5f5f63695f6c6173745f726567656e65726174657c693a313539333037333236373b),
(1, 'vnttaai5jhm24erts27d6veo1khlit3r', '103.121.72.205', 1589988271, 0x5f5f63695f6c6173745f726567656e65726174657c693a313538393938383237313b),
(1, 'vnutdi7cgjsked9cv3is50rl3tdebgcu', '106.79.208.75', 1590086461, 0x5f5f63695f6c6173745f726567656e65726174657c693a313539303038363436313b),
(1, 'vnv3vsf1auca12c8rpbevsf5kkr5t6hg', '203.192.249.252', 1593701110, 0x5f5f63695f6c6173745f726567656e65726174657c693a313539333730313131303b),
(1, 'vo04l8hsslpc4trqgk2opo4biu8j0laq', '203.192.224.77', 1594396849, 0x5f5f63695f6c6173745f726567656e65726174657c693a313539343339363834393b),
(1, 'vo3ubsko8rk88ckssomf5r1noe0mffrk', '203.192.225.80', 1590601047, 0x5f5f63695f6c6173745f726567656e65726174657c693a313539303630313034373b),
(1, 'vo5506sr2bqlj05pgjvb1mtoljttpbeg', '203.192.225.80', 1590582800, 0x5f5f63695f6c6173745f726567656e65726174657c693a313539303538323830303b),
(1, 'vo78r3ohgnni69vk2s3kd7qk72so2kpb', '3.250.181.17', 1591627644, 0x5f5f63695f6c6173745f726567656e65726174657c693a313539313632373634343b7265645f75726c7c733a33343a2268747470733a2f2f6465762e6d792e636f6e74726163746f72706c75732e6170702f223b),
(1, 'vo7jhm8meumasv0dae5ofmgt44uc8064', '203.192.225.91', 1591439378, 0x5f5f63695f6c6173745f726567656e65726174657c693a313539313433393337383b),
(1, 'vo87llhpq1lt3dh3644ft6aodqfcm9bd', '1.186.197.152', 1588859961, 0x5f5f63695f6c6173745f726567656e65726174657c693a313538383835393936313b),
(1, 'voardu47cucbiurk2r56fn8uuibtueft', '1.186.196.134', 1592204332, 0x5f5f63695f6c6173745f726567656e65726174657c693a313539323230343333323b),
(1, 'vobhpj0bistdahu02jvicpi5rssnt4ka', '203.192.224.81', 1592558898, 0x5f5f63695f6c6173745f726567656e65726174657c693a313539323535383839383b),
(1, 'vod8358fbhglh1gjle1jmt6cglhni4qu', '1.186.199.117', 1591187870, 0x5f5f63695f6c6173745f726567656e65726174657c693a313539313138373837303b),
(1, 'vof5o3g2kt2sk5jprp4u8rqtp8ss8odo', '103.121.72.137', 1591361494, 0x5f5f63695f6c6173745f726567656e65726174657c693a313539313336313439343b),
(1, 'vof8tgtftqsld6kldioc55uioi9vqbht', '203.192.225.88', 1591110906, 0x5f5f63695f6c6173745f726567656e65726174657c693a313539313131303930363b),
(1, 'vofgcif2vrpm5foijto6pc1ikobaf8mp', '1.186.198.153', 1593880325, 0x5f5f63695f6c6173745f726567656e65726174657c693a313539333838303332353b),
(1, 'vogbli3qumlh7drjj31um4fm2p12pfjb', '120.88.191.166', 1591853797, 0x5f5f63695f6c6173745f726567656e65726174657c693a313539313835333739373b4642524c485f73746174657c733a33323a223365656162646337653462396635366264363066613834313561393764306639223b73746166665f757365725f69647c733a313a2231223b73746166665f6c6f676765645f696e7c623a313b74656e616e745f69647c733a313a2231223b7265645f75726c7c733a33343a2268747470733a2f2f6465762e6d792e636f6e74726163746f72706c75732e6170702f223b73657475702d6d656e752d6f70656e7c733a303a22223b),
(1, 'voh7e1u33bg3fd6lf2hjfcdp995oq1jg', '203.192.224.88', 1593027679, 0x5f5f63695f6c6173745f726567656e65726174657c693a313539333032373637393b),
(1, 'vohssb9v0qr40cg8evves81d9ae7sogq', '137.97.119.45', 1590242960, 0x5f5f63695f6c6173745f726567656e65726174657c693a313539303234323936303b4642524c485f73746174657c733a33323a226637366135616663353165333032623361343137386361353232373234356537223b),
(1, 'vohvflknl9a9i9b4s4oe7t6a16sc280j', '203.192.225.80', 1590670240, 0x5f5f63695f6c6173745f726567656e65726174657c693a313539303637303234303b),
(1, 'voiej3nh20jq8cvjsk496jpr3ifqfp72', '103.121.72.137', 1591430286, 0x5f5f63695f6c6173745f726567656e65726174657c693a313539313433303238363b),
(1, 'vojbham3amr7po5utjte8t02mhrf8vp7', '203.192.225.238', 1590002714, 0x5f5f63695f6c6173745f726567656e65726174657c693a313539303030323731343b),
(1, 'vok6vpntp9t6hjnc47j5cfquabnr4hap', '1.186.168.199', 1591558056, 0x4642524c485f73746174657c733a33323a226464613731333134333263643538393762363338343032303162346139616338223b5f5f63695f6c6173745f726567656e65726174657c693a313539313535373936383b73746166665f757365725f69647c733a313a2231223b73746166665f6c6f676765645f696e7c623a313b74656e616e745f69647c733a313a2231223b),
(1, 'vokk9h4qkbi9a6belr8orof05fomm1vn', '150.107.90.113', 1589391571, 0x5f5f63695f6c6173745f726567656e65726174657c693a313538393339313537313b73746166665f757365725f69647c733a313a2231223b73746166665f6c6f676765645f696e7c623a313b74656e616e745f69647c733a313a2231223b73657475702d6d656e752d6f70656e7c733a303a22223b),
(1, 'vol9h2hbhqt9v9dfk4gmtlp8iu06eks0', '114.79.165.50', 1592476592, 0x5f5f63695f6c6173745f726567656e65726174657c693a313539323437363539323b),
(1, 'voml6uars6cdmkm90g242qfb497f6rt0', '52.213.69.98', 1593468680, 0x5f5f63695f6c6173745f726567656e65726174657c693a313539333436383638303b7265645f75726c7c733a33343a2268747470733a2f2f6465762e6d792e636f6e74726163746f72706c75732e6170702f223b),
(1, 'vop82jjn1idp5rke45j8hpu17raf7mdv', '203.192.225.136', 1591636423, 0x5f5f63695f6c6173745f726567656e65726174657c693a313539313633363432333b),
(1, 'voqae55lcc589sakc71f66u30mfl6vpa', '114.79.178.200', 1592317409, 0x5f5f63695f6c6173745f726567656e65726174657c693a313539323331373430393b),
(1, 'voqg5knmtjeqjhl9o4c22ne98mep67mb', '1.38.148.22', 1594478101, 0x5f5f63695f6c6173745f726567656e65726174657c693a313539343437383130313b),
(1, 'vor6516jdlio0hast1j3kkus532su0dp', '1.186.198.235', 1594133802, 0x5f5f63695f6c6173745f726567656e65726174657c693a313539343133333830313b),
(1, 'vos36oh4sg7ansqhq8ang99c8sfqsg56', '1.38.148.22', 1594478106, 0x5f5f63695f6c6173745f726567656e65726174657c693a313539343437383130363b),
(1, 'vos4s7orcfgs9obsufeh4uhff0cgeloa', '103.87.31.204', 1590067425, 0x5f5f63695f6c6173745f726567656e65726174657c693a313539303036373432353b4642524c485f73746174657c733a33323a226130386465316166353034323566396432333466653334343230653163383864223b),
(1, 'vouiilvpavrdkq74vfjettfe63ucuvkj', '203.192.224.96', 1593919552, 0x5f5f63695f6c6173745f726567656e65726174657c693a313539333931393535323b),
(1, 'vov6be0gi50nv9arioufth67htv67rkv', '103.16.35.89', 1590734191, 0x5f5f63695f6c6173745f726567656e65726174657c693a313539303733343139313b4642524c485f73746174657c733a33323a223365633435333231646532323163323335343631636536333232303230646131223b73746166665f757365725f69647c733a313a2231223b73746166665f6c6f676765645f696e7c623a313b74656e616e745f69647c733a313a2231223b),
(1, 'vov9t6i6p4uh1d4f79pf9cv95o4irhf5', '203.192.224.69', 1594629341, 0x5f5f63695f6c6173745f726567656e65726174657c693a313539343632393334313b),
(1, 'vovo3ncpcu43rl96bvjr9ir292nrpiql', '1.186.197.194', 1594383155, 0x5f5f63695f6c6173745f726567656e65726174657c693a313539343338333135353b),
(1, 'vp1sthbcn65r3s3re2gt62chsruvug6c', '114.79.165.50', 1592491491, 0x5f5f63695f6c6173745f726567656e65726174657c693a313539323439313439313b),
(1, 'vp2b0s68hnsqjcksbv3hiiktjlfbblu0', '1.38.148.126', 1594671268, 0x5f5f63695f6c6173745f726567656e65726174657c693a313539343637313236383b),
(1, 'vp4daffanuijm02uikamvelegrmessfr', '1.38.148.22', 1594457308, 0x5f5f63695f6c6173745f726567656e65726174657c693a313539343435373330383b),
(1, 'vp4ikmt2f6tun8scmu97gk5ohr39ua3e', '103.245.106.136', 1589210916, 0x5f5f63695f6c6173745f726567656e65726174657c693a313538393231303931363b),
(1, 'vp8u83g5anqdk9vht3oveo6lvdt6a05j', '103.121.73.109', 1592663363, 0x5f5f63695f6c6173745f726567656e65726174657c693a313539323636333336333b),
(1, 'vp9f8cv77nj4un5aqd45iq0fng80sp16', '1.186.197.246', 1589385169, 0x5f5f63695f6c6173745f726567656e65726174657c693a313538393338353136393b),
(1, 'vpa6lbvevdh4883bltf7dk2hpq0fips9', '203.192.225.136', 1591629348, 0x5f5f63695f6c6173745f726567656e65726174657c693a313539313632393334383b),
(1, 'vpaidbdj3ipd9vk4q9m7155pc4lbd7f3', '1.186.198.28', 1592481460, 0x5f5f63695f6c6173745f726567656e65726174657c693a313539323438313436303b),
(1, 'vpciba1odajco9cqjg05rphg00fcq21u', '203.192.224.116', 1594368395, 0x5f5f63695f6c6173745f726567656e65726174657c693a313539343336383339353b),
(1, 'vpd001qhk48fjktlnjvdof7h3lhvnjqj', '1.186.198.52', 1590170108, 0x5f5f63695f6c6173745f726567656e65726174657c693a313539303137303130383b),
(1, 'vpe36va6pm6i0bsqbvqtsm3htrdshl0b', '103.87.31.163', 1592494015, 0x5f5f63695f6c6173745f726567656e65726174657c693a313539323439343031353b),
(1, 'vpeau084a3uv2kq1sfjjcfr86loub4rb', '114.79.166.112', 1591341612, 0x5f5f63695f6c6173745f726567656e65726174657c693a313539313334313631323b),
(1, 'vpft1ui0r7chk8j9mqag1kb8t8itol73', '43.242.229.132', 1593866073, 0x5f5f63695f6c6173745f726567656e65726174657c693a313539333836363037333b),
(1, 'vpgkdqcm3vj0j7surgbr2fheu1q1b5e2', '1.186.174.178', 1593804250, 0x5f5f63695f6c6173745f726567656e65726174657c693a313539333830343137303b4642524c485f73746174657c733a33323a223932636366306230626163663839653735306132626435396635303361346664223b),
(1, 'vphj0no747elg0ultbn3kul826ugimbj', '203.192.225.64', 1589807655, 0x5f5f63695f6c6173745f726567656e65726174657c693a313538393830373635353b),
(1, 'vpj4l12otm5c2uuq54e0inj1ap7ueb0s', '45.79.184.159', 1588674777, 0x5f5f63695f6c6173745f726567656e65726174657c693a313538383637343737373b7265645f75726c7c733a33343a2268747470733a2f2f6465762e6d792e636f6e74726163746f72706c75732e6170702f223b),
(1, 'vpldidta4lm0kmb6t6jgfn6qnt72glm1', '203.192.225.92', 1591204202, 0x5f5f63695f6c6173745f726567656e65726174657c693a313539313230343230323b),
(1, 'vppvhuui74ln3ssj4158ctit865cn2oq', '1.186.198.153', 1593876789, 0x5f5f63695f6c6173745f726567656e65726174657c693a313539333837363738343b),
(1, 'vpqmrg4d79fdm8rt4ipetmtahl742oj0', '203.192.249.249', 1592918185, 0x5f5f63695f6c6173745f726567656e65726174657c693a313539323931383138353b),
(1, 'vpqo76dgakqau943fif7tnp6d131ppjs', '1.186.197.213', 1591972748, 0x5f5f63695f6c6173745f726567656e65726174657c693a313539313937323734383b),
(1, 'vpqope3caj9hikuu80g4gfrsvkormmse', '203.192.224.116', 1594368521, 0x5f5f63695f6c6173745f726567656e65726174657c693a313539343336383532313b),
(1, 'vprfl677sh0fbmmbto6sgnsrijo3jd0b', '114.79.166.250', 1592991698, 0x5f5f63695f6c6173745f726567656e65726174657c693a313539323939313639383b),
(1, 'vpt96s746fe3aib436qo6r5tgkil5ar2', '1.186.180.140', 1588880834, 0x5f5f63695f6c6173745f726567656e65726174657c693a313538383838303833343b73746166665f757365725f69647c733a313a2231223b73746166665f6c6f676765645f696e7c623a313b74656e616e745f69647c733a313a2231223b73657475702d6d656e752d6f70656e7c733a303a22223b),
(1, 'vpv8bn16pjivdh6bbrcfp00qr028oord', '114.79.186.94', 1593860380, 0x5f5f63695f6c6173745f726567656e65726174657c693a313539333836303338303b),
(1, 'vq1gj8cu5fiovquoirsa7qb9ti36f5b8', '103.16.35.164', 1589287600, 0x5f5f63695f6c6173745f726567656e65726174657c693a313538393238373630303b),
(1, 'vq4dnua9aac6g8v9pek0gk1ocl9604h4', '203.192.225.95', 1591690596, 0x5f5f63695f6c6173745f726567656e65726174657c693a313539313639303539363b),
(1, 'vq4fjqtl9p7db88qersbn1glpir5v9og', '1.186.174.37', 1592511589, 0x5f5f63695f6c6173745f726567656e65726174657c693a313539323531313538393b4642524c485f73746174657c733a33323a226432366562386437663838326434656636613334633136383363636465363264223b73746166665f757365725f69647c733a313a2231223b73746166665f6c6f676765645f696e7c623a313b74656e616e745f69647c733a313a2231223b73657475702d6d656e752d6f70656e7c733a303a22223b),
(1, 'vq4r6oshse19ug48lr2cvgej0aueoikr', '103.121.75.144', 1591874999, 0x5f5f63695f6c6173745f726567656e65726174657c693a313539313837343939393b),
(1, 'vq9g6dafetasnj1ulhfvr56v2gal8aj4', '1.186.197.151', 1589537023, 0x5f5f63695f6c6173745f726567656e65726174657c693a313538393533373032333b),
(1, 'vq9t7i3fjs6qqt0p5sdmd6m83n58kts4', '114.79.165.50', 1592482747, 0x5f5f63695f6c6173745f726567656e65726174657c693a313539323438323734373b),
(1, 'vqbqp515k89o6ls54cmm4if6pcbjrcpr', '203.192.225.92', 1591342033, 0x5f5f63695f6c6173745f726567656e65726174657c693a313539313334323033333b),
(1, 'vqd6rchja6c3fgum1belr40ul5atfrlr', '203.192.225.91', 1591383402, 0x5f5f63695f6c6173745f726567656e65726174657c693a313539313338333430323b),
(1, 'vqedetmm7jbvr5rihl527e4a7nnkscl1', '1.186.196.134', 1592202211, 0x5f5f63695f6c6173745f726567656e65726174657c693a313539323230323231313b),
(1, 'vqhc7q3j8prajmcrcppqcde1ho9n2c7g', '203.192.239.152', 1594119082, 0x5f5f63695f6c6173745f726567656e65726174657c693a313539343131393038323b),
(1, 'vqic4bfh9k2arn7otcs8gt59i2k4r03p', '103.121.72.122', 1590087950, 0x5f5f63695f6c6173745f726567656e65726174657c693a313539303038373935303b),
(1, 'vqing79ncahk49lvjcpodoghfgiu0kmp', '1.186.196.142', 1592589783, 0x5f5f63695f6c6173745f726567656e65726174657c693a313539323538393738333b),
(1, 'vqom09uuujb8qn5k3l38jna386ckob8o', '203.192.224.84', 1593163667, 0x5f5f63695f6c6173745f726567656e65726174657c693a313539333136333636373b),
(1, 'vqprj8enfoa5bnnqi905fns590ubi3aj', '203.192.224.77', 1594396099, 0x5f5f63695f6c6173745f726567656e65726174657c693a313539343339363039393b),
(1, 'vqratagjr0jqq8g235j8h6i4tp4ouujp', '203.192.225.80', 1590675759, 0x5f5f63695f6c6173745f726567656e65726174657c693a313539303637353735393b),
(1, 'vqu1fl0viqurjf1r2i8515kn7m4lq0ib', '203.192.224.99', 1594302215, 0x5f5f63695f6c6173745f726567656e65726174657c693a313539343330323231353b),
(1, 'vquh12ibrlbllqkh76qml69ob3fopmtn', '103.121.72.82', 1588935756, 0x5f5f63695f6c6173745f726567656e65726174657c693a313538383933353735363b),
(1, 'vr0bltkkdej0f4n3ia3idtqpe1jlk2r3', '203.192.249.251', 1591861093, 0x5f5f63695f6c6173745f726567656e65726174657c693a313539313836313039333b),
(1, 'vr0sp2poejgf7i52e29920mlv5u2dj46', '203.192.224.88', 1593029588, 0x5f5f63695f6c6173745f726567656e65726174657c693a313539333032393538383b),
(1, 'vr3g5s3lk6n4n8rgg531jlil4unl804e', '106.76.70.48', 1594128887, 0x5f5f63695f6c6173745f726567656e65726174657c693a313539343132383838373b),
(1, 'vr3llisq03gbrj5ufv38btojgnpsoe05', '1.186.196.47', 1590602264, 0x5f5f63695f6c6173745f726567656e65726174657c693a313539303630323236343b),
(1, 'vr4gdolsdt3k24bvqo6di9k0hj8anmid', '203.192.239.153', 1593076817, 0x5f5f63695f6c6173745f726567656e65726174657c693a313539333037363831373b),
(1, 'vr7jgdmj3mej0innfp23ev0fd8anb9im', '203.192.224.69', 1594631070, 0x5f5f63695f6c6173745f726567656e65726174657c693a313539343633313037303b),
(1, 'vr7o5gdv1aq4h3hcot35njmips7e0ukv', '203.192.225.140', 1590158963, 0x5f5f63695f6c6173745f726567656e65726174657c693a313539303135383936333b),
(1, 'vr8u7nk99ssln1e2o40fv78frv8esraf', '203.192.225.92', 1591266633, 0x5f5f63695f6c6173745f726567656e65726174657c693a313539313236363633333b),
(1, 'vra17mafiil19m1gt0g4repbhj1ap1u4', '103.121.73.22', 1590856269, 0x5f5f63695f6c6173745f726567656e65726174657c693a313539303835363236393b),
(1, 'vrbqb0f7hu074bd4u001kvajr25huabo', '203.192.224.81', 1592558867, 0x5f5f63695f6c6173745f726567656e65726174657c693a313539323535383836373b),
(1, 'vrcgdfao3418ao02918agkkqfn74d3vc', '203.192.225.88', 1591105890, 0x5f5f63695f6c6173745f726567656e65726174657c693a313539313130353839303b),
(1, 'vrcuh18e5e530845ng9eairsprb63tr7', '43.242.224.191', 1592849677, 0x5f5f63695f6c6173745f726567656e65726174657c693a313539323834393637373b),
(1, 'vrfn7h4tc1r69i88khap9q0uqa4a0vrv', '203.192.225.80', 1590843730, 0x5f5f63695f6c6173745f726567656e65726174657c693a313539303834333733303b),
(1, 'vri4v691v98lksqoqmpvh3ciif064cv7', '1.186.196.207', 1590760397, 0x5f5f63695f6c6173745f726567656e65726174657c693a313539303736303339373b),
(1, 'vridbdrqm5vq75o8bg2qgd23ruvolk92', '203.192.225.80', 1590671464, 0x5f5f63695f6c6173745f726567656e65726174657c693a313539303637313436343b),
(1, 'vriun5tcmksfe6vgupmm7lj2degbelkf', '203.192.225.91', 1591429811, 0x5f5f63695f6c6173745f726567656e65726174657c693a313539313432393831313b),
(1, 'vrjmbt9demklpo8jr93fiqtm5us2imch', '203.192.225.140', 1590140564, 0x5f5f63695f6c6173745f726567656e65726174657c693a313539303134303536343b),
(1, 'vrmcsre1ouvmlhoebo2vilb312ihab85', '114.79.186.94', 1593848663, 0x5f5f63695f6c6173745f726567656e65726174657c693a313539333834383636333b),
(1, 'vrnhq5lvi9pkr73qo2o60vc3vj84pqvq', '1.186.198.153', 1593866856, 0x5f5f63695f6c6173745f726567656e65726174657c693a313539333836363835363b),
(1, 'vro1givk801mga5c6j0j5gapelj2nvui', '103.121.72.122', 1590083605, 0x5f5f63695f6c6173745f726567656e65726174657c693a313539303038333630353b),
(1, 'vrptu1m3prgjq7pg0n2hio8ruakbp52v', '1.186.197.246', 1589385654, 0x5f5f63695f6c6173745f726567656e65726174657c693a313538393338353635343b),
(1, 'vrq5777gpo9so6boafsat25rarh2189j', '1.186.198.235', 1594138677, 0x5f5f63695f6c6173745f726567656e65726174657c693a313539343133383637373b),
(1, 'vrqlfrco76qergrb8bsio0b2i1mupif8', '103.121.73.135', 1590746192, 0x5f5f63695f6c6173745f726567656e65726174657c693a313539303734363139323b),
(1, 'vrqv6m0gvj8d3v85ggq0nd4ascifv5ae', '45.117.2.188', 1592989232, 0x5f5f63695f6c6173745f726567656e65726174657c693a313539323938393233323b),
(1, 'vrsqlji8o0vvl6hnf63d7halemg4amt4', '106.210.206.119', 1592669721, 0x5f5f63695f6c6173745f726567656e65726174657c693a313539323636393732313b),
(1, 'vrupdq0t54g0059cklonlg0arbcd8tlo', '1.38.148.22', 1594478109, 0x5f5f63695f6c6173745f726567656e65726174657c693a313539343437383130393b),
(1, 'vrusc0odc5mhgjhio26mngvnfera5ckm', '203.192.224.68', 1593676878, 0x5f5f63695f6c6173745f726567656e65726174657c693a313539333637363837383b),
(1, 'vs15rgrf127ta4lu5dpdcnukmobiup25', '1.38.148.22', 1594458446, 0x5f5f63695f6c6173745f726567656e65726174657c693a313539343435383434363b),
(1, 'vs2ci1j423qgucn12l1kcv3pckoddhuc', '114.79.178.200', 1592326357, 0x5f5f63695f6c6173745f726567656e65726174657c693a313539323332363335373b),
(1, 'vs2vpo4je20c0k7vtdq8h3rv44cp6aum', '106.193.235.7', 1594394726, 0x5f5f63695f6c6173745f726567656e65726174657c693a313539343339343732363b),
(1, 'vs30dskj707s0sn75tjvmbk34imdrh4k', '1.186.178.245', 1594014695, 0x5f5f63695f6c6173745f726567656e65726174657c693a313539343031343639353b),
(1, 'vs50ois46nsnsndmrq71bnq31u37b8o3', '203.192.225.136', 1591616140, 0x5f5f63695f6c6173745f726567656e65726174657c693a313539313631363134303b),
(1, 'vs65usht4nqgbeqngnfu6rd6f1hpjrsa', '103.121.73.109', 1592562754, 0x5f5f63695f6c6173745f726567656e65726174657c693a313539323536323735343b),
(1, 'vs8gc686u280etnotm858flfmc7a81oi', '103.87.31.153', 1589524624, 0x5f5f63695f6c6173745f726567656e65726174657c693a313538393532343632343b73746166665f757365725f69647c733a313a2231223b73746166665f6c6f676765645f696e7c623a313b74656e616e745f69647c733a313a2231223b73657475702d6d656e752d6f70656e7c733a303a22223b),
(1, 'vs8tkcohprcl17skl688hm77p2597pbt', '203.192.225.146', 1591956861, 0x5f5f63695f6c6173745f726567656e65726174657c693a313539313935363836313b),
(1, 'vsasri5bc0cot3q89qsg0lsv04vvelj3', '203.192.225.92', 1591167022, 0x5f5f63695f6c6173745f726567656e65726174657c693a313539313136373032323b),
(1, 'vsc472bg1qlag587i03qdr66672bdrr7', '171.51.202.18', 1591098805, 0x5f5f63695f6c6173745f726567656e65726174657c693a313539313039383830353b),
(1, 'vsdgcnsnrr96qboq08mdqld8j1pg2pn5', '114.79.174.208', 1593786238, 0x5f5f63695f6c6173745f726567656e65726174657c693a313539333738363233383b),
(1, 'vsdn8obhces4ggtfmapbblhl1akon3t6', '1.186.198.196', 1593762709, 0x5f5f63695f6c6173745f726567656e65726174657c693a313539333736323730393b),
(1, 'vsegkhpv4m4q42n1hvdkhu8k7g7kamm8', '203.192.225.137', 1592314976, 0x5f5f63695f6c6173745f726567656e65726174657c693a313539323331343937363b),
(1, 'vsf98p3u8qtvoccjdlcd3qlqvnksth0m', '1.186.175.12', 1591097112, 0x5f5f63695f6c6173745f726567656e65726174657c693a313539313039373131323b),
(1, 'vsfepm8d36j91823qm4at5h1j7nacrh4', '203.192.225.91', 1591430074, 0x5f5f63695f6c6173745f726567656e65726174657c693a313539313433303037343b),
(1, 'vsfmvfn53h7ed00lh12dcl3k1boc83rf', '1.186.198.87', 1594221787, 0x5f5f63695f6c6173745f726567656e65726174657c693a313539343232313738373b),
(1, 'vsgfmcftr9qa1dk6a8e38qip2e8kepo0', '103.101.113.99', 1592494594, 0x5f5f63695f6c6173745f726567656e65726174657c693a313539323439343539343b4642524c485f73746174657c733a33323a223564663565373335326539386339313535363839633238373335383434336238223b73746166665f757365725f69647c733a313a2231223b73746166665f6c6f676765645f696e7c623a313b74656e616e745f69647c733a313a2231223b73657475702d6d656e752d6f70656e7c733a303a22223b),
(1, 'vsgvd51stmn376qfff7ot1pm8qpvdcuk', '203.192.225.151', 1589958640, 0x5f5f63695f6c6173745f726567656e65726174657c693a313538393935383634303b),
(1, 'vsk630m5etdfa9lbf4janmfthebf8beu', '1.186.196.207', 1590677525, 0x5f5f63695f6c6173745f726567656e65726174657c693a313539303637373532353b),
(1, 'vsmhc0jb4s8me8u8qr4v7nipfquvi3ik', '1.186.179.229', 1589832515, 0x5f5f63695f6c6173745f726567656e65726174657c693a313538393833323232343b4642524c485f73746174657c733a33323a223061383638373134386265366637666631663331633965393636353637356235223b73746166665f757365725f69647c733a313a2231223b73746166665f6c6f676765645f696e7c623a313b74656e616e745f69647c733a313a2231223b73657475702d6d656e752d6f70656e7c733a303a22223b7265645f75726c7c733a33343a2268747470733a2f2f6465762e6d792e636f6e74726163746f72706c75732e6170702f223b7461736b735f6b616e62616e5f766965777c733a343a2274727565223b),
(1, 'vsn7b4g756oc02em58guhq50g2v9jn2j', '203.192.225.80', 1590683224, 0x5f5f63695f6c6173745f726567656e65726174657c693a313539303638333232343b),
(1, 'vsnc73q5kvq4pc3sjs8ehf7bnnf3rb9g', '203.192.225.91', 1591394579, 0x5f5f63695f6c6173745f726567656e65726174657c693a313539313339343537393b),
(1, 'vsnkuj75e5g7edj5o8b49njkffsvrn16', '1.186.198.196', 1593788585, 0x5f5f63695f6c6173745f726567656e65726174657c693a313539333738383538353b),
(1, 'vsnsc0pnihpteg06peqi6uvcei7qsesn', '203.192.249.252', 1593703307, 0x5f5f63695f6c6173745f726567656e65726174657c693a313539333730333330373b),
(1, 'vsoc1gfqvki43ceou89odrreasei2ked', '203.192.225.80', 1590582612, 0x5f5f63695f6c6173745f726567656e65726174657c693a313539303538323631323b),
(1, 'vsqp4v8e6hfc4f0onblc49good18ukno', '203.192.225.140', 1590144301, 0x5f5f63695f6c6173745f726567656e65726174657c693a313539303134343330313b),
(1, 'vss5a6m9in7j41vq2djvdtmlqu3j38vp', '1.186.171.239', 1591185689, 0x5f5f63695f6c6173745f726567656e65726174657c693a313539313138353638393b69735f6d6f62696c657c623a313b7265645f75726c7c733a33343a2268747470733a2f2f6465762e6d792e636f6e74726163746f72706c75732e6170702f223b),
(1, 'vssdb5faphgeojnaeb1qdqa8l4eu4nob', '1.186.197.147', 1591881096, 0x5f5f63695f6c6173745f726567656e65726174657c693a313539313838313039363b),
(1, 'vssm1uamaj1vtk24ughqgpta5oo40ffj', '1.186.197.152', 1588865016, 0x5f5f63695f6c6173745f726567656e65726174657c693a313538383836353031363b),
(1, 'vssojbn92giucb05bb1u3kpo62tkd1l2', '171.51.202.18', 1590854586, 0x5f5f63695f6c6173745f726567656e65726174657c693a313539303835343538363b),
(1, 'vst9v2egbdqv70onq3eafd7spcrtmm55', '106.76.70.151', 1592657417, 0x5f5f63695f6c6173745f726567656e65726174657c693a313539323635373431373b),
(1, 'vsubjr75f67c3cc5sjorc81dv9dtk8h5', '203.192.224.99', 1594283367, 0x5f5f63695f6c6173745f726567656e65726174657c693a313539343238333336373b),
(1, 'vt1p1ispr280cpc3nfjdd5a8fao0754p', '203.192.225.95', 1591714975, 0x5f5f63695f6c6173745f726567656e65726174657c693a313539313731343937353b),
(1, 'vt1p35hve67mimq4j8ph7fr5co1bb0en', '103.87.31.149', 1590471860, 0x5f5f63695f6c6173745f726567656e65726174657c693a313539303437313836303b4642524c485f73746174657c733a33323a226638373839393330303337313337373163356362376438356537626538303935223b73746166665f757365725f69647c733a313a2231223b73746166665f6c6f676765645f696e7c623a313b74656e616e745f69647c733a313a2231223b73657475702d6d656e752d6f70656e7c733a303a22223b7265645f75726c7c733a33343a2268747470733a2f2f6465762e6d792e636f6e74726163746f72706c75732e6170702f223b),
(1, 'vt24mbm90hoq3rf7k6bqv4a1k3bgusjt', '1.186.198.196', 1593765171, 0x5f5f63695f6c6173745f726567656e65726174657c693a313539333736353137313b),
(1, 'vt32v2itbejr75modjtt21e18g3clfon', '203.192.224.88', 1593030221, 0x5f5f63695f6c6173745f726567656e65726174657c693a313539333033303232313b),
(1, 'vt55hbtu3qpfdaq6hgho35t7gtpuja7a', '203.192.249.252', 1593706871, 0x5f5f63695f6c6173745f726567656e65726174657c693a313539333730363635313b),
(1, 'vt5phb4pvb9j96h5c1hs8nuvjl9359rb', '114.79.186.94', 1593853980, 0x5f5f63695f6c6173745f726567656e65726174657c693a313539333835333938303b),
(1, 'vt6erru33v9imenj07llif1s5ip2ddib', '42.106.252.40', 1592393323, 0x5f5f63695f6c6173745f726567656e65726174657c693a313539323339333332333b),
(1, 'vt76lcm5l3ipat1p0guonn0rmk6dq5pt', '1.186.170.15', 1594046402, 0x5f5f63695f6c6173745f726567656e65726174657c693a313539343034363430323b4642524c485f73746174657c733a33323a223365666432643633653034323762646436346630323832633539653031333231223b73746166665f757365725f69647c733a313a2231223b73746166665f6c6f676765645f696e7c623a313b74656e616e745f69647c733a313a2231223b73657475702d6d656e752d6f70656e7c733a303a22223b),
(1, 'vt8ic7ne2udl4l0o0170t0ihve1a327c', '114.79.170.122', 1593171907, 0x5f5f63695f6c6173745f726567656e65726174657c693a313539333137313930373b),
(1, 'vt902fhr04pkevcfl13rr7ddkoj0a44d', '1.186.197.202', 1592295501, 0x5f5f63695f6c6173745f726567656e65726174657c693a313539323239353530313b),
(1, 'vt9dr2iv32o1um8vbgqr0dk56hqhd8d4', '114.79.189.152', 1591949907, 0x5f5f63695f6c6173745f726567656e65726174657c693a313539313934393930373b),
(1, 'vt9g1bs8vldoq8k5bju79fvjuu5edsru', '27.60.169.206', 1593152885, 0x5f5f63695f6c6173745f726567656e65726174657c693a313539333135323838353b),
(1, 'vtaj9cfpqjv68poetr9otlvqhgbepe2f', '1.186.197.131', 1592645157, 0x5f5f63695f6c6173745f726567656e65726174657c693a313539323634353135373b),
(1, 'vtdafdcfgfat48rdm2nbpsovdtllnucn', '1.186.197.246', 1589372812, 0x5f5f63695f6c6173745f726567656e65726174657c693a313538393337323831323b),
(1, 'vtdi2hp1q8b2ukp83371668lgscsheoe', '1.38.148.22', 1594478140, 0x5f5f63695f6c6173745f726567656e65726174657c693a313539343437383134303b),
(1, 'vte2cbgsclig3qo28kco26i0q479fp0d', '1.186.197.194', 1594373859, 0x5f5f63695f6c6173745f726567656e65726174657c693a313539343337333835393b),
(1, 'vtf7itriuqr9jkovg8e3u4inr00fchft', '103.87.31.163', 1592472173, 0x5f5f63695f6c6173745f726567656e65726174657c693a313539323437323137333b4642524c485f73746174657c733a33323a223338363934376637633636613934313135646132343363303532396336326663223b73746166665f757365725f69647c733a313a2231223b73746166665f6c6f676765645f696e7c623a313b74656e616e745f69647c733a313a2231223b73657475702d6d656e752d6f70656e7c733a303a22223b7265645f75726c7c733a33343a2268747470733a2f2f6465762e6d792e636f6e74726163746f72706c75732e6170702f223b),
(1, 'vtg83ihbcmu5h51mbkit2sir49gq45pq', '106.193.227.181', 1593709018, 0x5f5f63695f6c6173745f726567656e65726174657c693a313539333730393031373b),
(1, 'vtg880r4s3ir0upuh5kksjcqo9u56une', '203.192.224.77', 1594396850, 0x5f5f63695f6c6173745f726567656e65726174657c693a313539343339363835303b69735f6d6f62696c657c623a313b),
(1, 'vth4iqqus9a0e0i8u582raqu023ekt78', '203.192.225.80', 1590671349, 0x5f5f63695f6c6173745f726567656e65726174657c693a313539303637313334393b),
(1, 'vthjpvkvs29vavaiklg30cqdcpj82fho', '106.209.192.247', 1593685550, 0x5f5f63695f6c6173745f726567656e65726174657c693a313539333638353535303b),
(1, 'vtiigslh753pt2b929137runctr67363', '203.192.224.77', 1594395964, 0x5f5f63695f6c6173745f726567656e65726174657c693a313539343339353936343b),
(1, 'vtjm8dk7lo66rp6gbrckspt3m840jrob', '203.192.225.95', 1591711829, 0x5f5f63695f6c6173745f726567656e65726174657c693a313539313731313832393b),
(1, 'vtmjhg5mnemnnejeub6rnjea7ao1kk5j', '1.186.174.197', 1589580693, 0x5f5f63695f6c6173745f726567656e65726174657c693a313538393538303639323b),
(1, 'vtqkg1v10oov56rkpidaqrqi0kf7pg49', '106.76.70.166', 1594097925, 0x5f5f63695f6c6173745f726567656e65726174657c693a313539343039373932353b),
(1, 'vtqn7foa8sqfr9oolgt2e2g4f3nk0q23', '1.186.199.69', 1591902493, 0x5f5f63695f6c6173745f726567656e65726174657c693a313539313930323439333b),
(1, 'vtqru6630nrhq7bubd0qqir25a9cdn13', '103.48.103.135', 1594710140, 0x5f5f63695f6c6173745f726567656e65726174657c693a313539343731303134303b),
(1, 'vttr3b86r1ntdk2c1obun51oehkq0ccr', '1.38.148.82', 1593982208, 0x5f5f63695f6c6173745f726567656e65726174657c693a313539333938323230383b),
(1, 'vtu24ncc8qig1j277jhm7bejf1nipvpt', '203.192.224.69', 1594644964, 0x5f5f63695f6c6173745f726567656e65726174657c693a313539343634343936343b),
(1, 'vtu2kqvq245hes64ovgcb1koap0evcf6', '114.79.188.93', 1593072104, 0x5f5f63695f6c6173745f726567656e65726174657c693a313539333037323130343b),
(1, 'vtue8sbkh6hnb75j1c8mru9ar3203h20', '203.192.249.253', 1593185668, 0x5f5f63695f6c6173745f726567656e65726174657c693a313539333138353636383b),
(1, 'vtuv4sfr1aqicou9g1v4hpuqudu6efcp', '1.186.196.47', 1590602286, 0x5f5f63695f6c6173745f726567656e65726174657c693a313539303630323238363b),
(1, 'vtuvlhdoctl2uh0tcgc7pma9f746oq6a', '114.79.166.112', 1591345235, 0x5f5f63695f6c6173745f726567656e65726174657c693a313539313334353233353b),
(1, 'vu05bjh6gv46uo1b1n796bqfmg6tki1n', '106.193.227.181', 1593707677, 0x5f5f63695f6c6173745f726567656e65726174657c693a313539333730373637373b);
INSERT INTO `tblsessions` (`tenant_id`, `id`, `ip_address`, `timestamp`, `data`) VALUES
(1, 'vu239tti7ml9ve0avkdkn68depamufja', '1.186.171.77', 1590704794, 0x5f5f63695f6c6173745f726567656e65726174657c693a313539303730343739343b4642524c485f73746174657c733a33323a223830306431656366363762393436326331623330653365383337633963373336223b73746166665f757365725f69647c733a313a2231223b73746166665f6c6f676765645f696e7c623a313b74656e616e745f69647c733a313a2231223b73657475702d6d656e752d6f70656e7c623a313b),
(1, 'vu389ndbv201h0aesdvinu8ij5eftsfq', '203.192.225.92', 1591287326, 0x5f5f63695f6c6173745f726567656e65726174657c693a313539313238373332363b),
(1, 'vu3h6haoencmds1gpbpo7mi3enhdhiva', '1.186.196.207', 1590677287, 0x5f5f63695f6c6173745f726567656e65726174657c693a313539303637373238373b),
(1, 'vu3vvbavi0or32o5jk5u77o5cvbkj6j7', '114.79.174.208', 1593788714, 0x5f5f63695f6c6173745f726567656e65726174657c693a313539333738383731343b),
(1, 'vu492d3tee7q1m9i1j28h8554ses7v13', '114.79.178.161', 1591004312, 0x5f5f63695f6c6173745f726567656e65726174657c693a313539313030343331323b),
(1, 'vu4anjr424ss2gks2f0g97gfied899tp', '114.79.166.49', 1593611586, 0x5f5f63695f6c6173745f726567656e65726174657c693a313539333631313538363b),
(1, 'vu4bce7j5a3qqa9nk8gc80o4g9c44vk0', '114.79.165.31', 1591435279, 0x5f5f63695f6c6173745f726567656e65726174657c693a313539313433353237393b),
(1, 'vu4c2cjd6og1rgmsm3u42mun3ob5a6pn', '114.79.178.200', 1592319086, 0x5f5f63695f6c6173745f726567656e65726174657c693a313539323331393038363b),
(1, 'vu4s3m0pjcf2on4n9564gkpp8pn26e15', '203.192.225.92', 1591298694, 0x5f5f63695f6c6173745f726567656e65726174657c693a313539313239383639333b),
(1, 'vu5j44a21g9ab3bj1om4j3d6ms0jivfm', '1.186.197.213', 1591990173, 0x5f5f63695f6c6173745f726567656e65726174657c693a313539313939303137333b),
(1, 'vu7iq3gsvf79t74mieec611pg5nddldg', '106.223.42.97', 1594116164, 0x5f5f63695f6c6173745f726567656e65726174657c693a313539343131363136343b4642524c485f73746174657c733a33323a226630643264393530336437656363393931616539653035633664653864636637223b73746166665f757365725f69647c733a313a2231223b73746166665f6c6f676765645f696e7c623a313b74656e616e745f69647c733a313a2231223b),
(1, 'vu8jfphqb1ms8s879dgsgsngppt406k2', '203.192.225.238', 1589983806, 0x5f5f63695f6c6173745f726567656e65726174657c693a313538393938333830363b),
(1, 'vu99vu01pdn9eucbej742ng7ontv7oil', '203.192.224.99', 1594101679, 0x5f5f63695f6c6173745f726567656e65726174657c693a313539343130313637393b),
(1, 'vu9fhellrug5goql45sjq48fh5f9plvf', '1.38.148.22', 1594457632, 0x5f5f63695f6c6173745f726567656e65726174657c693a313539343435373633323b),
(1, 'vu9kvqb38nh4ma4qf998ur7mke2l9d52', '103.87.31.163', 1592402713, 0x5f5f63695f6c6173745f726567656e65726174657c693a313539323430323731333b4642524c485f73746174657c733a33323a226664666633323962666130333736666139663530333938626463356536313862223b73746166665f757365725f69647c733a313a2231223b73746166665f6c6f676765645f696e7c623a313b74656e616e745f69647c733a313a2231223b),
(1, 'vubbrrq6dqs35aeb7uirthd1dl167rfb', '203.192.225.140', 1592300033, 0x5f5f63695f6c6173745f726567656e65726174657c693a313539323330303033333b),
(1, 'vudjqpp4827ck79c4f4u6kpor0kahrr4', '114.79.170.122', 1593180653, 0x5f5f63695f6c6173745f726567656e65726174657c693a313539333138303635333b),
(1, 'vufj5e4igpr2mkbed3qpshc2rt9hb17u', '1.186.198.36', 1589263869, 0x5f5f63695f6c6173745f726567656e65726174657c693a313538393236333836393b),
(1, 'vufkl0kmgliq5evmtjomd5btpmmi3ev9', '1.186.197.213', 1591969116, 0x5f5f63695f6c6173745f726567656e65726174657c693a313539313936393131363b),
(1, 'vuhan7sagb05mtt5tl7bliad3vuu1iv9', '203.192.225.92', 1591300844, 0x5f5f63695f6c6173745f726567656e65726174657c693a313539313330303834343b),
(1, 'vuibc2i6uqhvp2fi5tb31o65n6neodh9', '203.192.224.99', 1594228481, 0x5f5f63695f6c6173745f726567656e65726174657c693a313539343232383438313b),
(1, 'vuil5s8nt1t8vc8h3flbojtb72obdugr', '203.192.225.92', 1591346887, 0x5f5f63695f6c6173745f726567656e65726174657c693a313539313334363838373b),
(1, 'vuj9qohbp9qca7po49bi53cht12jg9sm', '103.121.73.128', 1591447960, 0x5f5f63695f6c6173745f726567656e65726174657c693a313539313434373936303b),
(1, 'vukka4nr9kitiau6pkqumad75qa9mc0k', '203.192.225.91', 1591437450, 0x5f5f63695f6c6173745f726567656e65726174657c693a313539313433373435303b),
(1, 'vunvrj5kdnrrcke31ng9sm54i2f8n5m8', '203.192.224.68', 1593685595, 0x5f5f63695f6c6173745f726567656e65726174657c693a313539333638353539353b),
(1, 'vuobedfbvq601tarmqorh7u6031ojph8', '114.79.188.186', 1593446839, 0x5f5f63695f6c6173745f726567656e65726174657c693a313539333434363833393b),
(1, 'vuou0rkg96q61t7efe3bo1kpplk30m4u', '1.186.197.213', 1591983822, 0x5f5f63695f6c6173745f726567656e65726174657c693a313539313938333832323b),
(1, 'vup3d7qekm5th7in9f0c3gbdbuivh55a', '203.192.225.80', 1590671936, 0x5f5f63695f6c6173745f726567656e65726174657c693a313539303637313933363b),
(1, 'vup8pl982qcpq6od7s60lcmida7okusk', '103.121.75.177', 1591649183, 0x5f5f63695f6c6173745f726567656e65726174657c693a313539313634393130323b),
(1, 'vupoe35aptf7477ihvcto9uk4b44l118', '43.242.229.252', 1593606330, 0x5f5f63695f6c6173745f726567656e65726174657c693a313539333630363333303b),
(1, 'vuqrr4g7o8p7kgt6hmr338grr1s39713', '203.192.224.99', 1594283229, 0x5f5f63695f6c6173745f726567656e65726174657c693a313539343238333232393b),
(1, 'vurfn7tn4o9eonvlu7j3dqual2hijvbv', '203.192.225.140', 1590170781, 0x5f5f63695f6c6173745f726567656e65726174657c693a313539303137303738313b),
(1, 'vus53c4a1uifpp5krq4ju26s8ofj3glc', '1.38.148.22', 1594458753, 0x5f5f63695f6c6173745f726567656e65726174657c693a313539343435383735333b),
(1, 'vusj0osujsmbao80ipt637jicbk68e9b', '1.186.171.77', 1590768515, 0x5f5f63695f6c6173745f726567656e65726174657c693a313539303736383531353b),
(1, 'vutbrmt9p5fvlqt3aljse2ve7t7of4k6', '106.210.102.152', 1592581247, 0x5f5f63695f6c6173745f726567656e65726174657c693a313539323538313234373b4642524c485f73746174657c733a33323a223235303635336636396266323562643131393661373661646336396233303939223b73746166665f757365725f69647c733a313a2231223b73746166665f6c6f676765645f696e7c623a313b74656e616e745f69647c733a313a2231223b),
(1, 'vutm4rijida064vrifhidug84ghun14e', '103.121.73.170', 1590697995, 0x5f5f63695f6c6173745f726567656e65726174657c693a313539303639373939353b),
(1, 'vuuminr4bq3d3f0qr1rhm27qfkj73m1h', '1.186.197.147', 1591790939, 0x5f5f63695f6c6173745f726567656e65726174657c693a313539313739303933393b),
(1, 'vv1703d2r12geek2ug3q1ba69lfttmu9', '203.192.224.81', 1594655791, 0x5f5f63695f6c6173745f726567656e65726174657c693a313539343635353739313b),
(1, 'vv4nrph83vouvjpvcusiol847pb08mp4', '203.192.224.69', 1594644583, 0x5f5f63695f6c6173745f726567656e65726174657c693a313539343634343538333b),
(1, 'vv687ie159cdrbgdvo2vo26qmugsbd7b', '1.186.170.130', 1591212826, 0x5f5f63695f6c6173745f726567656e65726174657c693a313539313231323832363b4642524c485f73746174657c733a33323a226666303539333630383834303739616239383539393334636662383535386237223b7265645f75726c7c733a34393a2268747470733a2f2f6465762e6d792e636f6e74726163746f72706c75732e6170702f61646d696e2f657374696d61746573223b6170705f61646d696e7c4f3a383a22737464436c617373223a353a7b733a323a226964223b733a313a2231223b733a343a226e616d65223b733a31313a2253757065722041646d696e223b733a353a22656d61696c223b733a31353a2261646d696e40676d61696c2e636f6d223b733a383a2270617373776f7264223b733a36303a222432612430382458505a5957587866724e7a4e35727032467453756c75413670523355387073685a664d4d356150725243656d574d66543170544947223b733a363a22616374697665223b733a313a2231223b7d7573657269647c733a313a2231223b6170706c69636174696f6e5f61646d696e5f69647c4e3b6170706c69636174696f6e5f61646d696e5f6c6f676765645f696e7c623a313b73657475702d6d656e752d6f70656e7c733a303a22223b),
(1, 'vv6ackqcs1md2c54ao5fne61j505gu5n', '203.192.225.64', 1589809465, 0x5f5f63695f6c6173745f726567656e65726174657c693a313538393830393436353b),
(1, 'vv7s994s6ekv2lkcbpmge0vfoh8370bn', '114.79.188.186', 1593435309, 0x5f5f63695f6c6173745f726567656e65726174657c693a313539333433353330393b),
(1, 'vv7sct0du2r7730mm5c28fdfj2esq4r0', '1.186.196.134', 1592217103, 0x5f5f63695f6c6173745f726567656e65726174657c693a313539323231373130333b),
(1, 'vv81amq77a43tqpe9gd3sll1c5m7p7nq', '1.186.175.12', 1591080789, 0x5f5f63695f6c6173745f726567656e65726174657c693a313539313038303738393b),
(1, 'vvanhvtkj83t5q2dnou36mgt7qtdk7i6', '203.192.225.95', 1591702695, 0x5f5f63695f6c6173745f726567656e65726174657c693a313539313730323639353b),
(1, 'vvaqnog2m2omjp3bfv2nq7erqgaoe8m9', '203.192.225.91', 1591383372, 0x5f5f63695f6c6173745f726567656e65726174657c693a313539313338333337323b),
(1, 'vvarjchhd305t8en11db1pbncteejn0u', '1.186.168.199', 1591895510, 0x5f5f63695f6c6173745f726567656e65726174657c693a313539313839353531303b4642524c485f73746174657c733a33323a223032613033336137373632353137323534363134386636666635323963356135223b73746166665f757365725f69647c733a313a2231223b73746166665f6c6f676765645f696e7c623a313b74656e616e745f69647c733a313a2231223b73657475702d6d656e752d6f70656e7c733a303a22223b7265645f75726c7c733a35313a2268747470733a2f2f6465762e6d792e636f6e74726163746f72706c75732e6170702f6170706c69636174696f6e5f61646d696e223b7573657269647c733a313a2231223b6170706c69636174696f6e5f61646d696e5f69647c4e3b6170706c69636174696f6e5f61646d696e5f6c6f676765645f696e7c623a313b6170705f61646d696e7c4f3a383a22737464436c617373223a353a7b733a323a226964223b733a313a2231223b733a343a226e616d65223b733a31313a2253757065722041646d696e223b733a353a22656d61696c223b733a31353a2261646d696e40676d61696c2e636f6d223b733a383a2270617373776f7264223b733a36303a222432612430382458505a5957587866724e7a4e35727032467453756c75413670523355387073685a664d4d356150725243656d574d66543170544947223b733a363a22616374697665223b733a313a2231223b7d),
(1, 'vvc2i0fs497rl7dhavu7a54jvg86et3o', '103.216.145.17', 1593694994, 0x5f5f63695f6c6173745f726567656e65726174657c693a313539333639343939343b),
(1, 'vvckluudc81v9suf3g9s4r5g2gqhqjb5', '103.121.72.224', 1591001212, 0x5f5f63695f6c6173745f726567656e65726174657c693a313539313030313231323b),
(1, 'vvd5v7jt9rjf7eg1n129qc3sd4h3lcl3', '114.79.166.112', 1591382559, 0x5f5f63695f6c6173745f726567656e65726174657c693a313539313338323434363b),
(1, 'vvdgr5q77ibpkjd8kqcac8u35qh712vp', '1.186.197.246', 1591107967, 0x5f5f63695f6c6173745f726567656e65726174657c693a313539313130373936373b),
(1, 'vveainldm4rm5q65m8a27s6cjf0v8rue', '1.186.197.147', 1591859609, 0x5f5f63695f6c6173745f726567656e65726174657c693a313539313835393630393b),
(1, 'vvekbsg7bh7samci2ajus81d8af7pjp1', '103.121.72.250', 1589393301, 0x5f5f63695f6c6173745f726567656e65726174657c693a313538393339333330313b),
(1, 'vvg4eut4j824bts1pfv04ueqj7c17i8k', '106.193.226.161', 1592998262, 0x5f5f63695f6c6173745f726567656e65726174657c693a313539323939383236323b),
(1, 'vvgqkqefoka78m2jqrc7saak3br6nd9t', '103.121.73.22', 1590900816, 0x5f5f63695f6c6173745f726567656e65726174657c693a313539303930303831363b),
(1, 'vvi5v31rkgsivprdn6td8halshbipceh', '106.209.192.247', 1593685139, 0x5f5f63695f6c6173745f726567656e65726174657c693a313539333638353133393b),
(1, 'vvj6muc5pttbfs6av2p3mht11d8mgnpc', '1.186.197.131', 1592645918, 0x5f5f63695f6c6173745f726567656e65726174657c693a313539323634353931383b),
(1, 'vvj7om2rbt4crn625kipae06ge5a6osk', '42.106.253.41', 1590760602, 0x5f5f63695f6c6173745f726567656e65726174657c693a313539303736303630323b),
(1, 'vvmk8o4uh0rvl9qujgbt5umd7iq6g0ks', '203.192.224.88', 1593029748, 0x5f5f63695f6c6173745f726567656e65726174657c693a313539333032393734383b),
(1, 'vvn9evs1lioql6j7n3q26rbcif107rj5', '114.79.188.93', 1593098789, 0x5f5f63695f6c6173745f726567656e65726174657c693a313539333039383738393b),
(1, 'vvngkokcvshgolacaj4n3plele56ufp2', '114.79.174.208', 1593786238, 0x5f5f63695f6c6173745f726567656e65726174657c693a313539333738363233383b),
(1, 'vvoh0jmece6ppnvg1mh985hfc8hell4v', '1.186.196.134', 1592217473, 0x5f5f63695f6c6173745f726567656e65726174657c693a313539323231373437333b),
(1, 'vvpf4ti5rofmm3b4c6pdl7vdhasfqid7', '203.192.225.95', 1591709905, 0x5f5f63695f6c6173745f726567656e65726174657c693a313539313730393930353b),
(1, 'vvpg1gpkrg4g2vc34kh0d6ac75p58jk1', '203.192.225.84', 1589616691, 0x5f5f63695f6c6173745f726567656e65726174657c693a313538393631363639313b),
(1, 'vvq0qh4jl7sipjj64ab7uoko8s083vv7', '1.186.175.12', 1591115319, 0x5f5f63695f6c6173745f726567656e65726174657c693a313539313131353331393b),
(1, 'vvqk80ggdh10gss598qb09vbn1nc0ug7', '106.210.206.119', 1592669409, 0x5f5f63695f6c6173745f726567656e65726174657c693a313539323636393430393b),
(1, 'vvrh03fcn6uqhg0adls613akhe1kpvj1', '103.121.73.241', 1591968538, 0x5f5f63695f6c6173745f726567656e65726174657c693a313539313936383533383b),
(1, 'vvrs3f5cfelqr8eq7tuhi6s66vudjn7u', '203.192.225.92', 1591286799, 0x5f5f63695f6c6173745f726567656e65726174657c693a313539313238363739393b),
(1, 'vvrvt70inl00f5qqnv2omsln9shth4hi', '114.79.166.112', 1591336889, 0x5f5f63695f6c6173745f726567656e65726174657c693a313539313333363838393b),
(1, 'vvt8n9ru8fkckfqc4oc8pvgfoelmfgp1', '203.192.249.251', 1591608518, 0x5f5f63695f6c6173745f726567656e65726174657c693a313539313630383531383b),
(1, 'vvtfvt75hamao66u1sddbj8av8cu40s7', '114.79.165.50', 1592494805, 0x5f5f63695f6c6173745f726567656e65726174657c693a313539323439343830353b),
(1, 'vvu4tkfnda0gu5hm46kvtgkumlgovrmf', '203.192.225.238', 1589999158, 0x5f5f63695f6c6173745f726567656e65726174657c693a313538393939393135383b);

-- --------------------------------------------------------

--
-- Table structure for table `tblshared_customer_files`
--

CREATE TABLE `tblshared_customer_files` (
  `tenant_id` bigint(20) UNSIGNED NOT NULL DEFAULT '1',
  `file_id` bigint(20) UNSIGNED NOT NULL,
  `contact_id` bigint(20) UNSIGNED NOT NULL
) ENGINE=InnoDB DEFAULT CHARSET=utf8;

-- --------------------------------------------------------

--
-- Table structure for table `tblshopping_list`
--

CREATE TABLE `tblshopping_list` (
  `id` bigint(20) UNSIGNED NOT NULL,
  `tenant_id` bigint(20) UNSIGNED NOT NULL,
  `title` varchar(191) COLLATE utf8_unicode_ci NOT NULL,
  `shop_for` enum('company','client') COLLATE utf8_unicode_ci DEFAULT NULL,
  `client_id` bigint(20) UNSIGNED DEFAULT NULL,
  `street_1` varchar(191) COLLATE utf8_unicode_ci DEFAULT NULL,
  `street_2` varchar(191) COLLATE utf8_unicode_ci DEFAULT NULL,
  `city` varchar(191) COLLATE utf8_unicode_ci DEFAULT NULL,
  `state` varchar(191) COLLATE utf8_unicode_ci DEFAULT NULL,
  `zip` varchar(191) COLLATE utf8_unicode_ci DEFAULT NULL,
  `country` bigint(20) UNSIGNED DEFAULT NULL,
  `total_quantity` bigint(20) UNSIGNED DEFAULT '0',
  `total_price` decimal(15,2) DEFAULT '0.00',
  `status` enum('pending','in-progress','completed') COLLATE utf8_unicode_ci DEFAULT 'pending',
  `addedfrom` bigint(20) UNSIGNED DEFAULT NULL,
  `datecreated` datetime NOT NULL
) ENGINE=InnoDB DEFAULT CHARSET=utf8 COLLATE=utf8_unicode_ci;

--
-- Dumping data for table `tblshopping_list`
--

INSERT INTO `tblshopping_list` (`id`, `tenant_id`, `title`, `shop_for`, `client_id`, `street_1`, `street_2`, `city`, `state`, `zip`, `country`, `total_quantity`, `total_price`, `status`, `addedfrom`, `datecreated`) VALUES
(1, 1, 'Daily Shopping', 'company', 0, '', NULL, '', '', '', 0, 3, '55200.00', 'completed', 1, '2020-06-11 07:58:56'),
(2, 1, 'Weekly shopping', 'client', 71, 'B-5, Navin Manju', NULL, '', '', '', 0, 5, '60400.00', 'pending', 1, '2020-06-11 07:59:12'),
(4, 1, 'Room 21 shopping list', 'company', NULL, NULL, NULL, NULL, NULL, NULL, NULL, 1, '50000.00', 'completed', 1, '2020-06-11 08:07:19'),
(5, 1, 'Faraday\'s shopping list', 'company', NULL, NULL, NULL, NULL, NULL, NULL, NULL, 16, '750200.00', 'completed', 1, '2020-06-12 10:51:51'),
(8, 1, 'Faraday\'s shopping list', 'company', NULL, NULL, NULL, NULL, NULL, NULL, NULL, 0, '0.00', 'pending', 1, '2020-06-15 19:26:28'),
(9, 1, 'Faraday\'s shopping list', 'company', NULL, NULL, NULL, NULL, NULL, NULL, NULL, 0, '0.00', 'pending', 0, '2020-06-15 19:30:13'),
(10, 1, 'Faraday\'s shopping list', 'company', NULL, NULL, NULL, NULL, NULL, NULL, NULL, 0, '0.00', '', 0, '2020-06-15 19:31:17'),
(11, 1, 'tired ', 'company', NULL, NULL, NULL, NULL, NULL, NULL, NULL, 1, '200.00', 'completed', 0, '2020-06-15 20:27:02'),
(12, 1, 'title', 'company', NULL, NULL, NULL, NULL, NULL, NULL, NULL, 1, '200.00', 'completed', 0, '2020-06-15 20:30:02'),
(13, 1, 'test', 'company', NULL, NULL, NULL, NULL, NULL, NULL, NULL, 3, '105000.00', 'pending', 43, '2020-06-17 13:48:06'),
(14, 1, 'client', 'client', 69, 'Dream Park', 'Dream Paradise', 'Mumbai', 'Maharashtra', '456723', 0, 1, '200.00', 'pending', 1, '2020-06-17 14:21:19'),
(15, 1, 'title', 'client', 0, NULL, '', '', '', '', 0, 1, '200.00', 'pending', 1, '2020-06-17 14:26:06'),
(16, 1, 'test multiple items', 'company', NULL, NULL, NULL, NULL, NULL, NULL, NULL, 1, '200.00', 'pending', 1, '2020-06-17 14:34:26'),
(17, 1, 't1', 'company', NULL, NULL, NULL, NULL, NULL, NULL, NULL, 5, '1700.00', 'pending', 1, '2020-06-17 14:48:32'),
(18, 1, 't1', 'company', NULL, NULL, NULL, NULL, NULL, NULL, NULL, 5, '2100.00', 'pending', 1, '2020-06-18 12:41:24'),
(19, 1, 't1', 'company', NULL, NULL, NULL, NULL, NULL, NULL, NULL, 4, '1500.00', 'pending', 1, '2020-06-18 12:42:55'),
(20, 1, 't12', 'company', NULL, NULL, NULL, NULL, NULL, NULL, NULL, 4, '1500.00', 'pending', 1, '2020-06-18 12:51:33'),
(21, 1, 't123', 'company', NULL, NULL, NULL, NULL, NULL, NULL, NULL, 5, '2100.00', 'pending', 1, '2020-06-18 13:43:49'),
(22, 1, 't1234', 'company', NULL, NULL, NULL, NULL, NULL, NULL, NULL, 8, '3000.00', 'pending', 1, '2020-06-18 13:47:05'),
(23, 1, 't1234', 'company', NULL, NULL, NULL, NULL, NULL, NULL, NULL, 2, '400.00', 'pending', 1, '2020-06-18 13:53:03'),
(24, 1, 't1234', 'client', 69, 'B-5, Navin Manju', ' S. L. Road, Mulund-West', 'Mumbai', 'Maharashtra', '400080', 0, 2, '400.00', 'pending', 1, '2020-06-18 13:53:35'),
(25, 1, 'test status', 'client', 0, NULL, '', '', '', '', 0, 2, '400.00', 'pending', 1, '2020-06-18 16:02:30'),
(26, 1, 'test status', 'client', 0, NULL, '', '', '', '', 0, 2, '400.00', 'completed', 1, '2020-06-18 16:02:44'),
(27, 1, 't1', 'company', NULL, NULL, NULL, NULL, NULL, NULL, NULL, 5, '2100.00', 'pending', 1, '2020-06-18 17:02:58'),
(28, 1, 't1', 'company', NULL, NULL, NULL, NULL, NULL, NULL, NULL, 5, '2100.00', 'pending', 1, '2020-06-18 17:07:06'),
(29, 1, 't1', 'company', NULL, NULL, NULL, NULL, NULL, NULL, NULL, 5, '2100.00', 'pending', 1, '2020-06-18 17:11:04'),
(30, 1, 't1', 'company', NULL, NULL, NULL, NULL, NULL, NULL, NULL, 5, '2100.00', 'pending', 1, '2020-06-18 17:13:50'),
(31, 1, 'Testing shopping list', 'company', NULL, NULL, NULL, NULL, NULL, NULL, NULL, 16, '750200.00', 'pending', 1, '2020-06-18 17:20:24'),
(32, 1, 'Testing shopping list', 'company', NULL, NULL, NULL, NULL, NULL, NULL, NULL, 2, '50200.00', 'in-progress', 43, '2020-06-18 17:22:51'),
(33, 1, 'Testing shopping list', 'company', NULL, NULL, NULL, NULL, NULL, NULL, NULL, 16, '750200.00', 'pending', 1, '2020-06-18 17:24:36'),
(34, 1, 'hshdhd', 'company', NULL, NULL, NULL, NULL, NULL, NULL, NULL, 5, '115000.00', 'pending', 43, '2020-06-18 20:36:09'),
(35, 1, 'hdhd', 'company', NULL, NULL, NULL, NULL, NULL, NULL, NULL, 2, '100000.00', 'pending', 43, '2020-06-18 20:36:51'),
(36, 1, 'bdbdb', 'company', NULL, NULL, NULL, NULL, NULL, NULL, NULL, 1, '50000.00', 'completed', 1, '2020-06-18 20:45:05'),
(37, 1, 'test cmcm', 'client', 69, 'Dream Park', 'Dream Paradise', 'Mumbai', 'Maharashtra', '', 0, 2, '400.00', 'pending', 1, '2020-06-18 23:00:20'),
(38, 1, 'title', 'client', 94, 'name', 'dhdhdhdh', 'nasik', 'sgshd', '440032', 0, 6, '1200.00', 'completed', 43, '2020-07-04 19:31:00'),
(39, 1, 'trdcc', 'company', NULL, NULL, NULL, NULL, NULL, NULL, NULL, 4, '800.00', 'completed', 43, '2020-07-06 18:51:45'),
(40, 1, 'test', 'company', NULL, NULL, NULL, NULL, NULL, NULL, NULL, 2, '100000.00', 'pending', 43, '2020-07-07 16:44:54'),
(41, 1, 'test', 'company', NULL, NULL, NULL, NULL, NULL, NULL, NULL, 2, '400.00', 'pending', 43, '2020-07-07 17:26:04'),
(42, 1, 'tfh', 'company', NULL, NULL, NULL, NULL, NULL, NULL, NULL, 4, '800.00', 'pending', 43, '2020-07-07 17:32:06'),
(43, 1, 'test', 'company', NULL, NULL, NULL, NULL, NULL, NULL, NULL, 2, '400.00', 'pending', 43, '2020-07-07 17:53:29'),
(44, 1, 'test', 'company', NULL, NULL, NULL, NULL, NULL, NULL, NULL, 4, '800.00', 'pending', 43, '2020-07-07 18:19:00'),
(45, 41, 'test', 'company', NULL, NULL, NULL, NULL, NULL, NULL, NULL, 1, '50000.00', 'pending', 39, '2020-07-10 15:34:57'),
(46, 41, 'abc', 'company', NULL, NULL, NULL, NULL, NULL, NULL, NULL, 1, '50000.00', 'pending', 39, '2020-07-10 15:35:25'),
(47, 59, 'sink repair', 'company', NULL, NULL, NULL, NULL, NULL, NULL, NULL, 4, '200000.00', 'pending', 70, '2020-07-11 10:24:16');

-- --------------------------------------------------------

--
-- Table structure for table `tblshopping_list_items`
--

CREATE TABLE `tblshopping_list_items` (
  `id` bigint(20) UNSIGNED NOT NULL,
  `shopping_list_id` bigint(20) UNSIGNED NOT NULL,
  `cp_supply_id` bigint(20) UNSIGNED DEFAULT NULL,
  `my_supply_id` bigint(20) UNSIGNED DEFAULT NULL,
  `type` enum('my_supply','cp_supply') COLLATE utf8_unicode_ci DEFAULT NULL,
  `name` varchar(191) COLLATE utf8_unicode_ci NOT NULL,
  `image` varchar(191) COLLATE utf8_unicode_ci DEFAULT NULL,
  `category_name` varchar(191) COLLATE utf8_unicode_ci DEFAULT NULL,
  `supplier_name` varchar(191) COLLATE utf8_unicode_ci DEFAULT NULL,
  `tag` varchar(191) COLLATE utf8_unicode_ci DEFAULT NULL,
  `price` decimal(15,2) DEFAULT '0.00',
  `quantity` bigint(20) UNSIGNED NOT NULL,
  `supply_total_price` decimal(15,2) NOT NULL,
  `purchase_status` enum('purchased','unpurchased') COLLATE utf8_unicode_ci DEFAULT 'unpurchased',
  `dateadded` datetime NOT NULL DEFAULT CURRENT_TIMESTAMP,
  `datefinished` datetime NOT NULL DEFAULT CURRENT_TIMESTAMP,
  `item_order` bigint(20) UNSIGNED NOT NULL DEFAULT '1'
) ENGINE=InnoDB DEFAULT CHARSET=utf8 COLLATE=utf8_unicode_ci;

--
-- Dumping data for table `tblshopping_list_items`
--

INSERT INTO `tblshopping_list_items` (`id`, `shopping_list_id`, `cp_supply_id`, `my_supply_id`, `type`, `name`, `image`, `category_name`, `supplier_name`, `tag`, `price`, `quantity`, `supply_total_price`, `purchase_status`, `dateadded`, `datefinished`, `item_order`) VALUES
(1, 1, NULL, 4, 'my_supply', 'Added supply', NULL, 'Others', 'Amazon', 'MY Supply', '200.00', 1, '200.00', 'purchased', '2020-06-10 22:11:11', '2020-06-17 12:45:03', 1),
(2, 1, 1, NULL, 'cp_supply', 'Apple Taps', NULL, 'Taps', 'Amazon', 'C+ Supply', '50000.00', 1, '50000.00', 'unpurchased', '2020-06-10 22:11:11', '2020-06-17 12:59:14', 1),
(3, 1, NULL, 2, 'my_supply', 'Cement', '5edcdbdc66a48.png', 'Walls', 'Amazon', 'MY Supply', '5000.00', 1, '5000.00', 'unpurchased', '2020-06-10 22:11:11', '2020-06-17 12:59:07', 2),
(4, 2, NULL, 4, 'my_supply', 'Added supply', NULL, 'Others', 'Amazon', 'MY Supply', '200.00', 1, '200.00', 'purchased', '2020-06-10 22:11:11', '2020-06-16 19:15:46', 1),
(5, 2, 1, NULL, 'cp_supply', 'Apple Taps', NULL, 'Taps', 'Amazon', 'C+ Supply', '50000.00', 1, '50000.00', 'unpurchased', '2020-06-10 22:11:11', '2020-06-10 22:11:11', 1),
(6, 2, NULL, 2, 'my_supply', 'Cement', '5edcdbdc66a48.png', 'Walls', 'Amazon', 'MY Supply', '5000.00', 2, '10000.00', 'unpurchased', '2020-06-10 22:11:11', '2020-06-10 22:11:11', 1),
(7, 3, NULL, 4, 'my_supply', 'Added supply', NULL, 'Others', 'Amazon', 'MY Supply', '200.00', 1, '200.00', 'unpurchased', '2020-06-10 22:11:11', '2020-06-10 22:11:11', 1),
(8, 3, 1, NULL, 'cp_supply', 'Apple Taps', NULL, 'Taps', 'Amazon', 'C+ Supply', '50000.00', 1, '50000.00', 'unpurchased', '2020-06-10 22:11:11', '2020-06-10 22:11:11', 1),
(9, 3, NULL, 2, 'my_supply', 'Cement', '5edcdbdc66a48.png', 'Walls', 'Amazon', 'MY Supply', '5000.00', 1, '5000.00', 'unpurchased', '2020-06-10 22:11:11', '2020-06-10 22:11:11', 1),
(10, 2, NULL, 3, 'my_supply', 'Supply added to amazon via api updated', '5ede04bb29a46.png', 'Others', 'Amazon', 'MY Supply', '200.00', 1, '200.00', 'unpurchased', '2020-06-10 22:11:11', '2020-06-10 22:11:11', 1),
(12, 4, 1, NULL, 'cp_supply', 'Apple Taps', NULL, 'Taps', 'Amazon', 'C+ Supply', '50000.00', 1, '50000.00', 'purchased', '2020-06-12 10:45:54', '2020-06-12 10:45:54', 0),
(13, 5, NULL, 4, 'my_supply', 'Added supply', NULL, 'Others', 'Amazon', 'MY Supply', '200.00', 1, '200.00', 'purchased', '2020-06-12 10:51:51', '2020-06-19 17:08:01', 0),
(14, 5, 1, NULL, 'cp_supply', 'Apple Taps', NULL, 'Taps', 'Amazon', 'C+ Supply', '50000.00', 15, '750000.00', 'unpurchased', '2020-06-12 10:51:51', '2020-06-12 10:51:51', 1),
(15, 11, NULL, 9, 'my_supply', 'Supply Add Test P', '5ee215b79c8f5.png', 'Others', 'D Mart', 'MY Supply', '200.00', 1, '200.00', 'unpurchased', '2020-06-15 20:27:02', '2020-06-15 20:27:02', 0),
(16, 12, NULL, 5, 'my_supply', 'Supply Add Test P', '5ee20765dd501.png', 'Others', 'D Mart', 'MY Supply', '200.00', 1, '200.00', 'purchased', '2020-06-15 20:30:02', '2020-06-17 12:47:27', 0),
(17, 13, 1, NULL, 'cp_supply', 'Apple Taps', NULL, 'Taps', 'Amazon', 'C+ Supply', '50000.00', 1, '50000.00', 'unpurchased', '2020-06-17 13:48:06', '2020-06-17 13:48:06', 0),
(18, 13, NULL, 1, 'my_supply', 'Apple Taps', '5edcbfc6cd2ff.png', 'Taps', 'D Mart', 'MY Supply', '50000.00', 1, '50000.00', 'unpurchased', '2020-06-17 13:48:06', '2020-06-17 13:48:06', 1),
(19, 13, 3, NULL, 'cp_supply', 'Cement', NULL, 'Walls', 'Amazon', 'C+ Supply', '5000.00', 1, '5000.00', 'unpurchased', '2020-06-17 13:48:06', '2020-06-17 13:48:06', 2),
(20, 14, NULL, 8, 'my_supply', 'Supply Add Test P', '5ee20e1573b52.png', 'Others', 'D Mart', 'MY Supply', '200.00', 1, '200.00', 'unpurchased', '2020-06-17 14:21:19', '2020-06-17 14:21:19', 0),
(21, 15, NULL, 8, 'my_supply', 'Supply Add Test P', '5ee20e1573b52.png', 'Others', 'D Mart', 'MY Supply', '200.00', 1, '200.00', 'unpurchased', '2020-06-17 14:26:06', '2020-06-17 14:26:06', 0),
(22, 16, NULL, 5, 'my_supply', 'Supply Add Test P', '5ee20765dd501.png', 'Others', 'D Mart', 'MY Supply', '200.00', 1, '200.00', 'unpurchased', '2020-06-17 14:34:26', '2020-06-17 14:34:26', 0),
(23, 17, NULL, 5, 'my_supply', 'Supply Add Test P', '5ee20765dd501.png', 'Others', 'D Mart', 'MY Supply', '200.00', 1, '200.00', 'unpurchased', '2020-06-17 14:48:32', '2020-06-17 14:48:32', 0),
(24, 17, NULL, 8, 'my_supply', 'Supply Add Test P', '5ee20e1573b52.png', 'Others', 'D Mart', 'MY Supply', '200.00', 1, '200.00', 'unpurchased', '2020-06-17 14:48:32', '2020-06-17 14:48:32', 1),
(25, 17, NULL, 9, 'my_supply', 'Supply Add Test P', '5ee215b79c8f5.png', 'Others', 'D Mart', 'MY Supply', '200.00', 1, '200.00', 'unpurchased', '2020-06-17 14:48:32', '2020-06-17 14:48:32', 2),
(26, 17, NULL, 10, 'my_supply', 'Test Add Supply 1', '5ee217b466444.jpeg', 'Others', 'Ajinkya Sonar Add Supplier', 'MY Supply', '500.00', 1, '500.00', 'unpurchased', '2020-06-17 14:48:32', '2020-06-17 14:48:32', 3),
(27, 17, NULL, 11, 'my_supply', 'Test add supply 2', '5ee38fa9eaa09.jpeg', 'Others', 'Ajinkya Sonar Add Supplier', 'MY Supply', '600.00', 1, '600.00', 'unpurchased', '2020-06-17 14:48:32', '2020-06-17 14:48:32', 4),
(28, 18, NULL, 8, 'my_supply', 'Supply Add Test P', '5ee20e1573b52.png', 'Others', 'D Mart', 'MY Supply', '200.00', 1, '200.00', 'unpurchased', '2020-06-18 12:41:24', '2020-06-18 12:41:24', 0),
(29, 18, NULL, 9, 'my_supply', 'Supply Add Test P', '5ee215b79c8f5.png', 'Others', 'D Mart', 'MY Supply', '200.00', 1, '200.00', 'unpurchased', '2020-06-18 12:41:24', '2020-06-18 12:41:24', 1),
(30, 18, NULL, 10, 'my_supply', 'Test Add Supply 1', '5ee217b466444.jpeg', 'Others', 'Ajinkya Sonar Add Supplier', 'MY Supply', '500.00', 1, '500.00', 'unpurchased', '2020-06-18 12:41:24', '2020-06-18 12:41:24', 2),
(31, 18, NULL, 11, 'my_supply', 'Test add supply 2', '5ee38fa9eaa09.jpeg', 'Others', 'Ajinkya Sonar Add Supplier', 'MY Supply', '600.00', 2, '1200.00', 'unpurchased', '2020-06-18 12:41:24', '2020-06-18 12:41:24', 3),
(32, 30, NULL, 8, 'my_supply', 'Supply Add Test P', '5ee20e1573b52.png', 'Others', 'D Mart', 'MY Supply', '200.00', 1, '200.00', 'unpurchased', '2020-06-18 17:13:50', '2020-06-18 17:13:50', 1),
(33, 30, NULL, 9, 'my_supply', 'Supply Add Test P', '5ee215b79c8f5.png', 'Others', 'D Mart', 'MY Supply', '200.00', 1, '200.00', 'unpurchased', '2020-06-18 17:13:50', '2020-06-18 17:13:50', 2),
(34, 30, NULL, 10, 'my_supply', 'Test Add Supply 1', '5ee217b466444.jpeg', 'Others', 'Ajinkya Sonar Add Supplier', 'MY Supply', '500.00', 1, '500.00', 'unpurchased', '2020-06-18 17:13:50', '2020-06-18 17:13:50', 3),
(35, 30, NULL, 11, 'my_supply', 'Test add supply 2', '5ee38fa9eaa09.jpeg', 'Others', 'Ajinkya Sonar Add Supplier', 'MY Supply', '600.00', 2, '1200.00', 'unpurchased', '2020-06-18 17:13:50', '2020-06-18 17:13:50', 4),
(36, 22, NULL, 8, 'my_supply', 'Supply Add Test P', '5ee20e1573b52.png', 'Others', 'D Mart', 'MY Supply', '200.00', 2, '400.00', 'unpurchased', '2020-06-18 13:47:05', '2020-06-18 16:59:50', 1),
(37, 22, NULL, 9, 'my_supply', 'Supply Add Test P', '5ee215b79c8f5.png', 'Others', 'D Mart', 'MY Supply', '200.00', 2, '400.00', 'unpurchased', '2020-06-18 13:47:05', '2020-06-18 13:47:05', 2),
(38, 22, NULL, 10, 'my_supply', 'Test Add Supply 1', '5ee217b466444.jpeg', 'Others', 'Ajinkya Sonar Add Supplier', 'MY Supply', '500.00', 2, '1000.00', 'purchased', '2020-06-18 13:47:05', '2020-06-18 16:59:35', 3),
(39, 22, NULL, 11, 'my_supply', 'Test add supply 2', '5ee38fa9eaa09.jpeg', 'Others', 'Ajinkya Sonar Add Supplier', 'MY Supply', '600.00', 2, '1200.00', 'unpurchased', '2020-06-18 13:47:05', '2020-06-18 13:47:05', 4),
(40, 24, NULL, 5, 'my_supply', 'Supply Add Test P', '5ee20765dd501.png', 'Others', 'D Mart', 'MY Supply', '200.00', 1, '200.00', 'unpurchased', '2020-06-18 13:53:35', '2020-06-18 13:53:35', 1),
(41, 24, NULL, 9, 'my_supply', 'Supply Add Test P', '5ee215b79c8f5.png', 'Others', 'D Mart', 'MY Supply', '200.00', 1, '200.00', 'unpurchased', '2020-06-18 13:53:35', '2020-06-18 13:53:35', 2),
(42, 26, NULL, 5, 'my_supply', 'Supply Add Test P', '5ee20765dd501.png', 'Others', 'D Mart', 'MY Supply', '200.00', 1, '200.00', 'unpurchased', '2020-06-18 16:02:44', '2020-06-18 16:02:44', 1),
(43, 26, NULL, 9, 'my_supply', 'Supply Add Test P', '5ee215b79c8f5.png', 'Others', 'D Mart', 'MY Supply', '200.00', 1, '200.00', 'unpurchased', '2020-06-18 16:02:44', '2020-06-18 16:02:44', 2),
(44, 31, NULL, 4, 'my_supply', 'Added supply', '5ee374091508f.jpg', 'Others', 'Amazon', 'MY Supply', '200.00', 1, '200.00', 'unpurchased', '2020-06-18 17:20:24', '2020-06-18 17:20:24', 1),
(45, 31, 1, NULL, 'cp_supply', 'Apple Taps', NULL, 'Taps', 'Amazon', 'C+ Supply', '50000.00', 15, '750000.00', 'unpurchased', '2020-06-18 17:20:24', '2020-06-18 17:20:24', 2),
(46, 32, NULL, 4, 'my_supply', 'Added supply', '5ee374091508f.jpg', 'Others', 'Amazon', 'MY Supply', '200.00', 1, '200.00', 'unpurchased', '2020-06-18 21:08:20', '2020-06-18 21:08:20', 1),
(47, 32, 1, NULL, 'cp_supply', 'Apple Taps', NULL, 'Taps', 'Amazon', 'C+ Supply', '50000.00', 1, '50000.00', 'unpurchased', '2020-06-18 21:08:20', '2020-06-18 21:08:20', 2),
(48, 33, NULL, 4, 'my_supply', 'Added supply', '5ee374091508f.jpg', 'Others', 'Amazon', 'MY Supply', '200.00', 1, '200.00', 'unpurchased', '2020-06-18 17:39:28', '2020-06-18 17:42:17', 1),
(49, 33, 1, NULL, 'cp_supply', 'Apple Taps', NULL, 'Taps', 'Amazon', 'C+ Supply', '50000.00', 15, '750000.00', 'purchased', '2020-06-18 17:39:28', '2020-06-18 17:42:07', 2),
(50, 34, 1, NULL, 'cp_supply', 'Apple Taps', NULL, 'Taps', 'Amazon', 'C+ Supply', '50000.00', 1, '50000.00', 'unpurchased', '2020-06-18 20:36:09', '2020-06-18 20:36:09', 1),
(51, 34, NULL, 1, 'my_supply', 'Apple Taps', '5edcbfc6cd2ff.png', 'Taps', 'D Mart', 'MY Supply', '50000.00', 1, '50000.00', 'unpurchased', '2020-06-18 20:36:09', '2020-06-18 20:36:09', 2),
(52, 34, 2, NULL, 'cp_supply', 'Cement', NULL, 'Walls', 'Amazon', 'C+ Supply', '5000.00', 1, '5000.00', 'unpurchased', '2020-06-18 20:36:09', '2020-06-18 20:36:09', 3),
(53, 34, NULL, 2, 'my_supply', 'Cement', '5edcdbdc66a48.png', 'Walls', 'Amazon', 'MY Supply', '5000.00', 1, '5000.00', 'unpurchased', '2020-06-18 20:36:09', '2020-06-18 20:36:09', 4),
(54, 34, 3, NULL, 'cp_supply', 'Cement', NULL, 'Walls', 'Amazon', 'C+ Supply', '5000.00', 1, '5000.00', 'unpurchased', '2020-06-18 20:36:09', '2020-06-18 20:36:09', 5),
(55, 35, 1, NULL, 'cp_supply', 'Apple Taps', NULL, 'Taps', 'Amazon', 'C+ Supply', '50000.00', 1, '50000.00', 'unpurchased', '2020-06-18 20:36:51', '2020-06-18 20:36:51', 1),
(56, 35, NULL, 1, 'my_supply', 'Apple Taps', '5edcbfc6cd2ff.png', 'Taps', 'D Mart', 'MY Supply', '50000.00', 1, '50000.00', 'unpurchased', '2020-06-18 20:36:51', '2020-06-18 20:36:51', 2),
(57, 36, 1, NULL, 'cp_supply', 'Apple Taps', NULL, 'Taps', 'Amazon', 'C+ Supply', '50000.00', 1, '50000.00', 'purchased', '2020-06-18 21:25:17', '2020-07-14 10:00:24', 1),
(58, 37, NULL, 5, 'my_supply', 'Supply Add Test P', '5ee20765dd501.png', 'Others', 'D Mart', 'MY Supply', '200.00', 1, '200.00', 'unpurchased', '2020-06-18 23:00:20', '2020-06-18 23:00:20', 1),
(59, 37, NULL, 9, 'my_supply', 'Supply Add Test P', '5ee215b79c8f5.png', 'Others', 'D Mart', 'MY Supply', '200.00', 1, '200.00', 'unpurchased', '2020-06-18 23:00:20', '2020-06-18 23:00:20', 2),
(60, 38, NULL, 5, 'my_supply', 'Supply Add Test P', '5ee20765dd501.png', 'Others', 'D Mart', 'MY Supply', '200.00', 1, '200.00', 'purchased', '2020-07-07 15:31:40', '2020-07-07 15:31:40', 1),
(61, 38, NULL, 9, 'my_supply', 'Supply Add Test P', '5ee215b79c8f5.png', 'Others', 'D Mart', 'MY Supply', '200.00', 1, '200.00', 'unpurchased', '2020-07-07 15:31:40', '2020-07-07 15:31:40', 2),
(62, 39, NULL, 4, 'my_supply', 'Added supply', '5ee374091508f.jpg', 'Others', 'Amazon', 'MY Supply', '200.00', 1, '200.00', 'purchased', '2020-07-06 18:51:45', '2020-07-07 18:07:44', 1),
(63, 39, NULL, 6, 'my_supply', 'Added supply one', '5ee3761404b8a.jpg', 'Others', 'Amazon', 'MY Supply', '200.00', 1, '200.00', 'unpurchased', '2020-07-06 18:51:45', '2020-07-06 18:51:45', 2),
(64, 39, NULL, 9, 'my_supply', 'Supply Add Test P', '5ee215b79c8f5.png', 'Others', 'D Mart', 'MY Supply', '200.00', 2, '400.00', 'unpurchased', '2020-07-06 18:51:45', '2020-07-06 18:51:45', 3),
(65, 39, NULL, 8, 'my_supply', 'Supply Add Test P', '5ee20e1573b52.png', 'Others', 'D Mart', 'MY Supply', '200.00', 1, '200.00', 'purchased', '2020-07-06 18:51:45', '2020-07-07 18:07:48', 4),
(66, 40, 1, NULL, 'cp_supply', 'Apple Taps', NULL, 'Taps', 'Amazon', 'C+ Supply', '50000.00', 1, '50000.00', 'unpurchased', '2020-07-07 16:44:54', '2020-07-07 16:44:54', 1),
(67, 40, NULL, 1, 'my_supply', 'Apple Taps', '5edcbfc6cd2ff.png', 'Taps', 'D Mart', 'MY Supply', '50000.00', 1, '50000.00', 'unpurchased', '2020-07-07 16:44:54', '2020-07-07 16:44:54', 2),
(68, 41, NULL, 4, 'my_supply', 'Added supply', '5ee374091508f.jpg', 'Others', 'Amazon', 'MY Supply', '200.00', 1, '200.00', 'unpurchased', '2020-07-07 17:26:04', '2020-07-07 17:26:04', 1),
(69, 41, NULL, 6, 'my_supply', 'Added supply one', '5ee3761404b8a.jpg', 'Others', 'Amazon', 'MY Supply', '200.00', 1, '200.00', 'unpurchased', '2020-07-07 17:26:04', '2020-07-07 17:26:04', 2),
(70, 42, NULL, 4, 'my_supply', 'Added supply', '5ee374091508f.jpg', 'Others', 'Amazon', 'MY Supply', '200.00', 3, '600.00', 'unpurchased', '2020-07-07 17:32:06', '2020-07-07 17:32:06', 1),
(71, 42, NULL, 6, 'my_supply', 'Added supply one', '5ee3761404b8a.jpg', 'Others', 'Amazon', 'MY Supply', '200.00', 1, '200.00', 'unpurchased', '2020-07-07 17:32:06', '2020-07-07 17:32:06', 2),
(72, 38, NULL, 4, 'my_supply', 'Added supply', '5ee374091508f.jpg', 'Others', 'Amazon', 'MY Supply', '200.00', 3, '600.00', 'unpurchased', '2020-07-07 17:32:34', '2020-07-07 17:32:34', 1),
(73, 38, NULL, 6, 'my_supply', 'Added supply one', '5ee3761404b8a.jpg', 'Others', 'Amazon', 'MY Supply', '200.00', 1, '200.00', 'unpurchased', '2020-07-07 17:32:34', '2020-07-07 17:32:34', 2),
(74, 38, NULL, 9, 'my_supply', 'Supply Add Test P', '5ee215b79c8f5.png', 'Others', 'D Mart', 'MY Supply', '200.00', 1, '200.00', 'unpurchased', '2020-07-07 17:32:34', '2020-07-07 17:32:34', 3),
(75, 38, NULL, 5, 'my_supply', 'Supply Add Test P', '5ee20765dd501.png', 'Others', 'D Mart', 'MY Supply', '200.00', 1, '200.00', 'unpurchased', '2020-07-07 17:32:34', '2020-07-07 17:32:34', 4),
(76, 43, NULL, 8, 'my_supply', 'Supply Add Test P', '5ee20e1573b52.png', 'Others', 'D Mart', 'MY Supply', '200.00', 1, '200.00', 'unpurchased', '2020-07-07 17:53:30', '2020-07-07 17:53:30', 1),
(77, 43, NULL, 9, 'my_supply', 'Supply Add Test P', '5ee215b79c8f5.png', 'Others', 'D Mart', 'MY Supply', '200.00', 1, '200.00', 'unpurchased', '2020-07-07 17:53:30', '2020-07-07 17:53:30', 2),
(78, 39, NULL, 4, 'my_supply', 'Added supply', '5ee374091508f.jpg', 'Others', 'Amazon', 'MY Supply', '200.00', 1, '200.00', 'unpurchased', '2020-07-07 18:05:42', '2020-07-07 18:05:42', 1),
(79, 39, NULL, 6, 'my_supply', 'Added supply one', '5ee3761404b8a.jpg', 'Others', 'Amazon', 'MY Supply', '200.00', 1, '200.00', 'unpurchased', '2020-07-07 18:05:42', '2020-07-07 18:05:42', 2),
(80, 39, NULL, 9, 'my_supply', 'Supply Add Test P', '5ee215b79c8f5.png', 'Others', 'D Mart', 'MY Supply', '200.00', 1, '200.00', 'unpurchased', '2020-07-07 18:05:42', '2020-07-07 18:05:42', 3),
(81, 39, NULL, 8, 'my_supply', 'Supply Add Test P', '5ee20e1573b52.png', 'Others', 'D Mart', 'MY Supply', '200.00', 1, '200.00', 'unpurchased', '2020-07-07 18:05:42', '2020-07-07 18:05:42', 4),
(82, 44, NULL, 4, 'my_supply', 'Added supply', '5ee374091508f.jpg', 'Others', 'Amazon', 'MY Supply', '200.00', 1, '200.00', 'unpurchased', '2020-07-07 18:19:00', '2020-07-07 18:19:00', 1),
(83, 44, NULL, 6, 'my_supply', 'Added supply one', '5ee3761404b8a.jpg', 'Others', 'Amazon', 'MY Supply', '200.00', 1, '200.00', 'purchased', '2020-07-07 18:19:00', '2020-07-10 21:35:22', 2),
(84, 44, NULL, 9, 'my_supply', 'Supply Add Test P', '5ee215b79c8f5.png', 'Others', 'D Mart', 'MY Supply', '200.00', 1, '200.00', 'unpurchased', '2020-07-07 18:19:00', '2020-07-07 18:19:00', 3),
(85, 44, NULL, 8, 'my_supply', 'Supply Add Test P', '5ee20e1573b52.png', 'Others', 'D Mart', 'MY Supply', '200.00', 1, '200.00', 'unpurchased', '2020-07-07 18:19:00', '2020-07-07 18:19:00', 4),
(86, 39, NULL, 4, 'my_supply', 'Added supply', '5ee374091508f.jpg', 'Others', 'Amazon', 'MY Supply', '200.00', 1, '200.00', 'unpurchased', '2020-07-07 18:19:24', '2020-07-07 18:19:24', 1),
(87, 39, NULL, 6, 'my_supply', 'Added supply one', '5ee3761404b8a.jpg', 'Others', 'Amazon', 'MY Supply', '200.00', 1, '200.00', 'unpurchased', '2020-07-07 18:19:24', '2020-07-07 18:19:24', 2),
(88, 39, NULL, 9, 'my_supply', 'Supply Add Test P', '5ee215b79c8f5.png', 'Others', 'D Mart', 'MY Supply', '200.00', 1, '200.00', 'unpurchased', '2020-07-07 18:19:24', '2020-07-07 18:19:24', 3),
(89, 39, NULL, 8, 'my_supply', 'Supply Add Test P', '5ee20e1573b52.png', 'Others', 'D Mart', 'MY Supply', '200.00', 1, '200.00', 'unpurchased', '2020-07-07 18:19:24', '2020-07-07 18:19:24', 4),
(90, 45, 1, NULL, 'cp_supply', 'Apple Taps', NULL, 'Taps', 'Amazon', 'C+ Supply', '50000.00', 1, '50000.00', 'unpurchased', '2020-07-10 15:34:57', '2020-07-10 15:34:57', 1),
(91, 46, 1, NULL, 'cp_supply', 'Apple Taps', NULL, 'Taps', 'Amazon', 'C+ Supply', '50000.00', 1, '50000.00', 'unpurchased', '2020-07-10 15:35:25', '2020-07-10 15:35:25', 1),
(92, 47, 1, NULL, 'cp_supply', 'Apple Taps', NULL, 'Taps', 'Amazon', 'C+ Supply', '50000.00', 4, '200000.00', 'purchased', '2020-07-11 10:24:16', '2020-07-11 10:24:48', 1);

-- --------------------------------------------------------

--
-- Table structure for table `tblspam_filters`
--

CREATE TABLE `tblspam_filters` (
  `tenant_id` bigint(20) UNSIGNED NOT NULL DEFAULT '1',
  `id` bigint(20) UNSIGNED NOT NULL,
  `type` varchar(40) NOT NULL,
  `rel_type` varchar(10) NOT NULL,
  `value` text NOT NULL
) ENGINE=InnoDB DEFAULT CHARSET=utf8;

-- --------------------------------------------------------

--
-- Table structure for table `tblstaff`
--

CREATE TABLE `tblstaff` (
  `tenant_id` bigint(20) UNSIGNED NOT NULL DEFAULT '1',
  `staffid` bigint(20) UNSIGNED NOT NULL,
  `is_tenant` tinyint(1) NOT NULL DEFAULT '0',
  `normal_login_used` tinyint(4) NOT NULL DEFAULT '0',
  `google_login_used` tinyint(4) NOT NULL DEFAULT '0',
  `google_data` longtext,
  `facebook_login_used` tinyint(4) NOT NULL DEFAULT '0',
  `facebook_data` longtext,
  `email` varchar(100) NOT NULL,
  `firstname` varchar(50) NOT NULL,
  `lastname` varchar(50) NOT NULL,
  `facebook` mediumtext,
  `linkedin` mediumtext,
  `phonenumber` varchar(30) DEFAULT NULL,
  `skype` varchar(50) DEFAULT NULL,
  `password` varchar(250) NOT NULL,
  `datecreated` datetime NOT NULL,
  `industry` varchar(255) DEFAULT NULL,
  `company_role` varchar(255) DEFAULT NULL,
  `company_size` varchar(255) DEFAULT NULL,
  `years_in_business` varchar(255) DEFAULT NULL,
  `how_found_cp` varchar(255) DEFAULT NULL,
  `profile_image` varchar(191) DEFAULT NULL,
  `last_ip` varchar(40) DEFAULT NULL,
  `last_login` datetime DEFAULT NULL,
  `last_activity` datetime DEFAULT NULL,
  `last_password_change` datetime DEFAULT NULL,
  `new_pass_key` varchar(32) DEFAULT NULL,
  `new_pass_key_requested` datetime DEFAULT NULL,
  `admin` bigint(20) UNSIGNED NOT NULL DEFAULT '0',
  `role` bigint(20) UNSIGNED DEFAULT NULL,
  `active` bigint(20) UNSIGNED NOT NULL DEFAULT '1',
  `default_language` varchar(40) DEFAULT NULL,
  `direction` varchar(3) DEFAULT NULL,
  `media_path_slug` varchar(191) DEFAULT NULL,
  `is_not_staff` bigint(20) UNSIGNED NOT NULL DEFAULT '0',
  `hourly_rate` decimal(15,2) NOT NULL DEFAULT '0.00',
  `two_factor_auth_enabled` tinyint(1) DEFAULT '0',
  `two_factor_auth_code` varchar(100) DEFAULT NULL,
  `two_factor_auth_code_requested` datetime DEFAULT NULL,
  `email_signature` text,
  `fcm_token` longtext,
  `staff_referral_code` varchar(255) NOT NULL
) ENGINE=InnoDB DEFAULT CHARSET=utf8;

--
-- Dumping data for table `tblstaff`
--

INSERT INTO `tblstaff` (`tenant_id`, `staffid`, `is_tenant`, `normal_login_used`, `google_login_used`, `google_data`, `facebook_login_used`, `facebook_data`, `email`, `firstname`, `lastname`, `facebook`, `linkedin`, `phonenumber`, `skype`, `password`, `datecreated`, `industry`, `company_role`, `company_size`, `years_in_business`, `how_found_cp`, `profile_image`, `last_ip`, `last_login`, `last_activity`, `last_password_change`, `new_pass_key`, `new_pass_key_requested`, `admin`, `role`, `active`, `default_language`, `direction`, `media_path_slug`, `is_not_staff`, `hourly_rate`, `two_factor_auth_enabled`, `two_factor_auth_code`, `two_factor_auth_code_requested`, `email_signature`, `fcm_token`, `staff_referral_code`) VALUES
(1, 1, 1, 1, 0, NULL, 0, NULL, 'dev.spryox@gmail.com', 'Spryox', 'Admin', NULL, NULL, '123456789', NULL, '$2a$08$XPZYWXxfrNzN5rp2FtSuluA6pR3U8pshZfMM5aPrRCemWMfT1pTIG', '2020-04-29 12:19:28', '1', 'ms', 'Just Me', '&lt; 1', 'sdsds', NULL, '223.178.151.177', '2020-07-14 04:28:54', '2020-07-14 11:03:39', '2020-05-15 16:27:44', '40201f9e6bcefdc34e3bd526689605bc', '2020-07-03 14:44:04', 1, NULL, 1, 'english', NULL, NULL, 0, '0.00', 0, NULL, NULL, NULL, 'fYjHfANxRTyMMYARLVs1Ml:APA91bGTFPyR9KgnBtbQVtRs1upF74oVlgd1gtxSgPXa_B24GoIlw3-CCLz9i8tNu09oJSmEM8dy2QNTzNPS8_YkolgGeePkS3fsJ4384fBAhKqMvCkrvn7rIEDOEpjzMOIAcUIIDri7', 'REFERCP_0000001'),
(18, 15, 1, 0, 0, NULL, 0, NULL, 'akashparmar123@gmail.com', 'Akash', 'Parmar', NULL, NULL, '9167023220', NULL, '$2a$08$lTLNqq.bVtMcY4dYTpczIuu.JUuUWSSfpgYfFF3rQYV8ApxOcoAIS', '2020-05-07 08:25:51', '1', 'Excellence', '40', '4', 'Google Ads', NULL, NULL, NULL, NULL, NULL, NULL, NULL, 0, NULL, 1, NULL, NULL, NULL, 0, '0.00', 0, NULL, NULL, NULL, '12345', 'REFERCP_0000015'),
(19, 16, 1, 0, 0, NULL, 0, NULL, 'akashparmar1234@gmail.com', 'Akash', 'Parmar', NULL, NULL, '9167023220', NULL, '$2a$08$xq/BJtSj785HlvRZP9hwreyUEzlZqi4OWrKs3M6Vd48zCk0ho3eiq', '2020-05-07 15:18:53', '1', 'Excellence', '40', '4', 'Google Ads', NULL, NULL, NULL, NULL, NULL, NULL, NULL, 0, NULL, 1, NULL, NULL, NULL, 0, '0.00', 0, NULL, NULL, NULL, NULL, 'REFERCP_0000016'),
(20, 17, 1, 0, 0, NULL, 0, NULL, 'ketan.spryox@gmail.com', 'Ketan', 'Sakulkat', NULL, NULL, '8087405954', NULL, '$2a$08$zWq.o8.UncXQRGli671heOT2cFwAiKT8Kk04R/JlIm4ZScSOHuo7.', '2020-05-07 21:42:54', NULL, 'Development', 'Just Me', '&lt;1', 'sgsgdvdhdh', NULL, NULL, NULL, NULL, NULL, NULL, NULL, 0, NULL, 1, NULL, NULL, NULL, 0, '0.00', 0, NULL, NULL, NULL, NULL, 'REFERCP_0000017'),
(21, 18, 1, 0, 0, NULL, 0, NULL, 'sakulkarketan@gmail.com', 'Ketan', 'Sakulkar', NULL, NULL, '8087405954', NULL, '$2a$08$SHpY67RG5moq8.Pb.DdecOHnxcfVQAc5ACHYXVEGRsQOGI5R.Fq8m', '2020-05-07 22:06:18', NULL, 'Development', 'Just Me', '&lt;1', 'svsgdh', NULL, NULL, NULL, NULL, NULL, NULL, NULL, 0, NULL, 1, NULL, NULL, NULL, 0, '0.00', 0, NULL, NULL, NULL, NULL, 'REFERCP_0000018'),
(22, 19, 1, 0, 0, NULL, 0, NULL, 'test@test.com', 'Akash', 'Parmar', NULL, NULL, '9167023220', NULL, '$2a$08$WPiso20STmcF9su49CqT3.bXk4a5Szn02wG7YJ5K5FBXeSwwuURsm', '2020-05-08 22:51:00', '1', 'Excellence', '40', '4', 'Google Ads', NULL, NULL, NULL, NULL, NULL, NULL, NULL, 0, NULL, 1, NULL, NULL, NULL, 0, '0.00', 0, NULL, NULL, NULL, NULL, 'REFERCP_0000019'),
(23, 20, 1, 0, 0, NULL, 0, NULL, 'test1@test.com', 'Akash', 'Parmar', NULL, NULL, '9167023220', NULL, '$2a$08$DNpyxITzrx3Bcfgy3rjnJe9CnOSJH3QUyYQlZ5vC1.zz2xQN0cH6.', '2020-05-09 01:09:12', '1', 'Excellence', '40', '4', 'Google Ads', NULL, NULL, NULL, NULL, NULL, NULL, NULL, 0, NULL, 1, NULL, NULL, NULL, 0, '0.00', 0, NULL, NULL, NULL, NULL, 'REFERCP_0000020'),
(24, 21, 1, 0, 0, NULL, 0, NULL, 'test2@test.com', 'Akash', 'Parmar', NULL, NULL, '9167023220', NULL, '$2a$08$JISXGH7sfzvGjClQLTpgtO3RrNZoWeE7rpNcDdDvOP5xMNFAf0jIm', '2020-05-09 01:10:07', '1', 'Excellence', '40', '4', 'Google Ads', NULL, NULL, NULL, NULL, NULL, NULL, NULL, 0, NULL, 1, NULL, NULL, NULL, 0, '0.00', 0, NULL, NULL, NULL, NULL, 'REFERCP_0000021'),
(25, 22, 1, 0, 0, NULL, 0, NULL, 'ajinkya.spryox@gmail.com', 'Ajinkya', 'Sonar', '', '', '9167921922', '', '$2a$08$z/UAMP7iTS7m9/sGh6zNiuC7rOknBUPuoE2YESHHwuxwGwX9aoKhK', '2020-05-09 01:11:31', NULL, 'iOS Developer', '10+', '3-10', 'Indeed', NULL, NULL, NULL, NULL, NULL, NULL, NULL, 0, 0, 1, '', '', NULL, 0, '0.00', 0, NULL, NULL, '', '12345', 'REFERCP_0000022'),
(26, 23, 1, 0, 0, NULL, 0, NULL, 'test3@test.com', 'Akash', 'Parmar', NULL, NULL, '9167023220', NULL, '$2a$08$7HVBmOR4PXC4/ROmV4ISmOxQB9HK6cSPkFhb4MI0sHxgNRdmiiELa', '2020-05-09 01:15:02', '1', 'Excellence', '3-10', '4', 'Google Ads', NULL, NULL, NULL, NULL, NULL, NULL, NULL, 0, NULL, 1, NULL, NULL, NULL, 0, '0.00', 0, NULL, NULL, NULL, NULL, 'REFERCP_0000023'),
(27, 24, 1, 0, 0, NULL, 0, NULL, 'test4@test.com', 'Akash', 'Parmar', NULL, NULL, '9167023220', NULL, '$2a$08$/HTVw3A.8cqoi7paBd58S.JHucgydE/.AmnpLskFzrjaHd8Hp2qdG', '2020-05-09 01:15:45', NULL, 'Excellence', '3-10', '4', 'Google Ads', NULL, NULL, NULL, NULL, NULL, NULL, NULL, 0, NULL, 1, NULL, NULL, NULL, 0, '0.00', 0, NULL, NULL, NULL, NULL, 'REFERCP_0000024'),
(28, 25, 1, 0, 0, NULL, 0, NULL, 'test5@test.com', 'Akash', 'Parmar', NULL, NULL, '9167023220', NULL, '$2a$08$.gMc8PSsZG1Nr2G94VidSuHVgIVHNb4qkQ8Tl9T1zfVF8PO/xZPD.', '2020-05-09 01:32:29', '1', 'Excellence', '3-10', '4', 'Google Ads', NULL, NULL, NULL, NULL, NULL, NULL, NULL, 0, NULL, 1, NULL, NULL, NULL, 0, '0.00', 0, NULL, NULL, NULL, NULL, 'REFERCP_0000025'),
(29, 26, 1, 0, 0, NULL, 0, NULL, 'test6@test.com', 'Akash', 'Parmar', NULL, NULL, '9167023220', NULL, '$2a$08$2iRAtFMfA1pPsqpmle.jbu2xJ3fwmeVHUS.m.9DRMmyTPunq9y63u', '2020-05-09 01:42:26', '1', 'Excellence', '3-10', '4', 'Google Ads', NULL, NULL, NULL, NULL, NULL, NULL, NULL, 0, NULL, 1, NULL, NULL, NULL, 0, '0.00', 0, NULL, NULL, NULL, NULL, 'REFERCP_0000026'),
(30, 27, 1, 0, 0, NULL, 0, NULL, 'testt@test.com', 'Ajinkya', 'Sonar', NULL, NULL, '9167231878', NULL, '$2a$08$hLnBFy.M0WrB6G8S4zM75eZ0wqp8aacEfohk3M7AZ9Ur2DhUxSeEW', '2020-05-09 02:01:07', '1', 'iOS Developer', '10+', '10+', 'Indeed', NULL, NULL, NULL, NULL, NULL, NULL, NULL, 0, NULL, 1, NULL, NULL, NULL, 0, '0.00', 0, NULL, NULL, NULL, NULL, 'REFERCP_0000027'),
(31, 28, 1, 0, 0, NULL, 0, NULL, 'ajinkya.speyox@gmail.com', 'Ajinkya', 'Sonar', NULL, NULL, '9167921922', NULL, '$2a$08$UXQkKAKQs2ccQdn3b9xXreEwqcQsz7PnB5HBRC9mF4AYbD1SGdIai', '2020-05-09 02:09:29', '1', 'iOS Developer', '10+', '3-10', 'Indeed', NULL, NULL, NULL, NULL, NULL, NULL, NULL, 0, NULL, 1, NULL, NULL, NULL, 0, '0.00', 0, NULL, NULL, NULL, NULL, 'REFERCP_0000028'),
(32, 29, 1, 0, 0, NULL, 0, NULL, 'akashparmar1234@mail.com', 'Akash', 'Parmar', NULL, NULL, '9167023220', NULL, '$2a$08$hnDja79nqIB9gON8Z8VwfOlorvwLMG8S.yFAufJkUmmsPmbvsv3TW', '2020-05-11 16:14:54', '1', 'Excellence', '40', '4', 'Google Ads', NULL, NULL, NULL, NULL, NULL, NULL, NULL, 0, NULL, 1, NULL, NULL, NULL, 0, '0.00', 0, NULL, NULL, NULL, NULL, 'REFERCP_0000029'),
(33, 30, 1, 0, 0, NULL, 0, NULL, 'akashparmar101@gmail.com', 'Akash', 'Parmar', NULL, NULL, '9167023220', NULL, '$2a$08$jaE/uA7hcVDryXp.jsdU5.PnaOiKktR2qWK/ze8w4jYkyREMjvhju', '2020-05-11 19:23:46', '1', 'Excellence', '40', '4', 'Google Ads', NULL, NULL, NULL, NULL, NULL, NULL, NULL, 0, NULL, 1, NULL, NULL, NULL, 0, '0.00', 0, NULL, NULL, NULL, NULL, 'REFERCP_0000030'),
(34, 31, 1, 0, 0, NULL, 0, NULL, 'akashparmar1234@maill.com', 'Akash', 'Parmar', NULL, NULL, '9167023220', NULL, '$2a$08$XJMKaqP1YM8I4keYSjBlUO.kNCFJzH8c4gaXs27gXhf35OEN5Lis2', '2020-05-11 20:32:35', '1', 'Excellence', '40', '4', 'Google Ads', NULL, NULL, NULL, NULL, NULL, NULL, NULL, 0, NULL, 1, NULL, NULL, NULL, 0, '0.00', 0, NULL, NULL, NULL, NULL, 'REFERCP_0000031'),
(36, 33, 1, 0, 0, NULL, 0, NULL, 'dev.spryox123@gmail.com', 'Akash', 'Parmar', NULL, NULL, '09167023220', NULL, '$2a$08$wvtk1yks2TM1HQgh4RPgye3EpGP7Ucy9aSG7OXtbXOxnoBpVTEAT6', '2020-05-12 16:34:43', '1', NULL, '10+', '2-3', '', NULL, NULL, NULL, NULL, NULL, NULL, NULL, 1, NULL, 1, NULL, NULL, NULL, 1, '0.00', 0, NULL, NULL, NULL, NULL, 'REFERCP_0000033'),
(1, 34, 0, 0, 1, '{\"id\":\"103232464300012168832\",\"email\":\"vikram.spryox@gmail.com\",\"verified_email\":true,\"name\":\"Vikram Pawar\",\"given_name\":\"Vikram\",\"family_name\":\"Pawar\",\"picture\":\"https:\\/\\/lh3.googleusercontent.com\\/-MLSFOsfw1o0\\/AAAAAAAAAAI\\/AAAAAAAAAAA\\/AMZuucn-6038U6HMLIdjMBDzqp6QphvacQ\\/photo.jpg\",\"locale\":\"en\"}', 0, NULL, 'vikram.spryox@gmail.com', 'Vikram', 'Pawar', '', '', '+919870731602', '', '$2a$08$aAsV1/GUSlFg9gGDJNTdr.lycxBtI9SS8c4Iw8cj9lfBTG4ShKsWK', '2020-05-13 01:43:56', NULL, NULL, NULL, NULL, NULL, NULL, '1.186.174.228', '2020-05-13 15:22:44', '2020-06-29 18:15:11', '2020-05-13 01:45:21', '5883907515657a04e08c3a98241a3420', '2020-05-15 16:35:54', 0, 1, 1, '', '', 'vikram-pawar', 0, '0.00', 0, NULL, NULL, '', NULL, 'REFERCP_0000034'),
(37, 35, 1, 0, 0, NULL, 0, NULL, 'vvvvv@gmail.com', 'Ghh', 'Vvvg', NULL, NULL, '7977796967', NULL, '$2a$08$dAZXW54Qsq4s3L.YFLnRFOq5tGWhCNZ1itiRiamHMoj4KPsiZJn..', '2020-05-14 14:29:10', NULL, 'Test', 'Just Me', '3-10', NULL, NULL, NULL, NULL, NULL, NULL, NULL, NULL, 1, NULL, 1, NULL, NULL, NULL, 1, '0.00', 0, NULL, NULL, NULL, NULL, 'REFERCP_0000035'),
(38, 36, 1, 0, 1, '{\"id\":\"109159560829418038903\",\"email\":\"akashparmar10@gmail.com\",\"verified_email\":true,\"name\":\"Akash Parmar\",\"given_name\":\"Akash\",\"family_name\":\"Parmar\",\"picture\":\"https:\\/\\/lh3.googleusercontent.com\\/a-\\/AOh14Ggmw3YD0DbcfMMJfnPYCIF3uIYe7U2sDmwLrPVYuA\",\"locale\":\"en-GB\"}', 0, NULL, 'akashparmar10@gmail.com', 'Akash', 'Parmar', NULL, NULL, '1234567890', NULL, '$2a$08$53hZ1FlpQDkZcm5pm68YOuon1pSZXFnXhkRhKy8X1BzjxnM.Wo4Zi', '2020-05-15 18:51:01', '1', NULL, 'Just Me', '1-2', '', NULL, '103.245.106.133', '2020-05-15 18:51:19', '2020-06-29 18:20:14', NULL, NULL, NULL, 1, NULL, 1, NULL, NULL, NULL, 1, '0.00', 0, NULL, NULL, NULL, NULL, 'REFERCP_0000036'),
(39, 37, 1, 0, 1, '{\"id\":\"115957353567372214700\",\"email\":\"akashp.spryox@gmail.com\",\"verified_email\":true,\"name\":\"Akash Parmar\",\"given_name\":\"Akash\",\"family_name\":\"Parmar\",\"picture\":\"https:\\/\\/lh4.googleusercontent.com\\/-56oQ5-FnOuE\\/AAAAAAAAAAI\\/AAAAAAAAAAA\\/AMZuuclBmwJE7OMYM1SkkZGMrN6jTK1tbA\\/photo.jpg\",\"locale\":\"en-GB\"}', 0, NULL, 'akashp.spryox@gmail.com', 'Akash', 'Parmar', NULL, NULL, '1234567890', NULL, '$2a$08$UwGTIBl/bIumTZ7I0VVgqOQyAkEn40y/GigzVDnaZpplA/okc8Tde', '2020-05-15 18:52:04', '', NULL, '', '', '', NULL, '103.245.106.133', '2020-05-15 18:52:17', '2020-06-29 18:19:18', NULL, '49ee4b15b550a1f52af93009da0e4d13', '2020-06-10 08:00:34', 1, NULL, 1, NULL, NULL, NULL, 1, '0.00', 0, NULL, NULL, NULL, NULL, 'REFERCP_0000037'),
(40, 38, 1, 0, 0, NULL, 0, NULL, 'sonar.ajinkya@gmail.com', 'Ajinkya', 'Sonar', NULL, NULL, '9167921922', NULL, '$2a$08$wtyxhVGBXalEbPG8.NrggOSCE56O78BOFE6ELptDdn9yxtbZT/wS2', '2020-05-16 18:10:18', '1', 'iOS Developer', '10+', '3-10', 'Naukri', NULL, NULL, NULL, NULL, NULL, NULL, NULL, 1, NULL, 1, NULL, NULL, NULL, 1, '0.00', 0, NULL, NULL, NULL, NULL, 'REFERCP_0000038'),
(41, 39, 1, 1, 0, NULL, 0, NULL, 'chetan.spryox@gmail.com', 'chetan', 'jadhav', NULL, NULL, '9860345142', NULL, '$2a$08$Iup9Bv1o1MDMK6oSnIJBVOcTVISjvhr1AjBVz1yd2IQnzXHESDmkS', '2020-05-16 19:08:12', NULL, 'Software Developer', '10+', '1-2', NULL, NULL, NULL, NULL, NULL, NULL, NULL, NULL, 1, NULL, 1, NULL, NULL, NULL, 1, '0.00', 0, NULL, NULL, NULL, 'eDpw1VunSDO_QVDBoKK8Ww:APA91bGrn1Qt42IQpWW9_mlNqcDYOWFhCwW25M1HyOWo-QhyxgmS8BsVEk2ydLznxT823tXBjAp6bL495z6SGVgE0nAzk6jGnaBrFhDnU0OQPZJfPMAimEGVfJXe4C9tftzpGc1GVSty', 'REFERCP_0000039'),
(42, 40, 1, 0, 0, NULL, 0, NULL, 'ajinkya_qujuhua_test@tfbnw.net', 'Ajinkya', 'Test', NULL, NULL, '9167921922', NULL, '$2a$08$d0.MzGLuS7.YBzv.BUMzl.3a/a2sDWtzcnGSmWlPlraZnSOGfLa5e', '2020-05-17 00:46:07', '1', 'iOS developer', '', '', 'Facebook', NULL, NULL, NULL, NULL, NULL, NULL, NULL, 1, NULL, 1, NULL, NULL, NULL, 1, '0.00', 0, NULL, NULL, NULL, NULL, 'REFERCP_0000040'),
(43, 41, 1, 0, 0, NULL, 0, NULL, 'akashparmar101@gmaill.com', 'Akash', 'Parmar', NULL, NULL, '9167023220', NULL, '$2a$08$x8zfp7cGMCwePxq7ofNnnO15pA4CGBOqTG2MEBD1REpjRLYKpfMgy', '2020-05-17 03:22:08', '1', 'Excellence', '40', '4', 'Google Ads', NULL, NULL, NULL, NULL, NULL, NULL, NULL, 1, NULL, 1, NULL, NULL, NULL, 1, '0.00', 0, NULL, NULL, NULL, NULL, 'REFERCP_0000041'),
(44, 42, 1, 0, 0, NULL, 0, NULL, 'sakulkarketan@yahoo.com', 'Ketan', 'Sakulkar', NULL, NULL, '8087405954', NULL, '$2a$08$6nE1PGyNiVlNY3DxMJqHsuXa0tV9Keh4wTVyTTmLnDLoMqj3LKV4a', '2020-05-18 12:18:18', NULL, 'Developer', 'Just Me', NULL, NULL, NULL, NULL, NULL, NULL, NULL, NULL, NULL, 1, NULL, 1, NULL, NULL, NULL, 1, '0.00', 0, NULL, NULL, NULL, NULL, 'REFERCP_0000042'),
(1, 43, 0, 1, 0, NULL, 0, NULL, 'team-mem@gmail.com', 'Team', 'Member', '', '', '5485554485', '', '$2a$08$HLiVmhqkjVijBmNar5E9vO2DFgbpaowx6aLjDPErQbYs82Vr/rZDy', '2020-05-18 15:04:54', NULL, NULL, NULL, NULL, NULL, NULL, NULL, NULL, NULL, '2020-06-29 18:18:23', NULL, NULL, 0, 1, 1, '', 'ltr', 'team-member', 0, '0.00', 0, NULL, NULL, '', '12345', 'REFERCP_0000043'),
(1, 44, 0, 0, 1, '{\"id\":\"114773807761216528099\",\"email\":\"akashashwinparmar@gmail.com\",\"verified_email\":true,\"name\":\"Akash Parmar\",\"given_name\":\"Akash\",\"family_name\":\"Parmar\",\"picture\":\"https:\\/\\/lh3.googleusercontent.com\\/a-\\/AOh14Ghfe61y0ErTpgbBrdyH53haaVShkC3mGVMk-w8-\",\"locale\":\"en-GB\"}', 0, NULL, 'akashashwinparmar@gmail.com', 'Akash', 'Parmar', NULL, NULL, '1234567890', NULL, '$2a$08$OTzpe3P7j2PbAyxK3M6Aiezm6ofT2zHswngDnMqGlOunoegfv7VO6', '2020-05-20 13:52:04', NULL, NULL, NULL, NULL, NULL, NULL, '103.15.52.8', '2020-05-20 10:37:35', '2020-06-29 18:20:23', NULL, NULL, NULL, 0, NULL, 1, NULL, 'ltr', 'akash-parmar', 0, '0.00', 0, NULL, NULL, '', NULL, 'REFERCP_0000044'),
(1, 45, 0, 1, 0, NULL, 0, NULL, 'john@example.com', 'John', 'Doe', NULL, NULL, '8978985878', NULL, '$2a$08$6swKrNjJIGNFlIAGpozcoOeOdvGXTu8ZpU5Nqsps1f5xGrzvbt6z.', '2020-05-22 11:31:18', NULL, NULL, NULL, NULL, NULL, NULL, '103.87.31.149', '2020-05-25 11:12:33', '2020-05-25 16:42:39', NULL, NULL, NULL, 0, NULL, 1, NULL, 'ltr', 'john-doe', 0, '0.00', 0, NULL, NULL, '', NULL, 'REFERCP_0000045'),
(53, 54, 1, 0, 0, NULL, 0, NULL, 'akashparmar101101@gmail.com', 'Akash', 'Parmar', NULL, NULL, '9167023220', NULL, '$2a$08$PuPgr5I7YCdVruj/KW3IGenVC3rKZVbA3MR5LucUKAqTNaageDbKu', '2020-05-26 11:21:10', '1', 'Excellence', '40', '4', 'Google Ads', NULL, NULL, NULL, NULL, NULL, NULL, NULL, 1, NULL, 1, NULL, NULL, NULL, 1, '0.00', 0, NULL, NULL, NULL, NULL, 'REFERCP_0000054'),
(54, 55, 1, 0, 0, NULL, 0, NULL, 'akashparmarspryox@gmail.com', 'Akash', 'Parmar', NULL, NULL, '1234567890', NULL, '$2a$08$7nVM/6UauW7FuKOOuR8aauuFr2mtL3fW8CEEpJy.PJFKFHufqGqOm', '2020-05-26 05:59:11', '', NULL, '', '', '', NULL, NULL, NULL, NULL, NULL, NULL, NULL, 1, NULL, 1, NULL, NULL, NULL, 1, '0.00', 0, NULL, NULL, NULL, NULL, 'REFERCP_0000055'),
(55, 56, 1, 0, 0, NULL, 0, NULL, 'static.test@gmail.com', 'Test', 'Static Data', NULL, NULL, '1234567890', NULL, '$2a$08$kpZfNkmqlCzrSvqycge14exlTOBsTXrRhKtmT0DuRMlmZtQ5rr5NO', '2020-05-26 06:02:03', '', NULL, '', '', '', NULL, NULL, NULL, NULL, NULL, NULL, NULL, 1, NULL, 1, NULL, NULL, NULL, 1, '0.00', 0, NULL, NULL, NULL, NULL, 'REFERCP_0000056'),
(56, 57, 1, 0, 0, NULL, 0, NULL, 'tushar.spryox@gmail.com', 'Tushar', 'Sawant', NULL, NULL, '7977796967', NULL, '$2a$08$051k59OcV7VU6kkWypI1/OouB1AvTp9he35phUQ/CpNHqplN0ZTqu', '2020-05-26 21:59:09', NULL, '[removed]alert&#40;\'Developer\'&#41;[removed]', NULL, NULL, 'through friends', NULL, NULL, NULL, NULL, NULL, '8d7f9b754b47ac8d28180933b794b72b', '2020-07-03 14:43:47', 1, NULL, 1, NULL, NULL, NULL, 1, '0.00', 0, NULL, NULL, NULL, NULL, 'REFERCP_0000057'),
(57, 58, 1, 0, 0, NULL, 0, NULL, 'ceo@contractorplus.app', 'Justin', 'Smith', NULL, NULL, '7405035627', NULL, '$2a$08$5EzRU3ulJ8cFLGYJOOHiHuaN2KURGTkrE36T4LK6zBimiqjJV/hbS', '2020-06-02 01:14:13', NULL, 'CEO', '10+', '1-2', NULL, NULL, NULL, NULL, NULL, NULL, NULL, NULL, 1, NULL, 1, NULL, NULL, NULL, 1, '0.00', 0, NULL, NULL, NULL, NULL, 'REFERCP_0000058'),
(1, 59, 0, 0, 0, NULL, 0, NULL, 'akashp.spryox@gmail.comm', 'Akash', 'Parmar', NULL, NULL, '9167023220', NULL, '12345678', '2020-06-05 17:07:25', NULL, NULL, NULL, NULL, NULL, NULL, NULL, NULL, NULL, NULL, NULL, NULL, 0, NULL, 1, NULL, NULL, NULL, 0, '0.00', 0, NULL, NULL, NULL, NULL, 'REFERCP_0000059'),
(1, 60, 0, 0, 0, NULL, 0, NULL, 'akashp.spryox@gmail.commm', 'Akash', 'Parmar', NULL, NULL, '9167023220', NULL, '12345678', '2020-06-05 17:10:36', NULL, NULL, NULL, NULL, NULL, NULL, NULL, NULL, NULL, NULL, NULL, NULL, 0, NULL, 1, NULL, NULL, NULL, 0, '0.00', 0, NULL, NULL, NULL, NULL, 'REFERCP_0000060'),
(1, 61, 0, 0, 0, NULL, 0, NULL, 'akashp.spryox@gmail.ccomm', 'Akash', 'Parmar', NULL, NULL, '9167023220', NULL, '12345678', '2020-06-05 17:22:50', NULL, NULL, NULL, NULL, NULL, NULL, NULL, NULL, NULL, NULL, NULL, NULL, 0, NULL, 1, NULL, NULL, NULL, 0, '0.00', 0, NULL, NULL, NULL, NULL, 'REFERCP_0000061'),
(1, 62, 0, 0, 0, NULL, 0, NULL, 'akashp.spryox122@gmail.comm', 'Akash', 'Parmar', NULL, NULL, '9167023220', NULL, '12345678', '2020-06-05 17:30:07', NULL, NULL, NULL, NULL, NULL, NULL, NULL, NULL, NULL, NULL, NULL, NULL, 0, NULL, 1, NULL, NULL, NULL, 0, '0.00', 0, NULL, NULL, NULL, NULL, 'REFERCP_0000062'),
(1, 63, 0, 0, 0, NULL, 0, NULL, 'bavsgsgw@gmail.com', 'me', 'ns', NULL, NULL, '3164949485484', NULL, '12345678', '2020-06-05 17:41:36', NULL, NULL, NULL, NULL, NULL, NULL, NULL, NULL, NULL, NULL, NULL, NULL, 0, NULL, 1, NULL, NULL, NULL, 0, '0.00', 0, NULL, NULL, NULL, NULL, 'REFERCP_0000063'),
(1, 64, 0, 0, 0, NULL, 0, NULL, 'gsgs@gmaip.com', 'test', 'test', NULL, NULL, '949461616161', NULL, '12345678', '2020-06-05 17:45:44', NULL, NULL, NULL, NULL, NULL, NULL, NULL, NULL, NULL, NULL, NULL, NULL, 0, NULL, 1, NULL, NULL, NULL, 0, '0.00', 0, NULL, NULL, NULL, NULL, 'REFERCP_0000064'),
(1, 65, 0, 0, 0, NULL, 0, NULL, 'vdbdb@gmail.com', 'bdbd', 'gdbd', NULL, NULL, '6595', NULL, '12345678', '2020-06-05 17:51:40', NULL, NULL, NULL, NULL, NULL, NULL, NULL, NULL, NULL, NULL, NULL, NULL, 0, NULL, 1, NULL, NULL, NULL, 0, '0.00', 0, NULL, NULL, NULL, NULL, 'REFERCP_0000065'),
(1, 66, 0, 0, 0, NULL, 0, NULL, 'akashp.spryox@gmail.ccoomm', 'Akash', 'Parmar', NULL, NULL, '9167023220', NULL, '12345678', '2020-06-05 17:52:46', NULL, NULL, NULL, NULL, NULL, NULL, NULL, NULL, NULL, NULL, NULL, NULL, 0, NULL, 1, NULL, NULL, NULL, 0, '0.00', 0, NULL, NULL, NULL, NULL, 'REFERCP_0000066'),
(1, 67, 0, 0, 0, NULL, 0, NULL, 'test@add.com', 'Test ADD Team Member', 'Test Member ADD', NULL, NULL, '9167123123', NULL, '12345678', '2020-06-05 18:07:34', NULL, NULL, NULL, NULL, NULL, NULL, NULL, NULL, NULL, NULL, NULL, NULL, 0, NULL, 1, NULL, NULL, NULL, 0, '0.00', 0, NULL, NULL, NULL, NULL, 'REFERCP_0000067'),
(1, 68, 0, 0, 0, NULL, 0, NULL, 'hd@gmail.com', 'bdbdbd', 'bdbdbd', NULL, NULL, '488', NULL, '12345678', '2020-06-05 18:12:28', NULL, NULL, NULL, NULL, NULL, NULL, NULL, NULL, NULL, NULL, NULL, NULL, 0, NULL, 1, NULL, NULL, NULL, 0, '0.00', 0, NULL, NULL, NULL, NULL, 'REFERCP_0000068'),
(58, 69, 1, 1, 0, NULL, 0, NULL, 'vikrampawar08@gmail.com', 'Vikram', 'Pawar', NULL, NULL, '09870731602', NULL, '$2a$08$vcli3ScwjVRipZ.lQAE50.CFTy4rte4xUi9PhWcB2ZqZaBtK0/ig6', '2020-07-07 02:08:30', '', '', '', '', '', NULL, '1.186.170.15', '2020-07-06 20:38:48', '2020-07-07 03:24:20', NULL, NULL, NULL, 1, NULL, 1, NULL, NULL, NULL, 1, '0.00', 0, NULL, NULL, NULL, NULL, 'REFERCP_0000069'),
(59, 70, 1, 0, 0, NULL, 0, NULL, 'siddhesh.test@gmail.com', 'Sid', 'Bgk', NULL, NULL, '99999999999', NULL, '$2a$08$nOYJsVBU7DeB/oAueCMYeedLh5y9SJcGuP3caHl6oq.ZrLs83irHS', '2020-07-11 06:22:59', NULL, 'Dev', 'Just Me', NULL, NULL, NULL, NULL, NULL, NULL, NULL, NULL, NULL, 1, NULL, 1, NULL, NULL, NULL, 1, '0.00', 0, NULL, NULL, NULL, NULL, ''),
(60, 71, 1, 1, 0, NULL, 0, NULL, 'roshansethia2008@gmail.com', 'Roshan', 'Sethia', NULL, NULL, '9819035950', NULL, '$2a$08$VTRARIoPXph/Ksz0IVmDbuVh2cxs.HPlogHrGjFLizHe7YajmPaVa', '2020-07-11 13:15:56', NULL, 'CEO', 'Just Me', '&lt;1', NULL, NULL, '1.38.148.22', '2020-07-11 07:57:59', '2020-07-11 15:05:28', NULL, NULL, NULL, 1, NULL, 1, NULL, NULL, NULL, 1, '0.00', 0, NULL, NULL, NULL, NULL, ''),
(61, 72, 1, 0, 0, NULL, 0, NULL, 'karanp.spryox@gmail.com', 'Karan', 'Palav', NULL, NULL, '8898412140', NULL, '$2a$08$z22ZE8Hig96vbnn6nel1r.NjEyUgPnCIisYQsjBBtqb2rI0MmQuvO', '2020-07-11 17:24:34', '1', 'Developer', '10+', '3-10', 'From a friend', NULL, NULL, NULL, NULL, NULL, NULL, NULL, 1, NULL, 1, NULL, NULL, NULL, 1, '0.00', 0, NULL, NULL, NULL, NULL, ''),
(62, 73, 1, 0, 0, NULL, 0, NULL, 'girish.spryox@gmail.com', 'Girish', 'Bodhe', NULL, NULL, '1234867890', NULL, '$2a$08$Qju.08lldIaa2foIaZG.wO/aj1eefHn6digVu/XNbg/MoGMyecR6K', '2020-07-11 19:53:35', '1', 'developer ', 'Just Me', '1-2', 'friend ', NULL, NULL, NULL, NULL, NULL, NULL, NULL, 1, NULL, 1, NULL, NULL, NULL, 1, '0.00', 0, NULL, NULL, NULL, NULL, ''),
(63, 74, 1, 0, 0, NULL, 0, NULL, 'girishbodhe@gmail.com', 'Girish', 'Bodhe', NULL, NULL, '12345678', NULL, '$2a$08$lygHik2Oa216RsHziiB0ne6fqXMTUvTPeB98cTvsf4R/ESJuPb3La', '2020-07-11 20:12:24', '3', 'developer ', '10+', '3-10', 'fb', NULL, NULL, NULL, NULL, NULL, NULL, NULL, 1, NULL, 1, NULL, NULL, NULL, 1, '0.00', 0, NULL, NULL, NULL, NULL, '');

-- --------------------------------------------------------

--
-- Table structure for table `tblstaff_departments`
--

CREATE TABLE `tblstaff_departments` (
  `tenant_id` bigint(20) UNSIGNED NOT NULL DEFAULT '1',
  `staffdepartmentid` bigint(20) UNSIGNED NOT NULL,
  `staffid` bigint(20) UNSIGNED NOT NULL,
  `departmentid` bigint(20) UNSIGNED NOT NULL
) ENGINE=InnoDB DEFAULT CHARSET=utf8;

-- --------------------------------------------------------

--
-- Table structure for table `tblstaff_fcm_notification_registrations`
--

CREATE TABLE `tblstaff_fcm_notification_registrations` (
  `id` varchar(191) NOT NULL,
  `tenant_id` bigint(20) UNSIGNED NOT NULL DEFAULT '1',
  `staff_id` bigint(20) UNSIGNED NOT NULL,
  `device_id` varchar(191) DEFAULT NULL,
  `fcm_token` varchar(191) NOT NULL,
  `device_type` enum('android','ios') DEFAULT NULL,
  `is_current` tinyint(1) NOT NULL DEFAULT '1',
  `last_activity_done_on` datetime NOT NULL
) ENGINE=InnoDB DEFAULT CHARSET=utf8;

--
-- Dumping data for table `tblstaff_fcm_notification_registrations`
--

INSERT INTO `tblstaff_fcm_notification_registrations` (`id`, `tenant_id`, `staff_id`, `device_id`, `fcm_token`, `device_type`, `is_current`, `last_activity_done_on`) VALUES
('5f083eefbca94', 41, 39, '7a71f0217580986c', 'd5KE1UmLRU6vQI-t8sEAFo:APA91bFluMQEUoTDQx3LbF_JBBlYTHuwo2JMnwxsrU2LU67MTrnNOPJ8WRwxm8YtWrCM1ZgbxJJXoYv2RVhCtFzrnYPocEtcDG1RVD5o3joyHV78g487oKYTdG6ldfR28ACuO5hGqLcN', 'android', 0, '2020-07-10 15:41:59'),
('5f084e6f9f41e', 1, 1, '7a71f0217580986c', 'fTgQrARaRcGmn9P-UL6Oz9:APA91bFqWp8YKDpqg4qstFBsnPYQirj0WXOO1c6CJRAhX8ThimVDJ8BEz-OHcDbRbj0O5Qd-zsHbeUsP6cjKW5HzbejcRmkQzyA_2A-zeFtxWFQwk4urYpPLyfZ4VbU5UtmbEej3Axyt', 'android', 0, '2020-07-10 16:48:07'),
('5f0882c737548', 1, 1, '7a71f0217580986c', 'f3K00_TmSbyJKNgjw3T5AD:APA91bHmGpygshvbH8KqzTFD8Y0wX-0AvskaY3PoryJTRYhABHBZY3YdcJbjM9SRyGOaHSJtSTOUnJHszNeY60Lz9LS8e8JmVyD9Nb4DuswgKk5c6b-hpxdLLOttpLwU8H_Y-7vH0c2T', 'android', 0, '2020-07-10 20:31:27'),
('5f08841c897fe', 41, 39, '450958d31ba2f1d5', 'eDpw1VunSDO_QVDBoKK8Ww:APA91bGrn1Qt42IQpWW9_mlNqcDYOWFhCwW25M1HyOWo-QhyxgmS8BsVEk2ydLznxT823tXBjAp6bL495z6SGVgE0nAzk6jGnaBrFhDnU0OQPZJfPMAimEGVfJXe4C9tftzpGc1GVSty', 'android', 1, '2020-07-10 20:37:08'),
('5f09ae95db070', 1, 1, 'a41fc66addfb4f70', 'eUkO5V4GTWG8C2a3aE5elH:APA91bHfRTEVVvHCWFEACsimBCvF3ojgX8Uv0yLYwpwt0TnpfD__zJUDdVhOwNoEcjXmYhRpylBJFylfPhl674cIDF0xmDwqEqbWiCQefi-N30DIHy-l-gubwvPH1iP3e09qXaxrx7nw', 'android', 0, '2020-07-11 17:50:37'),
('5f0c7ba0de3c7', 1, 1, '29a6a43fcaa9582f', 'fhW9uKRfQySVJlkKmVrjwC:APA91bGNQ07gyVVmLRiJ2lIvsfixiPUbJhMxsdibMppyXETkvoxEuQwURAhjpMrE1Z8PSz1ebXqKpn6vvB730ov4jZD5UxwxAdUhiNWnfmjzJsV2jT9gTWtOhVNQOua8ReiAfoLOrfcd', 'android', 0, '2020-07-13 20:50:00'),
('5f0c8313ad109', 1, 1, '29a6a43fcaa9582f', 'fYjHfANxRTyMMYARLVs1Ml:APA91bGTFPyR9KgnBtbQVtRs1upF74oVlgd1gtxSgPXa_B24GoIlw3-CCLz9i8tNu09oJSmEM8dy2QNTzNPS8_YkolgGeePkS3fsJ4384fBAhKqMvCkrvn7rIEDOEpjzMOIAcUIIDri7', 'android', 1, '2020-07-13 21:21:47');

-- --------------------------------------------------------

--
-- Table structure for table `tblstaff_permissions`
--

CREATE TABLE `tblstaff_permissions` (
  `tenant_id` bigint(20) UNSIGNED NOT NULL DEFAULT '1',
  `staff_id` bigint(20) UNSIGNED NOT NULL,
  `feature` varchar(40) NOT NULL,
  `capability` varchar(100) NOT NULL
) ENGINE=InnoDB DEFAULT CHARSET=utf8;

--
-- Dumping data for table `tblstaff_permissions`
--

INSERT INTO `tblstaff_permissions` (`tenant_id`, `staff_id`, `feature`, `capability`) VALUES
(1, 34, 'estimates', 'create'),
(1, 34, 'expenses', 'view_own'),
(1, 34, 'expenses', 'create'),
(1, 34, 'expenses', 'edit'),
(1, 34, 'expenses', 'delete'),
(1, 34, 'invoices', 'view_own'),
(1, 34, 'invoices', 'create'),
(1, 34, 'invoices', 'edit'),
(1, 34, 'invoices', 'delete'),
(1, 34, 'items', 'view'),
(1, 34, 'items', 'create'),
(1, 34, 'items', 'edit'),
(1, 34, 'items', 'delete'),
(1, 22, 'bulk_pdf_exporter', 'view'),
(1, 22, 'contracts', 'view'),
(1, 22, 'contracts', 'create'),
(1, 22, 'contracts', 'edit'),
(1, 22, 'contracts', 'delete'),
(1, 44, 'customers', 'view'),
(1, 44, 'customers', 'create'),
(1, 44, 'customers', 'edit'),
(1, 44, 'customers', 'delete'),
(1, 44, 'estimates', 'view'),
(1, 45, 'post_inspections', 'view'),
(1, 45, 'post_inspections', 'create'),
(1, 45, 'post_inspections', 'edit'),
(1, 45, 'post_inspections', 'delete'),
(1, 34, 'estimates', 'view'),
(1, 43, 'bulk_pdf_exporter', 'view'),
(1, 43, 'contracts', 'view'),
(1, 43, 'contracts', 'create'),
(1, 43, 'contracts', 'edit'),
(1, 43, 'contracts', 'delete'),
(1, 43, 'credit_notes', 'view'),
(1, 43, 'credit_notes', 'create'),
(1, 43, 'credit_notes', 'edit'),
(1, 43, 'customers', 'view'),
(1, 43, 'customers', 'create'),
(1, 43, 'customers', 'edit'),
(1, 43, 'customers', 'delete'),
(1, 43, 'email_templates', 'view'),
(1, 43, 'email_templates', 'edit'),
(1, 43, 'estimates', 'view'),
(1, 43, 'estimates', 'create'),
(1, 43, 'estimates', 'edit'),
(1, 43, 'estimates', 'delete'),
(1, 43, 'expenses', 'view'),
(1, 43, 'expenses', 'create'),
(1, 43, 'expenses', 'edit'),
(1, 43, 'expenses', 'delete'),
(1, 43, 'invoices', 'view'),
(1, 43, 'invoices', 'create'),
(1, 43, 'invoices', 'edit'),
(1, 43, 'invoices', 'delete'),
(1, 43, 'items', 'view'),
(1, 43, 'items', 'create'),
(1, 43, 'items', 'edit'),
(1, 43, 'items', 'delete'),
(1, 43, 'knowledge_base', 'view'),
(1, 43, 'knowledge_base', 'create'),
(1, 43, 'knowledge_base', 'edit'),
(1, 43, 'knowledge_base', 'delete'),
(1, 43, 'payments', 'view'),
(1, 43, 'payments', 'create'),
(1, 43, 'payments', 'edit'),
(1, 43, 'payments', 'delete'),
(1, 43, 'post_inspections', 'view'),
(1, 43, 'post_inspections', 'create'),
(1, 43, 'post_inspections', 'edit'),
(1, 43, 'post_inspections', 'delete'),
(1, 43, 'suppliers_supplies', 'view'),
(1, 43, 'suppliers_supplies', 'create'),
(1, 43, 'suppliers_supplies', 'edit'),
(1, 43, 'suppliers_supplies', 'delete'),
(1, 43, 'shopping_lists', 'view'),
(1, 43, 'shopping_lists', 'create'),
(1, 43, 'shopping_lists', 'edit'),
(1, 43, 'shopping_lists', 'delete'),
(1, 43, 'projects', 'view'),
(1, 43, 'projects', 'create'),
(1, 43, 'projects', 'edit'),
(1, 43, 'projects', 'delete'),
(1, 43, 'proposals', 'view'),
(1, 43, 'proposals', 'create'),
(1, 43, 'proposals', 'edit'),
(1, 43, 'proposals', 'delete'),
(1, 43, 'reports', 'view'),
(1, 43, 'roles', 'view'),
(1, 43, 'roles', 'create'),
(1, 43, 'roles', 'edit'),
(1, 43, 'roles', 'delete'),
(1, 43, 'settings', 'view'),
(1, 43, 'settings', 'edit'),
(1, 43, 'staff', 'view'),
(1, 43, 'staff', 'create'),
(1, 43, 'staff', 'edit'),
(1, 43, 'staff', 'delete'),
(1, 43, 'subscriptions', 'view'),
(1, 43, 'subscriptions', 'create'),
(1, 43, 'subscriptions', 'edit'),
(1, 43, 'subscriptions', 'delete'),
(1, 43, 'tasks', 'view'),
(1, 43, 'tasks', 'create'),
(1, 43, 'tasks', 'edit'),
(1, 43, 'tasks', 'delete'),
(1, 43, 'checklist_templates', 'create'),
(1, 43, 'checklist_templates', 'delete'),
(1, 43, 'leads', 'view'),
(1, 43, 'leads', 'delete'),
(1, 43, 'appointments', 'view'),
(1, 43, 'appointments', 'create'),
(1, 43, 'appointments', 'edit'),
(1, 43, 'assets', 'view'),
(1, 43, 'assets', 'create'),
(1, 43, 'assets', 'edit'),
(1, 43, 'assets', 'delete');

-- --------------------------------------------------------

--
-- Table structure for table `tblstaff_rewards`
--

CREATE TABLE `tblstaff_rewards` (
  `id` varchar(255) NOT NULL,
  `tenant_id` bigint(20) UNSIGNED NOT NULL,
  `reward_value` int(11) NOT NULL,
  `reward_for_activity` text NOT NULL,
  `activity_done_by_staff_id` bigint(20) UNSIGNED NOT NULL,
  `reward_for_type` varchar(255) DEFAULT NULL,
  `reward_for_type_id` bigint(20) UNSIGNED DEFAULT NULL,
  `activity_done_on` datetime NOT NULL
) ENGINE=InnoDB DEFAULT CHARSET=utf8;

-- --------------------------------------------------------

--
-- Table structure for table `tblstaff_rewards_reedemption`
--

CREATE TABLE `tblstaff_rewards_reedemption` (
  `id` varchar(255) NOT NULL,
  `tenant_id` bigint(20) UNSIGNED NOT NULL,
  `reward_reedemption_value` int(11) NOT NULL,
  `coupon_code` varchar(255) NOT NULL,
  `coupon_service_provider` varchar(255) NOT NULL,
  `activity_done_by_staff_id` bigint(20) UNSIGNED NOT NULL,
  `activity_done_on` datetime NOT NULL
) ENGINE=InnoDB DEFAULT CHARSET=utf8;

-- --------------------------------------------------------

--
-- Table structure for table `tblsubscriptions`
--

CREATE TABLE `tblsubscriptions` (
  `tenant_id` bigint(20) UNSIGNED NOT NULL DEFAULT '1',
  `id` bigint(20) UNSIGNED NOT NULL,
  `name` varchar(191) NOT NULL,
  `description` text,
  `description_in_item` tinyint(1) NOT NULL DEFAULT '0',
  `clientid` bigint(20) UNSIGNED NOT NULL,
  `date` date DEFAULT NULL,
  `terms` text,
  `currency` bigint(20) UNSIGNED NOT NULL,
  `tax_id` bigint(20) UNSIGNED NOT NULL DEFAULT '0',
  `stripe_tax_id` varchar(50) DEFAULT NULL,
  `stripe_plan_id` text,
  `stripe_subscription_id` text NOT NULL,
  `next_billing_cycle` bigint(20) UNSIGNED DEFAULT NULL,
  `ends_at` bigint(20) UNSIGNED DEFAULT NULL,
  `status` varchar(50) DEFAULT NULL,
  `quantity` bigint(20) UNSIGNED NOT NULL DEFAULT '1',
  `project_id` bigint(20) UNSIGNED NOT NULL DEFAULT '0',
  `hash` varchar(32) NOT NULL,
  `created` datetime NOT NULL,
  `created_from` bigint(20) UNSIGNED NOT NULL,
  `date_subscribed` datetime DEFAULT NULL,
  `in_test_environment` bigint(20) UNSIGNED DEFAULT NULL
) ENGINE=InnoDB DEFAULT CHARSET=utf8;

-- --------------------------------------------------------

--
-- Table structure for table `tblsystemwide_supplier`
--

CREATE TABLE `tblsystemwide_supplier` (
  `id` bigint(20) UNSIGNED NOT NULL,
  `name` varchar(191) COLLATE utf8_unicode_ci NOT NULL,
  `image` varchar(191) COLLATE utf8_unicode_ci DEFAULT NULL,
  `is_active` bigint(20) UNSIGNED DEFAULT '1',
  `addedfrom` bigint(20) UNSIGNED DEFAULT NULL,
  `datecreated` datetime NOT NULL
) ENGINE=InnoDB DEFAULT CHARSET=utf8 COLLATE=utf8_unicode_ci;

--
-- Dumping data for table `tblsystemwide_supplier`
--

INSERT INTO `tblsystemwide_supplier` (`id`, `name`, `image`, `is_active`, `addedfrom`, `datecreated`) VALUES
(1, 'Amazon', NULL, 1, 1, '2020-06-02 13:47:45'),
(2, 'Apple', NULL, 1, 1, '2020-06-02 13:47:45'),
(3, 'Twitch', NULL, 1, 1, '2020-06-03 13:47:45'),
(25, 'Amazon empty 1', NULL, 1, 1, '2020-06-02 13:47:45'),
(26, 'Apple empty 1', NULL, 1, 1, '2020-06-02 13:47:45'),
(27, 'Twitch empty 1', NULL, 1, 1, '2020-06-03 13:47:45'),
(28, 'Amazon empty 2', NULL, 1, 1, '2020-06-02 13:47:45'),
(29, 'Apple empty 2', NULL, 1, 1, '2020-06-02 13:47:45'),
(30, 'Twitch empty 2', NULL, 1, 1, '2020-06-03 13:47:45'),
(31, 'Amazon empty 3', NULL, 1, 1, '2020-06-02 13:47:45'),
(32, 'Apple empty 3', NULL, 1, 1, '2020-06-02 13:47:45'),
(33, 'Twitch empty 3', NULL, 1, 1, '2020-06-03 13:47:45'),
(34, 'Amazon empty 4', NULL, 1, 1, '2020-06-02 13:47:45'),
(35, 'Apple empty 4', NULL, 1, 1, '2020-06-02 13:47:45'),
(36, 'Twitch empty 4', NULL, 1, 1, '2020-06-03 13:47:45');

-- --------------------------------------------------------

--
-- Table structure for table `tblsystemwide_supplies`
--

CREATE TABLE `tblsystemwide_supplies` (
  `id` bigint(20) UNSIGNED NOT NULL,
  `systemwide_supplier_id` bigint(20) UNSIGNED NOT NULL,
  `systemwide_supply_category_id` bigint(20) UNSIGNED NOT NULL,
  `name` varchar(191) COLLATE utf8_unicode_ci NOT NULL,
  `image` varchar(191) COLLATE utf8_unicode_ci DEFAULT NULL,
  `price` decimal(15,2) DEFAULT '0.00',
  `is_active` bigint(20) UNSIGNED DEFAULT '1',
  `addedfrom` bigint(20) UNSIGNED DEFAULT NULL,
  `datecreated` datetime NOT NULL
) ENGINE=InnoDB DEFAULT CHARSET=utf8 COLLATE=utf8_unicode_ci;

--
-- Dumping data for table `tblsystemwide_supplies`
--

INSERT INTO `tblsystemwide_supplies` (`id`, `systemwide_supplier_id`, `systemwide_supply_category_id`, `name`, `image`, `price`, `is_active`, `addedfrom`, `datecreated`) VALUES
(1, 1, 1, 'Apple Taps', NULL, '50000.00', 1, 1, '2020-06-07 15:51:58'),
(2, 1, 2, 'Cement', NULL, '5000.00', 1, 1, '2020-06-07 17:51:48'),
(3, 1, 2, 'Cement', NULL, '5000.00', 1, 1, '2020-06-07 17:51:48');

-- --------------------------------------------------------

--
-- Table structure for table `tblsystemwide_supply_category`
--

CREATE TABLE `tblsystemwide_supply_category` (
  `id` bigint(20) UNSIGNED NOT NULL,
  `name` varchar(191) COLLATE utf8_unicode_ci NOT NULL,
  `is_active` bigint(20) UNSIGNED DEFAULT '1',
  `addedfrom` bigint(20) UNSIGNED DEFAULT NULL,
  `datecreated` datetime NOT NULL
) ENGINE=InnoDB DEFAULT CHARSET=utf8 COLLATE=utf8_unicode_ci;

--
-- Dumping data for table `tblsystemwide_supply_category`
--

INSERT INTO `tblsystemwide_supply_category` (`id`, `name`, `is_active`, `addedfrom`, `datecreated`) VALUES
(1, 'Taps', 1, 1, '0000-00-00 00:00:00'),
(2, 'Walls', 1, 1, '0000-00-00 00:00:00');

-- --------------------------------------------------------

--
-- Table structure for table `tbltaggables`
--

CREATE TABLE `tbltaggables` (
  `tenant_id` bigint(20) UNSIGNED NOT NULL DEFAULT '1',
  `rel_id` bigint(20) UNSIGNED NOT NULL,
  `rel_type` varchar(20) NOT NULL,
  `tag_id` bigint(20) UNSIGNED NOT NULL,
  `tag_order` bigint(20) UNSIGNED NOT NULL DEFAULT '0'
) ENGINE=InnoDB DEFAULT CHARSET=utf8;

-- --------------------------------------------------------

--
-- Table structure for table `tbltags`
--

CREATE TABLE `tbltags` (
  `tenant_id` bigint(20) UNSIGNED NOT NULL DEFAULT '1',
  `id` bigint(20) UNSIGNED NOT NULL,
  `name` varchar(100) NOT NULL
) ENGINE=InnoDB DEFAULT CHARSET=utf8;

-- --------------------------------------------------------

--
-- Table structure for table `tbltasks`
--

CREATE TABLE `tbltasks` (
  `tenant_id` bigint(20) UNSIGNED NOT NULL DEFAULT '1',
  `id` bigint(20) UNSIGNED NOT NULL,
  `name` mediumtext,
  `description` text,
  `priority` bigint(20) UNSIGNED DEFAULT NULL,
  `dateadded` datetime NOT NULL,
  `startdate` date NOT NULL,
  `duedate` date DEFAULT NULL,
  `datefinished` datetime DEFAULT NULL,
  `addedfrom` bigint(20) UNSIGNED NOT NULL,
  `is_added_from_contact` tinyint(1) NOT NULL DEFAULT '0',
  `status` bigint(20) UNSIGNED NOT NULL DEFAULT '0',
  `recurring_type` varchar(10) DEFAULT NULL,
  `repeat_every` bigint(20) UNSIGNED DEFAULT NULL,
  `recurring` bigint(20) UNSIGNED NOT NULL DEFAULT '0',
  `is_recurring_from` bigint(20) UNSIGNED DEFAULT NULL,
  `cycles` bigint(20) UNSIGNED NOT NULL DEFAULT '0',
  `total_cycles` bigint(20) UNSIGNED NOT NULL DEFAULT '0',
  `custom_recurring` tinyint(1) NOT NULL DEFAULT '0',
  `last_recurring_date` date DEFAULT NULL,
  `rel_id` bigint(20) UNSIGNED DEFAULT NULL,
  `rel_type` varchar(30) DEFAULT NULL,
  `is_public` tinyint(1) NOT NULL DEFAULT '0',
  `billable` tinyint(1) NOT NULL DEFAULT '0',
  `billed` tinyint(1) NOT NULL DEFAULT '0',
  `invoice_id` bigint(20) UNSIGNED NOT NULL DEFAULT '0',
  `hourly_rate` decimal(15,2) NOT NULL DEFAULT '0.00',
  `milestone` bigint(20) UNSIGNED DEFAULT '0',
  `kanban_order` bigint(20) UNSIGNED NOT NULL DEFAULT '0',
  `milestone_order` bigint(20) UNSIGNED NOT NULL DEFAULT '0',
  `visible_to_client` tinyint(1) NOT NULL DEFAULT '0',
  `deadline_notified` bigint(20) UNSIGNED NOT NULL DEFAULT '0',
  `clientid` bigint(20) UNSIGNED DEFAULT NULL,
  `property_street` varchar(200) DEFAULT NULL,
  `property_city` varchar(100) DEFAULT NULL,
  `property_state` varchar(100) DEFAULT NULL,
  `property_zip` varchar(100) DEFAULT NULL,
  `property_country` bigint(20) UNSIGNED DEFAULT NULL,
  `start_time` time DEFAULT NULL,
  `end_time` time DEFAULT NULL,
  `property_id` bigint(20) UNSIGNED DEFAULT NULL,
  `is_anytime` tinyint(4) NOT NULL DEFAULT '0'
) ENGINE=InnoDB DEFAULT CHARSET=utf8;

--
-- Dumping data for table `tbltasks`
--

INSERT INTO `tbltasks` (`tenant_id`, `id`, `name`, `description`, `priority`, `dateadded`, `startdate`, `duedate`, `datefinished`, `addedfrom`, `is_added_from_contact`, `status`, `recurring_type`, `repeat_every`, `recurring`, `is_recurring_from`, `cycles`, `total_cycles`, `custom_recurring`, `last_recurring_date`, `rel_id`, `rel_type`, `is_public`, `billable`, `billed`, `invoice_id`, `hourly_rate`, `milestone`, `kanban_order`, `milestone_order`, `visible_to_client`, `deadline_notified`, `clientid`, `property_street`, `property_city`, `property_state`, `property_zip`, `property_country`, `start_time`, `end_time`, `property_id`, `is_anytime`) VALUES
(1, 1, 'TEst', '', 2, '2020-06-02 08:36:37', '2020-06-02', NULL, NULL, 1, 0, 5, NULL, 0, 0, NULL, 0, 0, 0, NULL, 84, 'expense', 0, 1, 0, 0, '0.00', 0, 0, 0, 0, 0, NULL, NULL, NULL, NULL, NULL, NULL, NULL, NULL, NULL, 0),
(1, 2, 'Task created to speed up development', '', 2, '2020-06-03 22:28:13', '2020-06-03', '2020-06-30', NULL, 1, 0, 5, NULL, 0, 0, NULL, 0, 0, 0, NULL, 4, 'post_inspection', 0, 1, 0, 0, '0.00', 0, 0, 0, 0, 0, NULL, NULL, NULL, NULL, NULL, NULL, NULL, NULL, NULL, 0),
(1, 3, 'Testing Task Creation', '', 2, '2020-06-20 03:52:24', '2020-06-20', '2020-06-22', NULL, 1, 0, 4, 'day', 1, 1, NULL, 0, 0, 1, NULL, NULL, NULL, 0, 1, 0, 0, '0.00', 0, 0, 0, 0, 0, NULL, NULL, NULL, NULL, NULL, NULL, NULL, NULL, NULL, 0),
(1, 4, 'Testing Creation Without Assignment', '', 2, '2020-06-20 04:10:32', '2020-06-20', '2020-06-23', NULL, 1, 0, 4, NULL, 0, 0, NULL, 0, 0, 0, NULL, NULL, NULL, 0, 1, 0, 0, '0.00', 0, 0, 0, 0, 0, NULL, NULL, NULL, NULL, NULL, NULL, NULL, NULL, NULL, 0),
(1, 5, 'Task API ', '', 2, '2020-06-27 12:41:28', '2020-06-27', '2020-06-29', NULL, 1, 0, 4, NULL, 0, 0, NULL, 0, 0, 0, NULL, NULL, NULL, 0, 1, 0, 0, '0.00', 0, 0, 0, 0, 0, NULL, NULL, NULL, NULL, NULL, NULL, NULL, NULL, NULL, 0),
(1, 7, 'new task', 'tests', 1, '2020-06-27 18:04:01', '2020-06-19', '2020-06-26', NULL, 1, 0, 4, NULL, NULL, 0, NULL, 0, 0, 0, NULL, 1, 'invoice', 0, 0, 0, 0, '0.00', 0, 0, 0, 0, 0, 71, 'Dream Park', 'Mumbai', 'Maharashtra', '456723', 1, '20:30:00', '20:30:00', 68, 0),
(1, 8, 'new task', 'tests', 1, '2020-06-29 10:55:32', '2020-06-19', '2020-06-26', NULL, 1, 0, 4, NULL, NULL, 0, NULL, 0, 0, 0, NULL, 1, 'invoice', 0, 0, 0, 0, '0.00', 0, 0, 0, 0, 0, 71, 'Dream Park', 'Mumbai', 'Maharashtra', '456723', 1, '20:30:00', '20:30:00', 68, 0),
(1, 9, 'new task', 'tests', 1, '2020-06-29 13:03:42', '2020-06-19', '2020-06-26', NULL, 1, 0, 4, NULL, NULL, 0, NULL, 0, 0, 0, NULL, 1, 'invoice', 0, 0, 0, 0, '0.00', 0, 0, 0, 0, 0, 71, 'Dream Park', 'Mumbai', 'Maharashtra', '456723', 1, '20:30:00', '20:30:00', 68, 0),
(1, 10, 'Priority name updated', 'tests', 2, '2020-06-29 13:06:55', '2020-06-19', '2020-06-26', NULL, 1, 0, 4, NULL, NULL, 0, NULL, 0, 0, 0, NULL, 1, 'invoice', 0, 0, 0, 0, '0.00', 0, 0, 0, 0, 0, 71, 'Dream Park', 'Mumbai', 'Maharashtra', '456723', 1, '20:30:00', '20:30:00', 68, 0),
(1, 11, 'Test Add task', '', 3, '2020-06-29 23:19:33', '2020-06-29', '2020-07-06', NULL, 1, 0, 4, NULL, NULL, 0, NULL, 0, 0, 0, NULL, 0, 'Invoice', 0, 0, 0, 0, '0.00', 0, 0, 0, 0, 0, 69, NULL, NULL, NULL, NULL, NULL, '23:18:00', '23:18:00', 68, 0),
(1, 12, 'Test add Task iOS', 'Test task Description ', 2, '2020-06-29 23:29:15', '2020-06-29', '2020-07-06', NULL, 1, 0, 4, NULL, NULL, 0, NULL, 0, 0, 0, NULL, 0, 'estimate', 0, 0, 0, 0, '0.00', 0, 0, 0, 0, 0, 69, NULL, NULL, NULL, NULL, NULL, '23:28:00', '23:28:00', 68, 1),
(1, 13, 'jrr', 'jff', 1, '2020-06-30 16:03:28', '2020-07-06', '2020-07-13', '2020-07-04 22:40:46', 43, 0, 5, NULL, NULL, 0, NULL, 0, 0, 0, NULL, 13, 'invoice', 0, 0, 0, 0, '0.00', 0, 0, 0, 0, 0, 94, NULL, NULL, NULL, NULL, NULL, '12:36:00', '12:36:00', NULL, 0),
(1, 14, 'Test Task Reload', 'Task reload test', 2, '2020-07-01 14:53:10', '2020-07-01', '2020-07-08', NULL, 1, 0, 4, NULL, NULL, 0, NULL, 0, 0, 0, NULL, 0, 'post_inspection', 0, 0, 0, 0, '0.00', 0, 0, 0, 0, 0, 69, NULL, NULL, NULL, NULL, NULL, '14:52:00', '14:52:00', 68, 0),
(1, 15, 'Test Relation', 'Relation Data test', 2, '2020-07-02 18:34:14', '2020-07-02', '2020-07-09', NULL, 1, 0, 4, NULL, NULL, 0, NULL, 0, 0, 0, NULL, 93, 'post_inspection', 0, 0, 0, 0, '0.00', 0, 0, 0, 0, 0, 71, NULL, NULL, NULL, NULL, NULL, '18:33:00', '05:21:00', 70, 0),
(1, 16, 'Test Relation again ', 'Test relation ', 3, '2020-07-02 18:52:15', '2020-07-02', '2020-07-09', '2020-07-04 17:19:15', 1, 0, 5, NULL, NULL, 0, NULL, 0, 0, 0, NULL, 11, 'invoice', 0, 0, 0, 0, '0.00', 0, 0, 0, 0, 0, 69, NULL, NULL, NULL, NULL, NULL, '18:51:00', '18:51:00', 68, 0),
(1, 17, 'Task with Relation now', 'Without Relation Edit', 3, '2020-07-02 20:47:10', '2020-07-02', '2020-07-09', NULL, 1, 0, 4, NULL, NULL, 0, NULL, 0, 0, 0, NULL, 98, 'post_inspection', 0, 0, 0, 0, '0.00', 0, 0, 0, 0, 0, 107, NULL, NULL, NULL, NULL, NULL, '20:46:00', '23:07:00', 88, 1),
(1, 18, 'New Task Edit notification', 'Test new task Edit', 2, '2020-07-02 22:10:49', '2020-07-02', '2020-10-03', '2020-07-04 16:43:25', 1, 0, 5, NULL, NULL, 0, NULL, 0, 0, 0, NULL, 97, 'post_inspection', 0, 0, 0, 0, '0.00', 0, 0, 0, 0, 0, 96, NULL, NULL, NULL, NULL, NULL, '22:09:00', '04:10:00', 78, 0),
(1, 19, 'Priority name updated', 'tests notification reload', 2, '2020-07-02 22:20:41', '2020-06-19', '2020-06-26', '2020-07-04 18:00:20', 1, 0, 5, NULL, NULL, 0, NULL, 0, 0, 0, NULL, 1, 'invoice', 0, 0, 0, 0, '0.00', 0, 0, 0, 0, 0, 71, 'Dream Park', 'Mumbai', 'Maharashtra', '456723', 1, '20:30:00', '20:30:00', 68, 0),
(1, 20, 'Priority name updated', 'tests', 2, '2020-07-03 18:33:13', '2020-06-19', '2020-06-26', '2020-07-04 16:41:15', 1, 0, 5, NULL, NULL, 0, NULL, 0, 0, 0, NULL, 1, 'invoice', 0, 0, 0, 0, '0.00', 0, 0, 0, 0, 0, 71, 'Dream Park', 'Mumbai', 'Maharashtra', '456723', 1, '20:30:00', '20:30:00', 68, 0);

-- --------------------------------------------------------

--
-- Table structure for table `tbltaskstimers`
--

CREATE TABLE `tbltaskstimers` (
  `tenant_id` bigint(20) UNSIGNED NOT NULL DEFAULT '1',
  `id` bigint(20) UNSIGNED NOT NULL,
  `task_id` bigint(20) UNSIGNED NOT NULL,
  `start_time` datetime NOT NULL,
  `end_time` datetime DEFAULT NULL,
  `staff_id` bigint(20) UNSIGNED NOT NULL,
  `hourly_rate` decimal(15,2) NOT NULL DEFAULT '0.00',
  `type` enum('general','task') NOT NULL DEFAULT 'task',
  `note` text
) ENGINE=InnoDB DEFAULT CHARSET=utf8;

--
-- Dumping data for table `tbltaskstimers`
--

INSERT INTO `tbltaskstimers` (`tenant_id`, `id`, `task_id`, `start_time`, `end_time`, `staff_id`, `hourly_rate`, `type`, `note`) VALUES
(1, 1, 1, '2020-06-27 21:19:57', '2020-07-04 11:52:24', 1, '0.00', 'task', 'dumy note'),
(1, 2, 1, '2020-06-30 19:03:24', '2020-06-30 22:43:29', 1, '0.00', 'task', 'dumy note'),
(1, 3, 1, '2020-06-30 22:43:36', '2020-06-30 22:55:23', 1, '0.00', 'task', 'dumy note'),
(1, 4, 1, '2020-06-30 22:55:14', '2020-07-01 12:26:27', 1, '0.00', 'task', 'dumy note'),
(1, 5, 1, '2020-07-01 12:26:31', '2020-07-01 12:27:34', 1, '0.00', 'task', 'dumy note'),
(1, 6, 1, '2020-07-01 12:32:27', '2020-07-01 13:39:41', 1, '0.00', 'task', 'dumy note'),
(1, 7, 1, '2020-07-01 14:25:54', '2020-07-03 11:51:30', 1, '0.00', 'task', 'dumy note'),
(1, 8, 8, '2020-07-04 18:16:00', '2020-07-04 18:16:00', 1, '0.00', 'task', 'dumy notessssssssssssdlmsdmsds sdsdsds'),
(1, 9, 1, '2020-07-01 14:41:35', '2020-07-03 11:52:15', 1, '0.00', 'task', 'dumy note'),
(1, 10, 1, '2020-07-01 14:45:30', '2020-07-03 11:52:22', 1, '0.00', 'task', 'dumy note'),
(1, 11, 1, '2020-07-02 11:52:44', '2020-07-03 11:52:29', 1, '0.00', 'task', 'dumy note'),
(1, 12, 1, '2020-07-03 11:38:51', '2020-07-03 14:04:05', 43, '0.00', 'general', 'tsahh'),
(1, 13, 13, '2020-07-04 11:53:00', '2020-07-04 11:53:00', 1, '0.00', 'task', 'dumy note'),
(1, 14, 1, '2020-07-03 12:18:24', '2020-07-03 14:15:51', 43, '0.00', 'general', 'rest'),
(1, 15, 15, '2020-07-04 13:00:00', '2020-07-04 13:00:00', 1, '0.00', 'task', 'dumy note'),
(1, 16, 1, '2020-07-03 14:16:49', '2020-07-03 14:39:39', 43, '0.00', 'general', 'demo'),
(1, 17, 1, '2020-07-03 14:49:19', '2020-07-03 15:00:45', 43, '0.00', 'general', 'testing'),
(1, 18, 1, '2020-07-03 15:00:55', '0000-00-00 00:00:00', 43, '0.00', 'task', NULL),
(1, 19, 0, '2020-07-03 15:10:12', '2020-07-03 15:14:51', 1, '0.00', 'general', 'tffbbb'),
(1, 20, 0, '2020-07-03 15:16:09', '2020-07-03 15:16:25', 1, '0.00', 'general', 'rfff'),
(1, 21, 18, '2020-07-03 15:16:55', '2020-07-03 15:18:54', 1, '0.00', 'task', 'tended'),
(1, 22, 22, '2020-07-04 15:26:00', '2020-07-04 15:26:00', 1, '0.00', 'task', 'test'),
(1, 23, 18, '2020-07-03 16:14:23', '2020-07-03 16:14:38', 1, '0.00', 'task', 'redid'),
(1, 24, 0, '2020-07-03 16:15:50', '2020-07-03 16:28:25', 1, '0.00', 'general', 'txhnx'),
(1, 25, 0, '2020-07-03 17:10:45', '2020-07-03 17:32:19', 1, '0.00', 'general', 'then'),
(1, 26, 0, '2020-07-03 17:37:09', '2020-07-03 17:37:19', 1, '0.00', 'general', 'y'),
(1, 27, 0, '2020-07-03 17:40:40', '2020-07-03 17:41:02', 1, '0.00', 'general', 't'),
(1, 28, 28, '2020-07-04 11:50:00', '2020-07-04 22:28:00', 1, '0.00', 'task', 'eggplant'),
(1, 29, 0, '2020-07-04 21:03:04', '2020-07-10 21:04:12', 1, '0.00', 'general', 'test'),
(1, 30, 0, '2020-07-04 23:02:47', NULL, 39, '0.00', 'task', NULL),
(1, 31, 0, '2020-07-04 23:02:54', NULL, 39, '0.00', 'task', NULL),
(1, 32, 0, '2020-07-04 23:02:56', NULL, 39, '0.00', 'task', NULL),
(1, 33, 0, '2020-07-04 23:11:48', NULL, 39, '0.00', 'task', NULL),
(1, 34, 0, '2020-07-04 23:12:40', NULL, 39, '0.00', 'task', NULL),
(1, 35, 1, '2020-07-04 23:57:26', '2020-07-06 18:00:24', 43, '0.00', 'task', 'dumy note'),
(1, 36, 0, '2020-07-06 18:00:54', '2020-07-06 18:35:46', 43, '0.00', 'general', 'test post'),
(1, 37, 0, '2020-07-06 18:35:50', NULL, 43, '0.00', 'task', NULL),
(1, 38, 0, '2020-07-11 12:00:18', '2020-07-11 12:00:35', 1, '0.00', 'general', 'test');

-- --------------------------------------------------------

--
-- Table structure for table `tbltasks_checklist_templates`
--

CREATE TABLE `tbltasks_checklist_templates` (
  `tenant_id` bigint(20) UNSIGNED NOT NULL DEFAULT '1',
  `id` bigint(20) UNSIGNED NOT NULL,
  `description` text
) ENGINE=InnoDB DEFAULT CHARSET=utf8;

-- --------------------------------------------------------

--
-- Table structure for table `tbltask_assigned`
--

CREATE TABLE `tbltask_assigned` (
  `tenant_id` bigint(20) UNSIGNED NOT NULL DEFAULT '1',
  `id` bigint(20) UNSIGNED NOT NULL,
  `staffid` bigint(20) UNSIGNED NOT NULL,
  `taskid` bigint(20) UNSIGNED NOT NULL,
  `assigned_from` bigint(20) UNSIGNED NOT NULL DEFAULT '0',
  `is_assigned_from_contact` tinyint(1) NOT NULL DEFAULT '0'
) ENGINE=InnoDB DEFAULT CHARSET=utf8;

--
-- Dumping data for table `tbltask_assigned`
--

INSERT INTO `tbltask_assigned` (`tenant_id`, `id`, `staffid`, `taskid`, `assigned_from`, `is_assigned_from_contact`) VALUES
(1, 1, 1, 1, 1, 0),
(1, 2, 1, 2, 1, 0),
(1, 3, 1, 3, 1, 0),
(1, 4, 17, 3, 1, 0),
(1, 5, 58, 3, 1, 0),
(1, 6, 39, 3, 1, 0),
(1, 8, 1, 5, 1, 0),
(1, 9, 34, 5, 1, 0),
(1, 10, 58, 5, 1, 0),
(1, 11, 1, 6, 1, 0),
(1, 12, 15, 6, 1, 0),
(1, 13, 16, 6, 1, 0),
(1, 14, 17, 6, 1, 0),
(1, 16, 15, 7, 1, 0),
(1, 17, 16, 7, 1, 0),
(1, 18, 17, 7, 1, 0),
(1, 19, 1, 8, 1, 0),
(1, 20, 15, 8, 1, 0),
(1, 21, 16, 8, 1, 0),
(1, 22, 17, 8, 1, 0),
(1, 23, 1, 9, 1, 0),
(1, 24, 15, 9, 1, 0),
(1, 25, 16, 9, 1, 0),
(1, 26, 17, 9, 1, 0),
(1, 27, 1, 10, 1, 0),
(1, 28, 15, 10, 1, 0),
(1, 29, 16, 10, 1, 0),
(1, 32, 61, 11, 1, 0),
(1, 33, 45, 11, 1, 0),
(1, 34, 1, 11, 1, 0),
(1, 35, 43, 11, 1, 0),
(1, 36, 64, 11, 1, 0),
(1, 37, 1, 12, 1, 0),
(1, 38, 61, 12, 1, 0),
(1, 39, 43, 12, 1, 0),
(1, 44, 1, 14, 1, 0),
(1, 45, 61, 14, 1, 0),
(1, 47, 64, 14, 1, 0),
(1, 48, 34, 14, 1, 0),
(1, 49, 1, 15, 1, 0),
(1, 50, 61, 15, 1, 0),
(1, 52, 43, 15, 1, 0),
(1, 53, 1, 16, 1, 0),
(1, 54, 61, 16, 1, 0),
(1, 55, 63, 16, 1, 0),
(1, 56, 64, 16, 1, 0),
(1, 57, 1, 17, 1, 0),
(1, 58, 60, 17, 1, 0),
(1, 59, 45, 17, 1, 0),
(1, 60, 63, 17, 1, 0),
(1, 61, 1, 18, 1, 0),
(1, 62, 61, 18, 1, 0),
(1, 63, 68, 18, 1, 0),
(1, 65, 20, 10, 1, 0),
(1, 66, 1, 19, 1, 0),
(1, 67, 15, 19, 1, 0),
(1, 68, 16, 19, 1, 0),
(1, 69, 20, 19, 1, 0),
(1, 71, 1, 20, 1, 0),
(1, 72, 15, 20, 1, 0),
(1, 73, 16, 20, 1, 0),
(1, 74, 20, 20, 1, 0),
(1, 77, 68, 13, 43, 0);

-- --------------------------------------------------------

--
-- Table structure for table `tbltask_checklist_items`
--

CREATE TABLE `tbltask_checklist_items` (
  `tenant_id` bigint(20) UNSIGNED NOT NULL DEFAULT '1',
  `id` bigint(20) UNSIGNED NOT NULL,
  `taskid` bigint(20) UNSIGNED NOT NULL,
  `description` text NOT NULL,
  `finished` bigint(20) UNSIGNED NOT NULL DEFAULT '0',
  `dateadded` datetime NOT NULL,
  `addedfrom` bigint(20) UNSIGNED NOT NULL,
  `finished_from` bigint(20) UNSIGNED DEFAULT '0',
  `list_order` bigint(20) UNSIGNED NOT NULL DEFAULT '0'
) ENGINE=InnoDB DEFAULT CHARSET=utf8;

-- --------------------------------------------------------

--
-- Table structure for table `tbltask_comments`
--

CREATE TABLE `tbltask_comments` (
  `tenant_id` bigint(20) UNSIGNED NOT NULL DEFAULT '1',
  `id` bigint(20) UNSIGNED NOT NULL,
  `content` text NOT NULL,
  `taskid` bigint(20) UNSIGNED NOT NULL,
  `staffid` bigint(20) UNSIGNED NOT NULL,
  `contact_id` bigint(20) UNSIGNED NOT NULL DEFAULT '0',
  `file_id` bigint(20) UNSIGNED NOT NULL DEFAULT '0',
  `dateadded` datetime NOT NULL
) ENGINE=InnoDB DEFAULT CHARSET=utf8;

-- --------------------------------------------------------

--
-- Table structure for table `tbltask_files`
--

CREATE TABLE `tbltask_files` (
  `id` bigint(20) UNSIGNED NOT NULL,
  `task_id` bigint(20) UNSIGNED DEFAULT NULL,
  `file_name` varchar(191) COLLATE utf8_unicode_ci NOT NULL,
  `filetype` varchar(40) COLLATE utf8_unicode_ci DEFAULT NULL,
  `task_file_type` enum('pre_photos','post_photos') COLLATE utf8_unicode_ci DEFAULT NULL,
  `visible_to_customer` bigint(20) UNSIGNED NOT NULL DEFAULT '0',
  `attachment_key` varchar(32) COLLATE utf8_unicode_ci DEFAULT NULL,
  `external` varchar(40) COLLATE utf8_unicode_ci DEFAULT NULL,
  `external_link` text COLLATE utf8_unicode_ci,
  `thumbnail_link` text COLLATE utf8_unicode_ci COMMENT 'For external usage',
  `original_file_name` varchar(191) COLLATE utf8_unicode_ci DEFAULT NULL,
  `dateadded` datetime NOT NULL
) ENGINE=InnoDB DEFAULT CHARSET=utf8 COLLATE=utf8_unicode_ci;

--
-- Dumping data for table `tbltask_files`
--

INSERT INTO `tbltask_files` (`id`, `task_id`, `file_name`, `filetype`, `task_file_type`, `visible_to_customer`, `attachment_key`, `external`, `external_link`, `thumbnail_link`, `original_file_name`, `dateadded`) VALUES
(2, 3, '5ec74efb3f1cb.png', 'image/png', 'pre_photos', 0, NULL, NULL, NULL, NULL, 'client.png', '2020-05-22 09:36:18'),
(3, 10, '5eccdf68497b3.jpg', 'image/png', 'pre_photos', 0, NULL, NULL, NULL, NULL, 'IMG_20200526_145038568.jpg', '2020-05-27 00:11:14'),
(4, 11, '5ec74efb3f1cb.png', 'image/png', 'pre_photos', 0, NULL, NULL, NULL, NULL, 'client.png', '2020-05-27 00:11:14'),
(5, 11, '5eccdf68497b3.jpg', 'image/png', 'pre_photos', 0, NULL, NULL, NULL, NULL, 'IMG_20200526_145038568.jpg', '2020-05-27 00:11:14'),
(6, 12, '5ec74efb3f1cb.png', 'image/png', 'pre_photos', 0, NULL, NULL, NULL, NULL, 'client.png', '2020-05-27 00:11:14'),
(7, 12, '5eccdf68497b3.jpg', 'image/png', 'pre_photos', 0, NULL, NULL, NULL, NULL, 'IMG_20200526_145038568.jpg', '2020-05-27 00:11:14'),
(9, 7, '5ecd63f875ccd.png', 'image/png', 'pre_photos', 0, NULL, NULL, NULL, NULL, 'sample_tags.png', '2020-05-27 00:16:16'),
(10, 8, '5ecd6406eb48b.png', 'image/png', 'post_photos', 0, NULL, NULL, NULL, NULL, 'client.png', '2020-05-27 00:16:30'),
(11, 8, '5ecd64080119c.png', 'image/png', 'post_photos', 0, NULL, NULL, NULL, NULL, 'sample_tags.png', '2020-05-27 00:16:32'),
(12, 9, '5ecd641447683.png', 'image/png', 'pre_photos', 0, NULL, NULL, NULL, NULL, 'client.png', '2020-05-27 00:16:44'),
(13, 9, '5ecd641f91ad9.png', 'image/png', 'post_photos', 0, NULL, NULL, NULL, NULL, 'sample_tags.png', '2020-05-27 00:16:55'),
(14, 13, '5ed87b25325b4.png', 'image/png', 'pre_photos', 0, NULL, NULL, NULL, NULL, 'client.png', '2020-06-04 10:17:26'),
(15, 13, '5ed87d78e8dcc.pdf', 'application/pdf', 'pre_photos', 0, NULL, NULL, NULL, NULL, 'PI-00001.pdf', '2020-06-04 10:20:00'),
(16, 11, '5ed9316b6f530.png', 'image/png', 'post_photos', 0, NULL, NULL, NULL, NULL, 'plus.png', '2020-06-04 23:09:07'),
(17, 15, '5ed9f072dcd9f.png', 'image/png', 'post_photos', 0, NULL, NULL, NULL, NULL, 'plus.png', '2020-06-05 12:42:50'),
(18, 31, '5edb499be0322.jpg', 'image/png', 'pre_photos', 0, NULL, NULL, NULL, NULL, 'IMG_20200606_131528501.jpg', '2020-06-06 13:15:49'),
(19, 31, '5edb49a31c1e1.jpg', 'image/png', 'post_photos', 0, NULL, NULL, NULL, NULL, 'IMG_20200606_131536199.jpg', '2020-06-06 13:15:49'),
(25, 834448, '5edf74baafb94.jpg', 'image/png', 'pre_photos', 0, NULL, NULL, NULL, NULL, 'IMG_20200609_170832408.jpg', '2020-06-09 17:08:48'),
(26, 834448, '5edf74c54d51d.jpg', 'image/png', 'post_photos', 0, NULL, NULL, NULL, NULL, 'IMG_20200609_170843440.jpg', '2020-06-09 17:08:48'),
(36, 834452, '5edf9e54185ef.jpg', 'image/png', 'pre_photos', 0, NULL, NULL, NULL, NULL, 'IMG_20200609_200601690.jpg', '2020-06-09 20:06:57'),
(37, 834452, '5edf9e6e2ae71.jpg', 'image/png', 'pre_photos', 0, NULL, NULL, NULL, NULL, 'IMG_20200609_200628536.jpg', '2020-06-09 20:06:57'),
(38, 834452, '5edf9e75537c4.jpg', 'image/png', 'pre_photos', 0, NULL, NULL, NULL, NULL, 'IMG_20200609_200635717.jpg', '2020-06-09 20:06:57'),
(39, 834452, '5edf9e7fce99b.jpg', 'image/png', 'post_photos', 0, NULL, NULL, NULL, NULL, 'IMG_20200606_153947130.jpg', '2020-06-09 20:06:57'),
(40, 834452, '5edf9e8661de4.jpg', 'image/png', 'post_photos', 0, NULL, NULL, NULL, NULL, 'IMG_20200606_153144520.jpg', '2020-06-09 20:06:57'),
(47, 834465, '5edfb04ae2372.jpg', 'image/png', 'pre_photos', 0, NULL, NULL, NULL, NULL, 'IMG_20200609_212240482.jpg', '2020-06-09 21:22:57'),
(56, 834471, '5ee35556b6726.jpg', 'image/png', 'pre_photos', 0, NULL, NULL, NULL, NULL, 'IMG_20200612_154341512.jpg', '2020-06-12 15:44:10'),
(59, 65, '5eeb319995998.png', 'image/png', 'pre_photos', 0, NULL, NULL, NULL, NULL, 'default.png', '2020-06-18 14:49:21'),
(60, 65, '5eeb319a5b171.png', 'image/png', 'pre_photos', 0, NULL, NULL, NULL, NULL, 'apple.png', '2020-06-18 14:49:22'),
(61, 65, '5eeb319a635b9.png', 'image/png', 'pre_photos', 0, NULL, NULL, NULL, NULL, 'twitch.png', '2020-06-18 14:49:22'),
(62, 54, '5efc356b11273.png', 'image/png', 'pre_photos', 0, NULL, NULL, NULL, NULL, 'default.png', '2020-07-01 12:34:11'),
(63, 66, '5efd91b01d9e9.jpg', 'image/png', 'pre_photos', 0, NULL, NULL, NULL, NULL, 'IMG_20200702_132003666.jpg', '2020-07-02 13:22:07'),
(64, 67, '5efe22706796f.jpg', 'image/png', 'pre_photos', 0, NULL, NULL, NULL, NULL, 'IMG-20200702-WA0000.jpg', '2020-07-02 23:45:19'),
(65, 72, '5f04760ebea13.jpg', 'image/png', 'pre_photos', 0, NULL, NULL, NULL, NULL, 'IMG_20200704_155531933.jpg', '2020-07-07 18:48:57'),
(66, 75, '5f047e18c7fee.jpg', 'image/png', 'pre_photos', 0, NULL, NULL, NULL, NULL, 'IMG_20200704_155531933.jpg', '2020-07-07 19:22:34'),
(67, 81, '5f0cbe6d81c46.jpg', 'image/png', 'post_photos', 0, NULL, NULL, NULL, NULL, 'IMG_20200714_013459484.jpg', '2020-07-14 01:44:11'),
(68, 81, '5f0cbe71e7f23.jpg', 'image/png', 'post_photos', 0, NULL, NULL, NULL, NULL, 'IMG_20200714_013504954.jpg', '2020-07-14 01:44:11'),
(69, 82, '5f0cbf0a45f1b.jpg', 'image/png', 'pre_photos', 0, NULL, NULL, NULL, NULL, 'IMG_20200714_013736753.jpg', '2020-07-14 01:44:11'),
(70, 82, '5f0cbf0ebd98c.jpg', 'image/png', 'pre_photos', 0, NULL, NULL, NULL, NULL, 'IMG_20200714_013741641.jpg', '2020-07-14 01:44:11'),
(71, 83, '5f0cc116bacaf.jpg', 'image/png', 'pre_photos', 0, NULL, NULL, NULL, NULL, 'IMG_20200714_014621137.jpg', '2020-07-14 01:47:02'),
(72, 83, '5f0cc11b59b50.jpg', 'image/png', 'pre_photos', 0, NULL, NULL, NULL, NULL, 'IMG_20200714_014626111.jpg', '2020-07-14 01:47:02'),
(73, 83, '5f0cc124a13db.jpg', 'image/png', 'pre_photos', 0, NULL, NULL, NULL, NULL, 'IMG_20200714_014635426.jpg', '2020-07-14 01:47:02'),
(74, 83, '5f0cc12e4aa28.jpg', 'image/png', 'pre_photos', 0, NULL, NULL, NULL, NULL, 'IMG_20200714_014645041.jpg', '2020-07-14 01:47:02'),
(75, 84, '5f0cc15a98ceb.jpg', 'image/png', 'pre_photos', 0, NULL, NULL, NULL, NULL, 'IMG_20200714_014729281.jpg', '2020-07-14 01:47:53'),
(76, 84, '5f0cc15ec18fa.jpg', 'image/png', 'pre_photos', 0, NULL, NULL, NULL, NULL, 'IMG_20200714_014734097.jpg', '2020-07-14 01:47:53');

-- --------------------------------------------------------

--
-- Table structure for table `tbltask_followers`
--

CREATE TABLE `tbltask_followers` (
  `tenant_id` bigint(20) UNSIGNED NOT NULL DEFAULT '1',
  `id` bigint(20) UNSIGNED NOT NULL,
  `staffid` bigint(20) UNSIGNED NOT NULL,
  `taskid` bigint(20) UNSIGNED NOT NULL
) ENGINE=InnoDB DEFAULT CHARSET=utf8;

-- --------------------------------------------------------

--
-- Table structure for table `tbltaxes`
--

CREATE TABLE `tbltaxes` (
  `tenant_id` bigint(20) UNSIGNED NOT NULL DEFAULT '1',
  `id` bigint(20) UNSIGNED NOT NULL,
  `name` varchar(100) NOT NULL,
  `taxrate` decimal(15,2) NOT NULL
) ENGINE=InnoDB DEFAULT CHARSET=utf8;

--
-- Dumping data for table `tbltaxes`
--

INSERT INTO `tbltaxes` (`tenant_id`, `id`, `name`, `taxrate`) VALUES
(1, 1, 'CGST', '9.00'),
(1, 2, 'SGST', '9.00'),
(1, 3, 'IGST', '18.00'),
(1, 6, 'Test', '50.00'),
(1, 18, 'a', '1.00'),
(1, 19, 'b', '2.00'),
(1, 20, 'c', '3.00'),
(1, 21, 'ddd', '3.00'),
(1, 22, '30%', '30.00'),
(1, 23, 'Vikram', '25.00'),
(1, 24, 'somename', '5.00'),
(1, 25, 'Ketan', '5.00'),
(1, 26, 'New Tax', '10.00'),
(1, 27, 'somename 2', '5.00'),
(1, 28, 'Test add tax iOS', '20.00'),
(1, 29, 'Other tax', '5.00'),
(1, 30, 'Other tax 1', '5.10'),
(1, 31, 'New Tax add test IOS', '20.50'),
(1, 32, 'somename 3', '5.00'),
(1, 33, 'somename 4', '5.20'),
(1, 34, 'somename 5', '5.00'),
(1, 35, 'Other tax 2', '5.10'),
(1, 36, 'add new tax iOS test', '20.50'),
(1, 37, 'add tax iOS test', '20.50'),
(1, 38, 'add tax 1', '10.60'),
(1, 39, 'somename 6', '15.00'),
(1, 40, 'new tax test 1', '19.30'),
(1, 41, 'Test add Tax 1', '17.90'),
(1, 42, 'add tax test 2', '14.80'),
(1, 43, 'testtax', '20.00'),
(1, 44, 'test add tax', '30.00'),
(1, 45, 'custom tax', '20.00'),
(1, 46, 'CGST', '9.00'),
(1, 47, 'CGST', '18.00');

-- --------------------------------------------------------

--
-- Table structure for table `tbltemp_files`
--

CREATE TABLE `tbltemp_files` (
  `id` varchar(191) COLLATE utf8_unicode_ci NOT NULL,
  `file_name` varchar(191) COLLATE utf8_unicode_ci NOT NULL,
  `filetype` varchar(40) COLLATE utf8_unicode_ci DEFAULT NULL,
  `image_for` varchar(191) COLLATE utf8_unicode_ci NOT NULL,
  `task_file_type` enum('pre_photos','post_photos') COLLATE utf8_unicode_ci DEFAULT NULL,
  `original_file_name` varchar(191) COLLATE utf8_unicode_ci DEFAULT NULL,
  `dateadded` datetime NOT NULL
) ENGINE=InnoDB DEFAULT CHARSET=utf8 COLLATE=utf8_unicode_ci;

--
-- Dumping data for table `tbltemp_files`
--

INSERT INTO `tbltemp_files` (`id`, `file_name`, `filetype`, `image_for`, `task_file_type`, `original_file_name`, `dateadded`) VALUES
('1', '5ec74efb3f1cb.png', 'image/png', 'area_tasks', 'pre_photos', 'client.png', '2020-05-22 09:33:07'),
('10', '5ecd03c22be39.jpg', 'image/png', 'area_tasks', 'pre_photos', 'IMG_20200526_172545426.jpg', '2020-05-26 17:25:46'),
('11', '5ecd04aed2ab3.jpg', 'image/png', 'area_tasks', 'pre_photos', 'IMG_20200526_152700987.jpg', '2020-05-26 17:29:42'),
('12', '5ecd04d506d2f.jpg', 'image/png', 'area_tasks', 'pre_photos', 'IMG_20200526_152653760.jpg', '2020-05-26 17:30:21'),
('13', '5ecd0561d2740.jpg', 'image/png', 'area_tasks', 'pre_photos', 'IMG-20200521-WA0004.jpg', '2020-05-26 17:32:41'),
('14', '5ecd112b3b6cc.jpg', 'image/png', 'area_tasks', 'pre_photos', 'IMG_20200526_172545426.jpg', '2020-05-26 18:22:59'),
('15', '5ed0ec0acb5bc.png', 'image/png', 'post_inspections', 'pre_photos', 'client.png', '2020-05-29 16:33:38'),
('16', '5ed103296e60b.jpg', 'image/png', 'post_inspections', 'pre_photos', 'IMG_20200529_181215333.jpg', '2020-05-29 18:12:17'),
('17', '5ed10339d9094.jpg', 'image/png', 'post_inspections', 'pre_photos', 'IMG_20200526_152230633.jpg', '2020-05-29 18:12:33'),
('18', '5ed10353cc18a.jpg', 'image/png', 'post_inspections', 'pre_photos', 'IMG_20200529_181258054.jpg', '2020-05-29 18:12:59'),
('19', '5ed1036f106b5.jpg', 'image/png', 'post_inspections', 'post_photos', 'IMG_20200529_181324755.jpg', '2020-05-29 18:13:27'),
('2', '5eccdf68497b3.jpg', 'image/png', 'area_tasks', 'pre_photos', 'IMG_20200526_145038568.jpg', '2020-05-26 14:50:40'),
('20', '5ed1037f3a1ed.jpg', 'image/png', 'post_inspections', 'post_photos', 'IMG_20200529_181341231.jpg', '2020-05-29 18:13:43'),
('22', '5ed10a61e69be.png', 'image/png', 'notes', NULL, 'sample_tags.png', '2020-05-29 18:43:05'),
('23', '5ed4e0793c6ba.jpg', 'image/png', 'post_inspections', 'pre_photos', 'IMG_20200601_163317632.jpg', '2020-06-01 16:33:21'),
('24', '5ed4e1296b9cd.', 'image/jpeg', 'notes', NULL, 'file', '2020-06-01 16:36:17'),
('25', '5ed4e12e0a8c8.', 'image/jpeg', 'notes', NULL, 'file', '2020-06-01 16:36:22'),
('26', '5ed4e238de434.', 'image/jpeg', 'notes', NULL, 'file', '2020-06-01 16:40:48'),
('28', '5ed4e23b2d096.', 'image/jpeg', 'notes', NULL, 'file', '2020-06-01 16:40:51'),
('3', '5eccdf70130fc.jpg', 'image/png', 'area_tasks', 'post_photos', 'IMG_20200526_145046365.jpg', '2020-05-26 14:50:48'),
('31', '5ed4e2568f7fb.', 'image/jpeg', 'notes', NULL, 'file', '2020-06-01 16:41:18'),
('32', '5ed4e2575a7d3.', 'image/jpeg', 'notes', NULL, 'file', '2020-06-01 16:41:19'),
('33', '5ed4e257c7b97.', 'image/jpeg', 'notes', NULL, 'file', '2020-06-01 16:41:19'),
('34', '5ed4e45d86f97.', 'image/jpeg', 'notes', NULL, 'file', '2020-06-01 16:49:57'),
('35', '5ed4e45dbeed6.', 'image/jpeg', 'notes', NULL, 'file', '2020-06-01 16:49:57'),
('36', '5ed4e6708e6fe.', 'image/jpeg', 'notes', NULL, 'photo', '2020-06-01 16:58:48'),
('37', '5ed4e670bcc0a.', 'image/jpeg', 'notes', NULL, 'photo', '2020-06-01 16:58:48'),
('38', '5ed4e670c48cd.', 'image/jpeg', 'notes', NULL, 'photo', '2020-06-01 16:58:48'),
('39', '5ed4e9b518b7d.mp4', 'video/mp4', 'notes', NULL, '1591011763.2705.mp4', '2020-06-01 17:12:45'),
('4', '5ecce57e5ea6e.jpg', 'image/png', 'area_tasks', 'pre_photos', 'IMG_20200526_151636133.jpg', '2020-05-26 15:16:38'),
('40', '5ed50cae96d63.png', 'image/png', 'notes', NULL, 'CP-logo.png', '2020-06-01 19:41:58'),
('41', '5ed5108e8a163.png', 'image/png', 'notes', NULL, 'sample_tags.png', '2020-06-01 19:58:30'),
('42', '5ed511677a54f.png', 'image/png', 'notes', NULL, 'CP-logo.png', '2020-06-01 20:02:07'),
('43', '5ed51630b4459.png', 'image/png', 'notes', NULL, 'sample_tags.png', '2020-06-01 20:22:32'),
('44', '5ed517a9e1dec.jpeg', 'image/jpeg', 'notes', NULL, '1591023528.654382.jpeg', '2020-06-01 20:28:49'),
('45', '5ed518779bed8.jpeg', 'image/jpeg', 'notes', NULL, '1591023734.3198562.jpeg', '2020-06-01 20:32:15'),
('46', '5ed51877da73c.jpeg', 'image/jpeg', 'notes', NULL, '1591023734.390881.jpeg', '2020-06-01 20:32:15'),
('47', '5ed5194f85286.jpeg', 'image/jpeg', 'notes', NULL, '1591023949.70082.jpeg', '2020-06-01 20:35:51'),
('49', '5ed51950170da.mp4', 'video/mp4', 'notes', NULL, '1591023949.786954.mp4', '2020-06-01 20:35:52'),
('5', '5ecce5c8688bb.jpg', 'image/png', 'area_tasks', 'pre_photos', 'IMG_20200526_151750209.jpg', '2020-05-26 15:17:52'),
('51', '5ed521c4a9ad9.jpeg', 'image/jpeg', 'notes', NULL, '1591026115.082053.jpeg', '2020-06-01 21:11:56'),
('52', '5ed521c4d490e.jpeg', 'image/jpeg', 'notes', NULL, '1591026115.234024.jpeg', '2020-06-01 21:11:56'),
('53', '5ed521c4dabba.jpeg', 'image/jpeg', 'notes', NULL, '1591026115.152189.jpeg', '2020-06-01 21:11:56'),
('56', '5ed521fe1055e.jpeg', 'image/jpeg', 'notes', NULL, '1591026173.609779.jpeg', '2020-06-01 21:12:54'),
('57', '5ed521fe6c637.mp4', 'video/mp4', 'notes', NULL, '1591026173.6102982.mp4', '2020-06-01 21:12:54'),
('58', '5ed52250f2c17.png', 'image/png', 'notes', NULL, 'Screenshot from 2019-06-27 12-58-10.png', '2020-06-01 21:14:16'),
('59', '5ed52378d6065.jpeg', 'image/jpeg', 'notes', NULL, '1591026551.426738.jpeg', '2020-06-01 21:19:12'),
('5ed62ffc4ffb9', '5ed62ffc4f939.png', 'image/png', 'notes', NULL, 'Screenshot from 2019-06-27 12-58-10.png', '2020-06-02 16:24:52'),
('5ed637ddc3680', '5ed637ddc35a5.jpeg', 'image/jpeg', 'notes', NULL, '1591097305.401046.jpeg', '2020-06-02 16:58:29'),
('5ed637dfed576', '5ed637dfed3cf.jpeg', 'image/jpeg', 'notes', NULL, '1591097305.4851542.jpeg', '2020-06-02 16:58:31'),
('5ed6380037de5', '5ed6380037d0c.jpeg', 'image/jpeg', 'notes', NULL, '1591097343.619255.jpeg', '2020-06-02 16:59:04'),
('5ed638006deed', '5ed638006de2a.jpeg', 'image/jpeg', 'notes', NULL, '1591097343.8591309.jpeg', '2020-06-02 16:59:04'),
('5ed63800b32e8', '5ed63800b316c.jpeg', 'image/jpeg', 'notes', NULL, '1591097343.700052.jpeg', '2020-06-02 16:59:04'),
('5ed63800d7972', '5ed63800d7810.jpeg', 'image/jpeg', 'notes', NULL, '1591097343.904362.jpeg', '2020-06-02 16:59:04'),
('5ed660b9a1a3a', '5ed660b9a192b.jpg', 'image/png', 'post_inspections', 'pre_photos', 'IMG_20200602_195244507.jpg', '2020-06-02 19:52:49'),
('5ed6621f69805', '5ed6621f6970b.jpg', 'image/png', 'post_inspections', 'pre_photos', 'IMG_20200602_195841988.jpg', '2020-06-02 19:58:47'),
('5ed66b4f76f91', '5ed66b4f76ea6.jpeg', 'image/jpeg', 'notes', NULL, '1591110472.74264.jpeg', '2020-06-02 20:37:59'),
('5ed66b7ba2677', '5ed66b7ba245d.jpeg', 'image/jpeg', 'notes', NULL, '1591110472.86615.jpeg', '2020-06-02 20:38:43'),
('5ed66b85cb042', '5ed66b85caece.jpeg', 'image/jpeg', 'notes', NULL, '1591110517.580723.jpeg', '2020-06-02 20:38:53'),
('5ed66b8d9f12a', '5ed66b8d9ef43.jpeg', 'image/jpeg', 'notes', NULL, '1591110517.684109.jpeg', '2020-06-02 20:39:01'),
('5ed66c557cbc2', '5ed66c557cae8.jpeg', 'image/jpeg', 'notes', NULL, '1591110739.698468.jpeg', '2020-06-02 20:42:21'),
('5ed66c5613510', '5ed66c56133a2.jpeg', 'image/jpeg', 'notes', NULL, '1591110739.785314.jpeg', '2020-06-02 20:42:22'),
('5ed66c56b865d', '5ed66c56b8458.jpeg', 'image/jpeg', 'notes', NULL, '1591110739.890163.jpeg', '2020-06-02 20:42:22'),
('5ed66d168d904', '5ed66d168d82b.jpeg', 'image/jpeg', 'notes', NULL, '1591110913.769092.jpeg', '2020-06-02 20:45:34'),
('5ed66d316131f', '5ed66d31611a8.jpeg', 'image/jpeg', 'notes', NULL, '1591110913.8546581.jpeg', '2020-06-02 20:46:01'),
('5ed66d331c821', '5ed66d331c749.jpeg', 'image/jpeg', 'notes', NULL, '1591110936.288128.jpeg', '2020-06-02 20:46:03'),
('5ed66d35d6611', '5ed66d35d6492.jpeg', 'image/jpeg', 'notes', NULL, '1591110936.360322.jpeg', '2020-06-02 20:46:05'),
('5ed66d35dcd04', '5ed66d35dcaf2.jpeg', 'image/jpeg', 'notes', NULL, '1591110913.9581242.jpeg', '2020-06-02 20:46:05'),
('5ed66d35e9d31', '5ed66d35e9b54.jpeg', 'image/jpeg', 'notes', NULL, '1591110936.4619231.jpeg', '2020-06-02 20:46:05'),
('5ed66df17d69c', '5ed66df17d5c1.jpeg', 'image/jpeg', 'notes', NULL, '1591111151.751786.jpeg', '2020-06-02 20:49:13'),
('5ed66df2184cc', '5ed66df218360.jpeg', 'image/jpeg', 'notes', NULL, '1591111151.838058.jpeg', '2020-06-02 20:49:14'),
('5ed66df2a1818', '5ed66df2a162f.jpeg', 'image/jpeg', 'notes', NULL, '1591111151.941729.jpeg', '2020-06-02 20:49:14'),
('5ed66df2d6c77', '5ed66df2d6a52.jpeg', 'image/jpeg', 'notes', NULL, '1591111152.053626.jpeg', '2020-06-02 20:49:14'),
('5ed66f66e4c69', '5ed66f66e4b8e.jpeg', 'image/jpeg', 'notes', NULL, '1591111525.184054.jpeg', '2020-06-02 20:55:26'),
('5ed66f6737e92', '5ed66f6737d26.jpeg', 'image/jpeg', 'notes', NULL, '1591111525.2717938.jpeg', '2020-06-02 20:55:27'),
('5ed66f678776a', '5ed66f6787585.jpeg', 'image/jpeg', 'notes', NULL, '1591111525.375795.jpeg', '2020-06-02 20:55:27'),
('5ed6707f3ce63', '5ed6707f3cd7b.jpeg', 'image/jpeg', 'notes', NULL, '1591111805.729631.jpeg', '2020-06-02 21:00:07'),
('5ed6707f881f2', '5ed6707f8807b.jpeg', 'image/jpeg', 'notes', NULL, '1591111805.817258.jpeg', '2020-06-02 21:00:07'),
('5ed6707fd387c', '5ed6707fd369a.jpeg', 'image/jpeg', 'notes', NULL, '1591111805.925057.jpeg', '2020-06-02 21:00:07'),
('5ed670b343b43', '5ed670b343aa6.png', 'image/png', 'notes', NULL, 'CP-logo.png', '2020-06-02 21:00:59'),
('5ed670b717b94', '5ed670b717ae6.png', 'image/png', 'notes', NULL, 'CP-logo.png', '2020-06-02 21:01:03'),
('5ed672306f7cd', '5ed672306f6f1.jpeg', 'image/jpeg', 'notes', NULL, '1591112238.7099671.jpeg', '2020-06-02 21:07:20'),
('5ed672320241c', '5ed67232022b4.jpeg', 'image/jpeg', 'notes', NULL, '1591112238.79126.jpeg', '2020-06-02 21:07:22'),
('5ed6723380b3a', '5ed6723380935.jpeg', 'image/jpeg', 'notes', NULL, '1591112238.902906.jpeg', '2020-06-02 21:07:23'),
('5ed67257ba730', '5ed67257ba68c.png', 'image/png', 'notes', NULL, 'CP-logo.png', '2020-06-02 21:07:59'),
('5ed6728c8e681', '5ed6728c8e58b.pdf', 'application/pdf', 'notes', NULL, 'PI-00001.pdf', '2020-06-02 21:08:52'),
('5ed672c6f1938', '5ed672c6f1863.pdf', 'application/pdf', 'notes', NULL, 'PI-00001.pdf', '2020-06-02 21:09:50'),
('5ed67358838c9', '5ed67358837f4.jpeg', 'image/jpeg', 'notes', NULL, '1591112535.311908.jpeg', '2020-06-02 21:12:16'),
('5ed67358ca8e8', '5ed67358ca780.jpeg', 'image/jpeg', 'notes', NULL, '1591112535.39819.jpeg', '2020-06-02 21:12:16'),
('5ed6735915c57', '5ed6735915a61.jpeg', 'image/jpeg', 'notes', NULL, '1591112535.502327.jpeg', '2020-06-02 21:12:17'),
('5ed6737f1b714', '5ed6737f1b677.png', 'image/png', 'notes', NULL, 'CP-logo.png', '2020-06-02 21:12:55'),
('5ed673f42d70f', '5ed673f42d634.jpeg', 'image/jpeg', 'notes', NULL, '1591112690.832701.jpeg', '2020-06-02 21:14:52'),
('5ed673f46a57d', '5ed673f46a4a8.pdf', 'application/pdf', 'notes', NULL, 'PI-00001.pdf', '2020-06-02 21:14:52'),
('5ed673f46ca8e', '5ed673f46c8a5.jpeg', 'image/jpeg', 'notes', NULL, '1591112690.918041.jpeg', '2020-06-02 21:14:52'),
('5ed673f4a58b3', '5ed673f4a56ca.jpeg', 'image/jpeg', 'notes', NULL, '1591112691.02744.jpeg', '2020-06-02 21:14:52'),
('5ed674560c787', '5ed674560c6ac.jpeg', 'image/jpeg', 'notes', NULL, '1591112788.0897741.jpeg', '2020-06-02 21:16:30'),
('5ed674595d0be', '5ed674595cf3e.jpeg', 'image/jpeg', 'notes', NULL, '1591112788.1694741.jpeg', '2020-06-02 21:16:33'),
('5ed6745963c2a', '5ed6745963a13.jpeg', 'image/jpeg', 'notes', NULL, '1591112788.276278.jpeg', '2020-06-02 21:16:33'),
('5ed67472f3ce1', '5ed67472f3c23.png', 'image/png', 'post_inspections', 'pre_photos', 'client.png', '2020-06-02 21:16:58'),
('5ed6750157962', '5ed6750157885.jpeg', 'image/jpeg', 'notes', NULL, '1591112956.033256.jpeg', '2020-06-02 21:19:21'),
('5ed675096acd8', '5ed675096ab4d.jpeg', 'image/jpeg', 'notes', NULL, '1591112956.105455.jpeg', '2020-06-02 21:19:29'),
('5ed67519e1cd2', '5ed67519e1c18.png', 'image/png', 'post_inspections', 'pre_photos', 'client.png', '2020-06-02 21:19:45'),
('5ed675278362f', '5ed6752783357.jpeg', 'image/jpeg', 'notes', NULL, '1591112956.209725.jpeg', '2020-06-02 21:19:59'),
('5ed675373a00d', '5ed6753739f2f.jpeg', 'image/jpeg', 'notes', NULL, '1591113013.803164.jpeg', '2020-06-02 21:20:15'),
('5ed6753c33ec4', '5ed6753c33d49.jpeg', 'image/jpeg', 'notes', NULL, '1591113013.881088.jpeg', '2020-06-02 21:20:20'),
('5ed6753f520f4', '5ed6753f51ea8.jpeg', 'image/jpeg', 'notes', NULL, '1591113013.9934459.jpeg', '2020-06-02 21:20:23'),
('5ed675c14e0e9', '5ed675c14e00d.jpeg', 'image/jpeg', 'notes', NULL, '1591113151.194525.jpeg', '2020-06-02 21:22:33'),
('5ed675c469787', '5ed675c469600.jpeg', 'image/jpeg', 'notes', NULL, '1591113151.280302.jpeg', '2020-06-02 21:22:36'),
('5ed675c692e67', '5ed675c692c4e.jpeg', 'image/jpeg', 'notes', NULL, '1591113151.38341.jpeg', '2020-06-02 21:22:38'),
('5ed675e06364e', '5ed675e062ccb.mp4', 'video/mp4', 'notes', NULL, '1591113151.384115.mp4', '2020-06-02 21:23:04'),
('5ed676206b3c1', '5ed676206b2df.jpeg', 'image/jpeg', 'notes', NULL, '1591113247.120213.jpeg', '2020-06-02 21:24:08'),
('5ed676226413c', '5ed6762263fb8.jpeg', 'image/jpeg', 'notes', NULL, '1591113247.192635.jpeg', '2020-06-02 21:24:10'),
('5ed676246b28b', '5ed676246b07d.jpeg', 'image/jpeg', 'notes', NULL, '1591113247.299183.jpeg', '2020-06-02 21:24:12'),
('5ed676ad7840f', '5ed676ad7832e.jpeg', 'image/jpeg', 'notes', NULL, '1591113367.964099.jpeg', '2020-06-02 21:26:29'),
('5ed676b42e6ed', '5ed676b42e571.jpeg', 'image/jpeg', 'notes', NULL, '1591113368.04734.jpeg', '2020-06-02 21:26:36'),
('5ed676b8b0985', '5ed676b8b0797.jpeg', 'image/jpeg', 'notes', NULL, '1591113368.15007.jpeg', '2020-06-02 21:26:40'),
('5ed67e08b2079', '5ed67e08b1f95.jpeg', 'image/jpeg', 'notes', NULL, '1591115270.889965.jpeg', '2020-06-02 21:57:52'),
('5ed67e09073b5', '5ed67e0907246.jpeg', 'image/jpeg', 'notes', NULL, '1591115270.97617.jpeg', '2020-06-02 21:57:53'),
('5ed67e0954803', '5ed67e0954624.jpeg', 'image/jpeg', 'notes', NULL, '1591115271.081682.jpeg', '2020-06-02 21:57:53'),
('5ed67f2784602', '5ed67f2784529.jpeg', 'image/jpeg', 'notes', NULL, '1591115558.200743.jpeg', '2020-06-02 22:02:39'),
('5ed67f27d3435', '5ed67f27d32c2.jpeg', 'image/jpeg', 'notes', NULL, '1591115558.299944.jpeg', '2020-06-02 22:02:39'),
('5ed67f2847c11', '5ed67f2847a26.jpeg', 'image/jpeg', 'notes', NULL, '1591115558.407918.jpeg', '2020-06-02 22:02:40'),
('5ed67f9d8a73e', '5ed67f9d8a642.jpeg', 'image/jpeg', 'notes', NULL, '1591115676.058434.jpeg', '2020-06-02 22:04:37'),
('5ed67f9feae41', '5ed67f9feacc9.jpeg', 'image/jpeg', 'notes', NULL, '1591115676.14005.jpeg', '2020-06-02 22:04:39'),
('5ed67fa0cbeed', '5ed67fa0cbd0c.jpeg', 'image/jpeg', 'notes', NULL, '1591115676.243806.jpeg', '2020-06-02 22:04:40'),
('5ed682546da74', '5ed682546d997.jpeg', 'image/jpeg', 'notes', NULL, '1591116371.025331.jpeg', '2020-06-02 22:16:12'),
('5ed68254abf5a', '5ed68254abdc6.jpeg', 'image/jpeg', 'notes', NULL, '1591116371.1180081.jpeg', '2020-06-02 22:16:12'),
('5ed68254e7484', '5ed68254e72a2.jpeg', 'image/jpeg', 'notes', NULL, '1591116371.2250519.jpeg', '2020-06-02 22:16:12'),
('5ed682de2637a', '5ed682de262a2.jpeg', 'image/jpeg', 'notes', NULL, '1591116508.700541.jpeg', '2020-06-02 22:18:30'),
('5ed682de800b5', '5ed682de7ff36.jpeg', 'image/jpeg', 'notes', NULL, '1591116508.781824.jpeg', '2020-06-02 22:18:30'),
('5ed682dec69be', '5ed682dec679f.jpeg', 'image/jpeg', 'notes', NULL, '1591116508.886166.jpeg', '2020-06-02 22:18:30'),
('5ed687f3798cb', '5ed687f3797ef.jpeg', 'image/jpeg', 'notes', NULL, '1591117808.9694629.jpeg', '2020-06-02 22:40:11'),
('5ed687f65bd1a', '5ed687f65bba1.jpeg', 'image/jpeg', 'notes', NULL, '1591117809.051929.jpeg', '2020-06-02 22:40:14'),
('5ed687f7c6188', '5ed687f7c5fb5.jpeg', 'image/jpeg', 'notes', NULL, '1591117809.1576061.jpeg', '2020-06-02 22:40:15'),
('5ed691d8622c6', '5ed691d8621dc.jpeg', 'image/jpeg', 'notes', NULL, '1591120342.885205.jpeg', '2020-06-02 23:22:24'),
('5ed691d97dbf0', '5ed691d97da80.jpeg', 'image/jpeg', 'notes', NULL, '1591120342.981168.jpeg', '2020-06-02 23:22:25'),
('5ed691da21482', '5ed691da21290.jpeg', 'image/jpeg', 'notes', NULL, '1591120343.104732.jpeg', '2020-06-02 23:22:26'),
('5ed79bfa82ae5', '5ed79bfa82682.mp4', 'image/png', 'notes', NULL, 'VID-20200603-WA0000.mp4', '2020-06-03 18:17:54'),
('5ed79d3037f38', '5ed79d3037ae5.mp4', 'image/png', 'notes', NULL, 'VID-20200603-WA0000.mp4', '2020-06-03 18:23:04'),
('5ed7ad66d3c7b', '5ed7ad66d3b35.jpeg', 'image/jpeg', 'notes', NULL, '1591192932.7030191.jpeg', '2020-06-03 19:32:14'),
('5ed7ad66d9e2f', '5ed7ad66d9cb3.jpeg', 'image/jpeg', 'notes', NULL, '1591192932.567047.jpeg', '2020-06-03 19:32:14'),
('5ed7ad66e04b8', '5ed7ad66e02d2.jpeg', 'image/jpeg', 'notes', NULL, '1591192932.4834008.jpeg', '2020-06-03 19:32:14'),
('5ed7ad66e5eaa', '5ed7ad66e5d1b.jpeg', 'image/jpeg', 'notes', NULL, '1591192932.637414.jpeg', '2020-06-03 19:32:14'),
('5ed7ad66ec549', '5ed7ad66ec349.jpeg', 'image/jpeg', 'notes', NULL, '1591192932.376593.jpeg', '2020-06-03 19:32:14'),
('5ed7af2bea745', '5ed7af2bea680.jpeg', 'image/jpeg', 'notes', NULL, '1591193386.496718.jpeg', '2020-06-03 19:39:47'),
('5ed7af2c42ca6', '5ed7af2c42ac3.jpeg', 'image/jpeg', 'notes', NULL, '1591193386.113698.jpeg', '2020-06-03 19:39:48'),
('5ed7af2c9b86c', '5ed7af2c9b6d3.jpeg', 'image/jpeg', 'notes', NULL, '1591193386.5671802.jpeg', '2020-06-03 19:39:48'),
('5ed7af2ca1d33', '5ed7af2ca1b57.jpeg', 'image/jpeg', 'notes', NULL, '1591193386.227452.jpeg', '2020-06-03 19:39:48'),
('5ed7af2ca80ba', '5ed7af2ca7eb3.jpeg', 'image/jpeg', 'notes', NULL, '1591193386.337553.jpeg', '2020-06-03 19:39:48'),
('5ed7b050b95df', '5ed7b050b9470.jpeg', 'image/jpeg', 'notes', NULL, '1591193678.8542829.jpeg', '2020-06-03 19:44:40'),
('5ed7b0ef16b00', '5ed7b0ef16990.jpeg', 'image/jpeg', 'notes', NULL, '1591193829.2368932.jpeg', '2020-06-03 19:47:19'),
('5ed7b0f6e77ab', '5ed7b0f6e75bd.jpeg', 'image/jpeg', 'notes', NULL, '1591193829.3414469.jpeg', '2020-06-03 19:47:26'),
('5ed7b1643cc97', '5ed7b1643cb18.jpeg', 'image/jpeg', 'notes', NULL, '1591193949.978098.jpeg', '2020-06-03 19:49:16'),
('5ed7b1f1c86b0', '5ed7b1f1c8540.jpeg', 'image/jpeg', 'notes', NULL, '1591194096.310985.jpeg', '2020-06-03 19:51:37'),
('5ed7b26691678', '5ed7b26691502.jpeg', 'image/jpeg', 'notes', NULL, '1591194188.7746968.jpeg', '2020-06-03 19:53:34'),
('5ed7b33b2fcf1', '5ed7b33b2fb82.jpeg', 'image/jpeg', 'notes', NULL, '1591194425.571576.jpeg', '2020-06-03 19:57:07'),
('5ed7b3665a955', '5ed7b3665a7d8.jpeg', 'image/jpeg', 'notes', NULL, '1591194468.8067741.jpeg', '2020-06-03 19:57:50'),
('5ed7b3e216b36', '5ed7b3e2169b5.jpeg', 'image/jpeg', 'notes', NULL, '1591194592.1129441.jpeg', '2020-06-03 19:59:54'),
('5ed7b408ba50b', '5ed7b408ba447.jpeg', 'image/jpeg', 'notes', NULL, '1591194630.5060248.jpeg', '2020-06-03 20:00:32'),
('5ed7b40b90157', '5ed7b40b90003.jpeg', 'image/jpeg', 'notes', NULL, '1591194630.6438851.jpeg', '2020-06-03 20:00:35'),
('5ed7b40c2c8fd', '5ed7b40c2c720.jpeg', 'image/jpeg', 'notes', NULL, '1591194630.235229.jpeg', '2020-06-03 20:00:36'),
('5ed7b40c6c848', '5ed7b40c6c6b6.jpeg', 'image/jpeg', 'notes', NULL, '1591194630.576889.jpeg', '2020-06-03 20:00:36'),
('5ed7b40ca0c9f', '5ed7b40ca0a7f.jpeg', 'image/jpeg', 'notes', NULL, '1591194630.347221.jpeg', '2020-06-03 20:00:36'),
('5ed7b4424e516', '5ed7b4424e3b7.jpeg', 'image/jpeg', 'notes', NULL, '1591194689.462703.jpeg', '2020-06-03 20:01:30'),
('5ed7b44289a8d', '5ed7b4428992e.jpeg', 'image/jpeg', 'notes', NULL, '1591194689.542397.jpeg', '2020-06-03 20:01:30'),
('5ed7b4428fe8e', '5ed7b4428fd20.jpeg', 'image/jpeg', 'notes', NULL, '1591194689.5944939.jpeg', '2020-06-03 20:01:30'),
('5ed7b53ac8cbd', '5ed7b53ac8b4b.jpeg', 'image/jpeg', 'notes', NULL, '1591194936.336293.jpeg', '2020-06-03 20:05:38'),
('5ed7b53be3a66', '5ed7b53be3881.jpeg', 'image/jpeg', 'notes', NULL, '1591194936.4418988.jpeg', '2020-06-03 20:05:39'),
('5ed7b53bea21f', '5ed7b53be9ff8.jpeg', 'image/jpeg', 'notes', NULL, '1591194936.5524.jpeg', '2020-06-03 20:05:39'),
('5ed7ba726fdb7', '5ed7ba726fc2d.jpeg', 'image/jpeg', 'notes', NULL, '1591196271.998627.jpeg', '2020-06-03 20:27:54'),
('5ed7ba72af9fd', '5ed7ba72af817.jpeg', 'image/jpeg', 'notes', NULL, '1591196272.100373.jpeg', '2020-06-03 20:27:54'),
('5ed7ba72b60ce', '5ed7ba72b5ec1.jpeg', 'image/jpeg', 'notes', NULL, '1591196272.207591.jpeg', '2020-06-03 20:27:54'),
('5ed7ba9e35058', '5ed7ba9e34bff.mp4', 'image/png', 'notes', NULL, 'VID-20200603-WA0000.mp4', '2020-06-03 20:28:38'),
('5ed7baf7c0e07', '5ed7baf7c09ce.mp4', 'image/png', 'notes', NULL, 'VID-20200603-WA0000.mp4', '2020-06-03 20:30:07'),
('5ed7bb207e59d', '5ed7bb207e4b0.mp4', 'image/png', 'notes', NULL, 'VID-20200602-WA0007.mp4', '2020-06-03 20:30:48'),
('5ed7bb47c7f26', '5ed7bb47c7e3f.mp4', 'image/png', 'notes', NULL, 'VID-20200602-WA0007.mp4', '2020-06-03 20:31:27'),
('5ed7bc2381820', '5ed7bc2381695.mp4', 'image/png', 'notes', NULL, 'VID-20200602-WA0007.mp4', '2020-06-03 20:35:07'),
('5ed7bc2f22f7e', '5ed7bc2f22e9c.mp4', 'image/png', 'notes', NULL, 'VID-20200602-WA0007.mp4', '2020-06-03 20:35:19'),
('5ed7bc3014f65', '5ed7bc3014b0a.mp4', 'image/png', 'notes', NULL, 'VID-20200603-WA0000.mp4', '2020-06-03 20:35:20'),
('5ed7bc47cbb5b', '5ed7bc47cb6c7.mp4', 'image/png', 'notes', NULL, 'VID-20200603-WA0000.mp4', '2020-06-03 20:35:43'),
('5ed7bcc99cdce', '5ed7bcc99c94f.mp4', 'image/png', 'notes', NULL, 'VID-20200603-WA0000.mp4', '2020-06-03 20:37:53'),
('5ed7bfc43ca26', '5ed7bfc43c5be.mp4', 'image/png', 'notes', NULL, 'VID-20200603-WA0000.mp4', '2020-06-03 20:50:36'),
('5ed7bff67ea84', '5ed7bff67e99e.mp4', 'image/png', 'notes', NULL, 'VID-20200602-WA0007.mp4', '2020-06-03 20:51:26'),
('5ed7c04f2a259', '5ed7c04f2a176.mp4', 'image/png', 'notes', NULL, 'VID-20200602-WA0007.mp4', '2020-06-03 20:52:55'),
('5ed7c0964d176', '5ed7c0964cd0e.mp4', 'image/png', 'notes', NULL, 'VID-20200603-WA0000.mp4', '2020-06-03 20:54:06'),
('5ed7c09c49df4', '5ed7c09c49862.mp4', 'image/png', 'notes', NULL, 'VID-20200602-WA0004.mp4', '2020-06-03 20:54:12'),
('5ed7c152ec283', '5ed7c152ebe16.mp4', 'image/png', 'notes', NULL, 'VID-20200603-WA0000.mp4', '2020-06-03 20:57:14'),
('5ed7c1c158ca8', '5ed7c1c158726.mp4', 'image/png', 'notes', NULL, 'VID-20200602-WA0004.mp4', '2020-06-03 20:59:05'),
('5ed7c27d2c9f1', '5ed7c27d2bcd0.mp4', 'image/png', 'notes', NULL, 'VID-20200531-WA0006.mp4', '2020-06-03 21:02:13'),
('5ed7c86174586', '5ed7c861744a1.mp4', 'image/png', 'notes', NULL, 'VID-20200602-WA0007.mp4', '2020-06-03 21:27:21'),
('5ed7c8632f19f', '5ed7c8632ed44.mp4', 'image/png', 'notes', NULL, 'VID-20200603-WA0000.mp4', '2020-06-03 21:27:23'),
('5ed7c8e33866a', '5ed7c8e338587.mp4', 'image/png', 'notes', NULL, 'VID-20200602-WA0007.mp4', '2020-06-03 21:29:31'),
('5ed7c8e3a37aa', '5ed7c8e3a3352.mp4', 'image/png', 'notes', NULL, 'VID-20200603-WA0000.mp4', '2020-06-03 21:29:31'),
('5ed7d58fec05c', '5ed7d58febbd1.mp4', 'image/png', 'notes', NULL, 'VID-20200603-WA0000.mp4', '2020-06-03 22:23:35'),
('5ed7d5bb739fd', '5ed7d5bb7325d.mp4', 'image/png', 'notes', NULL, 'VID-20200601-WA0012.mp4', '2020-06-03 22:24:19'),
('5ed7d5bd16eba', '5ed7d5bd1629c.mp4', 'image/png', 'notes', NULL, 'VID-20200531-WA0006.mp4', '2020-06-03 22:24:21'),
('5ed7dc7e56afd', '5ed7dc7e566c2.mp4', 'image/png', 'notes', NULL, 'VID-20200603-WA0000.mp4', '2020-06-03 22:53:10'),
('5ed7dcb48f573', '5ed7dcb48f14a.mp4', 'image/png', 'notes', NULL, 'VID-20200603-WA0000.mp4', '2020-06-03 22:54:04'),
('5ed8012ff2742', '5ed8012ff1f43.jpeg', 'image/png', 'notes', NULL, 'IMG-20200601-WA0004.jpeg', '2020-06-04 01:29:43'),
('5ed899242ab08', '5ed899242aa0f.jpg', 'image/png', 'notes', NULL, 'IMG_20200604_121800842.jpg', '2020-06-04 12:18:04'),
('5ed8992a60d94', '5ed8992a60c85.jpg', 'image/png', 'notes', NULL, 'IMG_20200604_121807555.jpg', '2020-06-04 12:18:10'),
('5ed8994d13a16', '5ed8994d13902.jpg', 'image/png', 'notes', NULL, 'IMG-20200604-WA0010.jpg', '2020-06-04 12:18:45'),
('5ed8994dc2936', '5ed8994dc2823.jpg', 'image/png', 'notes', NULL, 'IMG-20200604-WA0009.jpg', '2020-06-04 12:18:45'),
('5ed8994dcb440', '5ed8994dcb370.jpg', 'image/png', 'notes', NULL, 'IMG_20200604_014812400.jpg', '2020-06-04 12:18:45'),
('5ed8994e28919', '5ed8994e28833.jpg', 'image/png', 'notes', NULL, 'IMG_20200604_014345223.jpg', '2020-06-04 12:18:46'),
('5ed8996b76b11', '5ed8996b76a2b.jpg', 'image/png', 'notes', NULL, 'IMG_20200604_121912849.jpg', '2020-06-04 12:19:15'),
('5ed8997fc2660', '5ed8997fc2543.jpg', 'image/png', 'notes', NULL, 'IMG-20200604-WA0010.jpg', '2020-06-04 12:19:35'),
('5ed8997fc2984', '5ed8997fc2781.jpg', 'image/png', 'notes', NULL, 'IMG_20200604_014812400.jpg', '2020-06-04 12:19:35'),
('5ed899802abeb', '5ed899802aada.jpg', 'image/png', 'notes', NULL, 'IMG-20200604-WA0009.jpg', '2020-06-04 12:19:36'),
('5ed89980411e6', '5ed8998041116.jpg', 'image/png', 'notes', NULL, 'IMG_20200604_014510009.jpg', '2020-06-04 12:19:36'),
('5ed899805149c', '5ed8998051391.jpg', 'image/png', 'notes', NULL, 'IMG_20200604_014345223.jpg', '2020-06-04 12:19:36'),
('5ed8998228d90', '5ed8998228a67.jpg', 'image/png', 'notes', NULL, 'Screenshot_20200604-000833.jpg', '2020-06-04 12:19:38'),
('5ed90e717886d', '5ed90e7178784.jpg', 'image/png', 'post_inspections', 'pre_photos', 'IMG_20200604_203830338.jpg', '2020-06-04 20:38:33'),
('5ed90e86a5d64', '5ed90e86a5c7c.jpg', 'image/png', 'post_inspections', 'pre_photos', 'IMG_20200604_203852031.jpg', '2020-06-04 20:38:54'),
('5ed90e8d43dea', '5ed90e8d43cf9.jpg', 'image/png', 'post_inspections', 'pre_photos', 'IMG_20200604_203858651.jpg', '2020-06-04 20:39:01'),
('5ed90e96180a7', '5ed90e9617fb9.jpg', 'image/png', 'post_inspections', 'pre_photos', 'IMG_20200604_203907476.jpg', '2020-06-04 20:39:10'),
('5ed90e9c2519f', '5ed90e9c250bc.jpg', 'image/png', 'post_inspections', 'post_photos', 'IMG_20200604_203913519.jpg', '2020-06-04 20:39:16'),
('5ed90ea471178', '5ed90ea471084.jpg', 'image/png', 'post_inspections', 'post_photos', 'IMG_20200604_203921835.jpg', '2020-06-04 20:39:24'),
('5ed90efe748fe', '5ed90efe7480b.jpg', 'image/png', 'post_inspections', 'post_photos', 'IMG_20200604_204050835.jpg', '2020-06-04 20:40:54'),
('5ed90f04981c4', '5ed90f04980ed.jpg', 'image/png', 'post_inspections', 'post_photos', 'IMG_20200604_204058229.jpg', '2020-06-04 20:41:00'),
('5ed90f0a42806', '5ed90f0a42733.jpg', 'image/png', 'post_inspections', 'pre_photos', 'IMG_20200604_204103852.jpg', '2020-06-04 20:41:06'),
('5ed90f1a8a204', '5ed90f1a8a112.jpg', 'image/png', 'post_inspections', 'pre_photos', 'IMG_20200604_204119953.jpg', '2020-06-04 20:41:22'),
('5ed90f20002c6', '5ed90f20001f1.jpg', 'image/png', 'post_inspections', 'pre_photos', 'IMG_20200604_204125603.jpg', '2020-06-04 20:41:28'),
('5ed90fc031be4', '5ed90fc031b01.jpg', 'image/png', 'post_inspections', 'pre_photos', 'IMG_20200604_204405058.jpg', '2020-06-04 20:44:08'),
('5ed90fc5d5c46', '5ed90fc5d5b73.jpg', 'image/png', 'post_inspections', 'post_photos', 'IMG_20200604_204411453.jpg', '2020-06-04 20:44:13'),
('5ed90ff5753b5', '5ed90ff5752d9.jpg', 'image/png', 'post_inspections', 'pre_photos', 'IMG_20200604_204459011.jpg', '2020-06-04 20:45:01'),
('5ed910fa1ef1d', '5ed910fa1ee45.jpg', 'image/png', 'post_inspections', 'pre_photos', 'IMG_20200604_204919194.jpg', '2020-06-04 20:49:22'),
('5ed9110194e57', '5ed9110194d75.jpg', 'image/png', 'post_inspections', 'pre_photos', 'IMG_20200604_204926996.jpg', '2020-06-04 20:49:29'),
('5ed91107da235', '5ed91107da144.jpg', 'image/png', 'post_inspections', 'post_photos', 'IMG_20200604_204933256.jpg', '2020-06-04 20:49:35'),
('5ed9110dd4f29', '5ed9110dd4e2e.jpg', 'image/png', 'post_inspections', 'post_photos', 'IMG_20200604_204939237.jpg', '2020-06-04 20:49:41'),
('5ed91744a298e', '5ed91744a28b3.jpg', 'image/png', 'post_inspections', 'pre_photos', 'IMG_20200604_211609422.jpg', '2020-06-04 21:16:12'),
('5ed91755864e3', '5ed9175586408.jpg', 'image/png', 'post_inspections', 'post_photos', 'IMG_20200604_211626899.jpg', '2020-06-04 21:16:29'),
('5ed917bed0f8d', '5ed917bed0eb4.jpg', 'image/png', 'post_inspections', 'pre_photos', 'IMG_20200604_211811926.jpg', '2020-06-04 21:18:14'),
('5ed91b676377d', '5ed91b67636da.png', 'image/png', 'post_inspections', 'pre_photos', 'plus.png', '2020-06-04 21:33:51'),
('5ed93150f2cfd', '5ed93150f2c43.png', 'image/png', 'post_inspections', 'pre_photos', 'client.png', '2020-06-04 23:07:20'),
('5ed9da7718f01', '5ed9da7718c90.jpg', 'image/png', 'post_inspections', 'pre_photos', 'IMG_20200605_110859714.jpg', '2020-06-05 11:09:03'),
('5ed9da81d0d9d', '5ed9da81d0cd7.jpg', 'image/png', 'post_inspections', 'post_photos', 'IMG_20200605_110911228.jpg', '2020-06-05 11:09:13'),
('5ed9e0e67c32b', '5ed9e0e67be81.jpg', 'image/png', 'post_inspections', 'pre_photos', 'IMG_20200605_113627186.jpg', '2020-06-05 11:36:30'),
('5ed9e0eb9d36b', '5ed9e0eb9d280.jpg', 'image/png', 'post_inspections', 'post_photos', 'IMG_20200605_113632875.jpg', '2020-06-05 11:36:35'),
('5ed9e0f4996b6', '5ed9e0f4995d7.jpg', 'image/png', 'post_inspections', 'pre_photos', 'IMG_20200605_113641881.jpg', '2020-06-05 11:36:44'),
('5ed9e0faa7c29', '5ed9e0faa7b45.jpg', 'image/png', 'post_inspections', 'post_photos', 'IMG_20200605_113647909.jpg', '2020-06-05 11:36:50'),
('5ed9ee6f1a58c', '5ed9ee6f1a4a6.jpg', 'image/png', 'post_inspections', 'pre_photos', 'IMG_20200605_123411662.jpg', '2020-06-05 12:34:15'),
('5ed9f3f540710', '5ed9f3f540645.jpg', 'image/png', 'post_inspections', 'pre_photos', 'IMG_20200605_125746197.jpg', '2020-06-05 12:57:49'),
('5ed9f699f2948', '5ed9f699f2879.jpg', 'image/png', 'post_inspections', 'pre_photos', 'IMG_20200605_130902951.jpg', '2020-06-05 13:09:05'),
('5ed9f6ace189b', '5ed9f6ace1783.jpg', 'image/png', 'post_inspections', 'pre_photos', 'IMG_20200605_130921425.jpg', '2020-06-05 13:09:24'),
('5eda0218b039b', '5eda0218b02b5.jpg', 'image/png', 'post_inspections', 'pre_photos', 'IMG_20200605_135805421.jpg', '2020-06-05 13:58:08'),
('5eda02269f2f1', '5eda02269f217.jpg', 'image/png', 'post_inspections', 'post_photos', 'IMG_20200605_135820123.jpg', '2020-06-05 13:58:22'),
('5eda028365c93', '5eda028365bae.jpg', 'image/png', 'post_inspections', 'pre_photos', 'IMG_20200605_135952123.jpg', '2020-06-05 13:59:55'),
('5eda056c32021', '5eda056c31f47.jpg', 'image/png', 'post_inspections', 'pre_photos', 'IMG_20200605_141216697.jpg', '2020-06-05 14:12:20'),
('5eda057cbdf79', '5eda057cbdea8.jpg', 'image/png', 'post_inspections', 'pre_photos', 'IMG_20200605_141233693.jpg', '2020-06-05 14:12:36'),
('5eda06b699680', '5eda06b6995a6.jpg', 'image/png', 'post_inspections', 'pre_photos', 'IMG_20200605_141747247.jpg', '2020-06-05 14:17:50'),
('5eda06c7c6af1', '5eda06c7c6a2b.jpg', 'image/png', 'post_inspections', 'post_photos', 'IMG_20200605_141805213.jpg', '2020-06-05 14:18:07'),
('5eda06e703ef8', '5eda06e703e2d.jpg', 'image/png', 'post_inspections', 'pre_photos', 'IMG_20200605_141835139.jpg', '2020-06-05 14:18:39'),
('5eda0f90da20a', '5eda0f90da121.jpg', 'image/png', 'post_inspections', 'pre_photos', 'IMG_20200605_145531437.jpg', '2020-06-05 14:55:36'),
('5eda25aa1acaf', '5eda25aa1abe1.jpg', 'image/png', 'post_inspections', 'pre_photos', 'IMG_20200605_162950944.jpg', '2020-06-05 16:29:54'),
('5eda400c4d4de', '5eda400c4d3ec.jpg', 'image/png', 'post_inspections', 'pre_photos', 'IMG_20200605_182224144.jpg', '2020-06-05 18:22:28'),
('5eda403467a3f', '5eda403467956.jpg', 'image/png', 'post_inspections', 'pre_photos', 'IMG_20200605_182304730.jpg', '2020-06-05 18:23:08'),
('5eda403a8fda1', '5eda403a8fcab.jpg', 'image/png', 'post_inspections', 'post_photos', 'IMG_20200605_182311556.jpg', '2020-06-05 18:23:14'),
('5eda4a1d03a3e', '5eda4a1d0399c.jpg', 'image/png', 'post_inspections', 'pre_photos', 'IMG_20200605_190522094.jpg', '2020-06-05 19:05:25'),
('5eda4af041bba', '5eda4af041ad7.jpg', 'image/png', 'post_inspections', 'pre_photos', 'IMG_20200605_190846394.jpg', '2020-06-05 19:08:56'),
('5eda4c1f33ce4', '5eda4c1f33c07.jpg', 'image/png', 'post_inspections', 'pre_photos', 'IMG_20200605_191345533.jpg', '2020-06-05 19:13:59'),
('5eda4f3631693', '5eda4f36315b7.jpg', 'image/png', 'post_inspections', 'pre_photos', 'IMG_20200605_192632896.jpg', '2020-06-05 19:27:10'),
('5eda510048ace', '5eda5100489c5.jpg', 'image/png', 'post_inspections', 'pre_photos', 'IMG_20200605_193444442.jpg', '2020-06-05 19:34:48'),
('5eda52138f19f', '5eda52138f0c1.jpg', 'image/png', 'post_inspections', 'pre_photos', 'IMG_20200605_193920246.jpg', '2020-06-05 19:39:23'),
('5eda521ceab96', '5eda521ceaa68.jpg', 'image/png', 'post_inspections', 'post_photos', 'IMG_20200605_193930138.jpg', '2020-06-05 19:39:32'),
('5eda522b4bfd4', '5eda522b4bf04.jpg', 'image/png', 'post_inspections', 'pre_photos', 'IMG_20200605_193943849.jpg', '2020-06-05 19:39:47'),
('5eda5259ecd66', '5eda5259ecc81.jpg', 'image/png', 'post_inspections', 'pre_photos', 'IMG_20200605_194030636.jpg', '2020-06-05 19:40:33'),
('5eda52682b72d', '5eda52682b647.jpg', 'image/png', 'post_inspections', 'pre_photos', 'IMG_20200605_194044900.jpg', '2020-06-05 19:40:48'),
('5eda526e11533', '5eda526e1142a.jpg', 'image/png', 'post_inspections', 'pre_photos', 'IMG_20200605_194051246.jpg', '2020-06-05 19:40:54'),
('5eda55017b35b', '5eda55017b28e.jpg', 'image/png', 'post_inspections', 'post_photos', 'IMG_20200605_195150145.jpg', '2020-06-05 19:51:53'),
('5eda55147edce', '5eda55147ed26.jpg', 'image/png', 'post_inspections', 'post_photos', 'IMG_20200605_195209725.jpg', '2020-06-05 19:52:12'),
('5eda57121b14f', '5eda57121b099.png', 'image/png', 'post_inspections', 'pre_photos', 'Screenshot 2020-06-05 at 4.39.56 PM.png', '2020-06-05 20:00:42'),
('5eda57c8f05ee', '5eda57c8f04fa.', 'image/jpg', 'post_inspections', 'pre_photos', 'file', '2020-06-05 20:03:44'),
('5eda57e30ba1a', '5eda57e30b86c.', 'image/jpg', 'post_inspections', 'pre_photos', 'file', '2020-06-05 20:04:11'),
('5eda581798c55', '5eda581798b66.', 'image/jpg', 'post_inspections', 'pre_photos', 'file', '2020-06-05 20:05:03'),
('5eda587c90f03', '5eda587c90e18.', 'image/jpg', 'post_inspections', 'pre_photos', 'file', '2020-06-05 20:06:44'),
('5eda5c9d303bf', '5eda5c9d302cc.', 'image/jpg', 'post_inspections', 'pre_photos', 'file', '2020-06-05 20:24:21'),
('5eda5ea0817d1', '5eda5ea0815e7.', 'image/jpg', 'post_inspections', 'pre_photos', 'file', '2020-06-05 20:32:56'),
('5eda601d32bcb', '5eda601d329f3.', 'image/jpg', 'post_inspections', 'pre_photos', 'file', '2020-06-05 20:39:17'),
('5eda60583947e', '5eda60583929e.', 'image/jpg', 'post_inspections', 'pre_photos', 'file', '2020-06-05 20:40:16'),
('5eda63942c5d7', '5eda63942c4f5.', 'image/jpg', 'post_inspections', 'pre_photos', 'file', '2020-06-05 20:54:04'),
('5eda63aa74b12', '5eda63aa74a19.', 'image/jpg', 'post_inspections', 'pre_photos', 'file', '2020-06-05 20:54:26'),
('5eda63b5ea3b5', '5eda63b5ea2c0.', 'image/jpg', 'post_inspections', 'pre_photos', 'file', '2020-06-05 20:54:37'),
('5eda65c9ecfc6', '5eda65c9eced7.', 'image/jpg', 'post_inspections', 'pre_photos', 'file', '2020-06-05 21:03:29'),
('5eda68a866ab0', '5eda68a866814.', 'image/jpg', 'post_inspections', 'pre_photos', 'file', '2020-06-05 21:15:44'),
('5eda691495f99', '5eda691495ea0.', 'image/jpg', 'post_inspections', 'pre_photos', 'file', '2020-06-05 21:17:32'),
('5eda6a684ae36', '5eda6a684ad3e.', 'image/jpg', 'post_inspections', 'pre_photos', 'file', '2020-06-05 21:23:12'),
('5eda6a73dd8a1', '5eda6a73dd7a1.', 'image/jpg', 'post_inspections', 'pre_photos', 'file', '2020-06-05 21:23:23'),
('5eda6b6eddf7b', '5eda6b6edde8e.', 'image/jpg', 'post_inspections', 'pre_photos', 'file', '2020-06-05 21:27:34'),
('5eda6d9f1e557', '5eda6d9f1e456.', 'image/jpg', 'post_inspections', 'pre_photos', 'file', '2020-06-05 21:36:55'),
('5eda6fd42e9e2', '5eda6fd42e8f0.', 'image/jpg', 'post_inspections', 'pre_photos', 'file', '2020-06-05 21:46:20'),
('5eda70dfb85c3', '5eda70dfb84cf.', 'image/jpg', 'post_inspections', 'pre_photos', 'file', '2020-06-05 21:50:47'),
('5eda7119329d5', '5eda7119328df.', 'image/jpg', 'post_inspections', 'pre_photos', 'file', '2020-06-05 21:51:45'),
('5eda71c84daf4', '5eda71c84da07.', 'image/jpg', 'post_inspections', 'pre_photos', 'file', '2020-06-05 21:54:40'),
('5eda721785cf7', '5eda721785bf2.', 'image/jpg', 'post_inspections', 'pre_photos', 'file', '2020-06-05 21:55:59'),
('5eda722297085', '5eda722296fce.', 'image/jpg', 'post_inspections', 'pre_photos', 'file', '2020-06-05 21:56:10'),
('5eda723247d6f', '5eda723247c3f.', 'image/jpg', 'post_inspections', 'pre_photos', 'file', '2020-06-05 21:56:26'),
('5eda724adaad0', '5eda724adaa2d.', 'image/jpg', 'post_inspections', 'pre_photos', 'file', '2020-06-05 21:56:50'),
('5eda85c657a05', '5eda85c65791b.jpg', 'image/png', 'post_inspections', 'pre_photos', 'IMG_20200605_231923385.jpg', '2020-06-05 23:19:58'),
('5eda86996b6ec', '5eda86996b616.jpg', 'image/png', 'post_inspections', 'pre_photos', 'IMG_20200605_232326299.jpg', '2020-06-05 23:23:29'),
('5eda86aec32ff', '5eda86aec3232.jpg', 'image/png', 'post_inspections', 'pre_photos', 'IMG_20200605_232344150.jpg', '2020-06-05 23:23:50'),
('5eda87404cd84', '5eda87404ccb6.jpg', 'image/png', 'post_inspections', 'post_photos', 'IMG_20200605_232607932.jpg', '2020-06-05 23:26:16'),
('5eda89774bdd8', '5eda89774bcf6.jpg', 'image/png', 'post_inspections', 'pre_photos', 'IMG_20200605_233539958.jpg', '2020-06-05 23:35:43'),
('5eda8986df13a', '5eda8986df04f.jpg', 'image/png', 'post_inspections', 'post_photos', 'IMG_20200605_233556051.jpg', '2020-06-05 23:35:58'),
('5eda8ac773302', '5eda8ac773234.jpg', 'image/png', 'post_inspections', 'pre_photos', 'IMG_20200605_234116345.jpg', '2020-06-05 23:41:19'),
('5eda8ade71df4', '5eda8ade71d21.jpg', 'image/png', 'post_inspections', 'post_photos', 'IMG_20200605_234139853.jpg', '2020-06-05 23:41:42'),
('5eda9544137bd', '5eda9544136e3.jpg', 'image/png', 'post_inspections', 'pre_photos', 'IMG_20200606_002600677.jpg', '2020-06-06 00:26:04'),
('5eda954c3c259', '5eda954c3c15f.jpg', 'image/png', 'post_inspections', 'post_photos', 'IMG_20200606_002609552.jpg', '2020-06-06 00:26:12'),
('5edabb76ea3bd', '5edabb76ea2eb.jpg', 'image/png', 'post_inspections', 'pre_photos', 'IMG_20200606_030859820.jpg', '2020-06-06 03:09:02'),
('5edabb8104e74', '5edabb8104d9c.jpg', 'image/png', 'post_inspections', 'post_photos', 'IMG_20200606_030910385.jpg', '2020-06-06 03:09:13'),
('5edabbe7b2dfe', '5edabbe7b2d12.jpg', 'image/png', 'post_inspections', 'pre_photos', 'IMG_20200606_031052338.jpg', '2020-06-06 03:10:55'),
('5edabbf303d72', '5edabbf303c90.jpg', 'image/png', 'post_inspections', 'post_photos', 'IMG_20200606_031104154.jpg', '2020-06-06 03:11:07'),
('5edac12d0666d', '5edac12d06583.jpg', 'image/png', 'post_inspections', 'pre_photos', 'IMG_20200606_033321724.jpg', '2020-06-06 03:33:25'),
('5edac26f502cb', '5edac26f501f9.jpg', 'image/png', 'post_inspections', 'pre_photos', 'IMG_20200606_033844191.jpg', '2020-06-06 03:38:47'),
('5edac2796c803', '5edac2796c734.jpg', 'image/png', 'post_inspections', 'post_photos', 'IMG_20200606_033854817.jpg', '2020-06-06 03:38:57'),
('5edac3beb6e2f', '5edac3beb6d46.jpg', 'image/png', 'post_inspections', 'pre_photos', 'IMG_20200606_034419326.jpg', '2020-06-06 03:44:22'),
('5edac3c68b2c1', '5edac3c68b1d4.jpg', 'image/png', 'post_inspections', 'post_photos', 'IMG_20200606_034427735.jpg', '2020-06-06 03:44:30'),
('5edac462ad235', '5edac462ad148.jpg', 'image/png', 'post_inspections', 'pre_photos', 'IMG_20200606_034703381.jpg', '2020-06-06 03:47:06'),
('5edac46ca827f', '5edac46ca818d.jpg', 'image/png', 'post_inspections', 'post_photos', 'IMG_20200606_034713863.jpg', '2020-06-06 03:47:16'),
('5edac538abd27', '5edac538abc4f.jpg', 'image/png', 'post_inspections', 'pre_photos', 'IMG_20200606_035037365.jpg', '2020-06-06 03:50:40'),
('5edac53f74752', '5edac53f74661.jpg', 'image/png', 'post_inspections', 'post_photos', 'IMG_20200606_035044669.jpg', '2020-06-06 03:50:47'),
('5edb2253bce7e', '5edb2253bcd58.', 'image/jpg', 'post_inspections', 'pre_photos', 'file', '2020-06-06 10:27:55'),
('5edb26803af95', '5edb26803ae76.', 'image/jpg', 'post_inspections', 'pre_photos', 'file', '2020-06-06 10:45:44'),
('5edb278950aae', '5edb278950991.', 'image/jpg', 'post_inspections', 'pre_photos', 'file', '2020-06-06 10:50:09'),
('5edb2b23e2b9c', '5edb2b23e2ab8.jpg', 'image/png', 'post_inspections', 'pre_photos', 'IMG_20200606_110528526.jpg', '2020-06-06 11:05:31'),
('5edb2b2f619ae', '5edb2b2f618a5.jpg', 'image/png', 'post_inspections', 'post_photos', 'IMG_20200606_110540531.jpg', '2020-06-06 11:05:43'),
('5edb3095684b7', '5edb3095683cc.jpg', 'image/png', 'post_inspections', 'pre_photos', 'IMG_20200606_112841973.jpg', '2020-06-06 11:28:45'),
('5edb309db1d11', '5edb309db1c1a.jpg', 'image/png', 'post_inspections', 'post_photos', 'IMG_20200606_112850802.jpg', '2020-06-06 11:28:53'),
('5edb32b3ac1ac', '5edb32b3ac003.', 'image/jpg', 'post_inspections', 'pre_photos', 'file', '2020-06-06 11:37:47'),
('5edb3379f2ac4', '5edb3379f299c.', 'image/jpg', 'post_inspections', 'pre_photos', 'file', '2020-06-06 11:41:05'),
('5edb33cb082fd', '5edb33cb081e9.', 'image/jpg', 'post_inspections', 'pre_photos', 'file', '2020-06-06 11:42:27'),
('5edb38f285d48', '5edb38f285c27.', 'image/jpg', 'post_inspections', 'pre_photos', 'file', '2020-06-06 12:04:26'),
('5edb445f8020d', '5edb445f800f6.', 'image/jpg', 'post_inspections', 'pre_photos', 'file', '2020-06-06 12:53:11'),
('5edb4468717e7', '5edb44687164a.', 'image/jpg', 'post_inspections', 'pre_photos', 'file', '2020-06-06 12:53:20'),
('5edb4549633d7', '5edb454963338.', 'image/jpg', 'post_inspections', 'pre_photos', 'file', '2020-06-06 12:57:05'),
('5edb455622b94', '5edb455622aa6.', 'image/jpg', 'post_inspections', 'pre_photos', 'file', '2020-06-06 12:57:18'),
('5edb458650a0b', '5edb458650923.', 'image/jpg', 'post_inspections', 'pre_photos', 'file', '2020-06-06 12:58:06'),
('5edb45d56a167', '5edb45d56a0c2.jpg', 'image/png', 'post_inspections', 'pre_photos', 'IMG_20200606_125922370.jpg', '2020-06-06 12:59:25'),
('5edb45de60893', '5edb45de607a5.jpg', 'image/png', 'post_inspections', 'post_photos', 'IMG_20200606_125931475.jpg', '2020-06-06 12:59:34'),
('5edb45eb4fed3', '5edb45eb4fddb.', 'image/jpg', 'post_inspections', 'pre_photos', 'file', '2020-06-06 12:59:47'),
('5edb46693930c', '5edb466939223.jpg', 'image/png', 'post_inspections', 'pre_photos', 'IMG_20200606_130149835.jpg', '2020-06-06 13:01:53'),
('5edb4670eb9b9', '5edb4670eb8c8.jpg', 'image/png', 'post_inspections', 'post_photos', 'IMG_20200606_130157988.jpg', '2020-06-06 13:02:00'),
('5edb46863d225', '5edb46863d120.', 'image/jpg', 'post_inspections', 'pre_photos', 'file', '2020-06-06 13:02:22'),
('5edb46945a760', '5edb46945a6bb.', 'image/jpg', 'post_inspections', 'pre_photos', 'file', '2020-06-06 13:02:36'),
('5edb5216439dc', '5edb5216438f6.jpg', 'image/png', 'post_inspections', 'pre_photos', 'IMG_20200606_135138865.jpg', '2020-06-06 13:51:42'),
('5edb5810e30d6', '5edb5810e2fec.jpg', 'image/png', 'post_inspections', 'pre_photos', 'IMG_20200606_141709512.jpg', '2020-06-06 14:17:12'),
('5edb581888821', '5edb581888745.jpg', 'image/png', 'post_inspections', 'post_photos', 'IMG_20200606_141717897.jpg', '2020-06-06 14:17:20'),
('5edb605910202', '5edb605910150.', 'image/jpg', 'post_inspections', 'pre_photos', 'file', '2020-06-06 14:52:33'),
('5edb6173189fb', '5edb617318917.', 'image/jpg', 'post_inspections', 'pre_photos', 'file', '2020-06-06 14:57:15'),
('5edb649ce8601', '5edb649ce8517.jpg', 'image/png', 'post_inspections', 'pre_photos', 'IMG_20200606_151037580.jpg', '2020-06-06 15:10:44'),
('5edb67024f83e', '5edb67024f74e.jpg', 'image/png', 'post_inspections', 'pre_photos', 'IMG_20200606_152054755.jpg', '2020-06-06 15:20:58'),
('5edb671a834fb', '5edb671a8344a.jpg', 'image/png', 'post_inspections', 'pre_photos', 'IMG_20200606_152119539.jpg', '2020-06-06 15:21:22'),
('5edb6985b8e57', '5edb6985b8d67.jpg', 'image/png', 'post_inspections', 'pre_photos', 'IMG_20200606_153138191.jpg', '2020-06-06 15:31:41'),
('5edb698b7eb6c', '5edb698b7ea87.jpg', 'image/png', 'post_inspections', 'pre_photos', 'IMG_20200606_153144520.jpg', '2020-06-06 15:31:47'),
('5edb6994b6aa0', '5edb6994b69a9.jpg', 'image/png', 'post_inspections', 'post_photos', 'IMG_20200606_153153743.jpg', '2020-06-06 15:31:56'),
('5edb6b648f71c', '5edb6b648f646.jpg', 'image/png', 'post_inspections', 'pre_photos', 'IMG_20200606_153937302.jpg', '2020-06-06 15:39:40'),
('5edb6b6e22eb9', '5edb6b6e22dbe.jpg', 'image/png', 'post_inspections', 'post_photos', 'IMG_20200606_153947130.jpg', '2020-06-06 15:39:50'),
('5edb85506d298', '5edb85506d19e.', 'image/jpg', 'post_inspections', 'pre_photos', 'file', '2020-06-06 17:30:16'),
('5edb85a2e8ef9', '5edb85a2e8e04.', 'image/jpg', 'post_inspections', 'pre_photos', 'file', '2020-06-06 17:31:38'),
('5edb860e63fae', '5edb860e63f07.', 'image/jpg', 'post_inspections', 'pre_photos', 'file', '2020-06-06 17:33:26'),
('5edb86b73c316', '5edb86b73c276.', 'image/jpg', 'post_inspections', 'pre_photos', 'file', '2020-06-06 17:36:15'),
('5edb89483a846', '5edb89483a751.', 'image/jpg', 'post_inspections', 'pre_photos', 'file', '2020-06-06 17:47:12'),
('5edb89be8f6dc', '5edb89be8f639.', 'image/jpg', 'post_inspections', 'pre_photos', 'file', '2020-06-06 17:49:10'),
('5edb8b62be873', '5edb8b62be77c.', 'image/jpg', 'post_inspections', 'pre_photos', 'file', '2020-06-06 17:56:10'),
('5ede092b9c6d6', '5ede092b9c4bb.', 'image/jpg', 'post_inspections', 'pre_photos', 'file', '2020-06-08 15:17:23'),
('5ede40ec9e9f8', '5ede40ec9e7ee.', 'image/jpg', 'post_inspections', 'pre_photos', 'file', '2020-06-08 19:15:16'),
('5ede40fd719c4', '5ede40fd717b6.', 'image/jpg', 'post_inspections', 'pre_photos', 'file', '2020-06-08 19:15:33'),
('5ede411e78030', '5ede411e77ea1.', 'image/jpg', 'post_inspections', 'pre_photos', 'file', '2020-06-08 19:16:06'),
('5ede49968bc6d', '5ede49968ba9e.', 'image/jpg', 'post_inspections', 'pre_photos', 'file', '2020-06-08 19:52:14'),
('5ede49adf32ac', '5ede49adf31c2.', 'image/jpg', 'post_inspections', 'pre_photos', 'file', '2020-06-08 19:52:37'),
('5ede4ac89e5cd', '5ede4ac89e3f5.', 'image/jpg', 'post_inspections', 'pre_photos', 'file', '2020-06-08 19:57:20'),
('5ede4ada2a37c', '5ede4ada2a284.', 'image/jpg', 'post_inspections', 'pre_photos', 'file', '2020-06-08 19:57:38'),
('5ede564884fa4', '5ede564884ec4.jpg', 'image/png', 'post_inspections', 'pre_photos', 'IMG_20200608_204622651.jpg', '2020-06-08 20:46:24'),
('5ede564e453f0', '5ede564e45316.jpg', 'image/png', 'post_inspections', 'pre_photos', 'IMG_20200608_204628928.jpg', '2020-06-08 20:46:30'),
('5ede5660634c7', '5ede5660633ef.jpg', 'image/png', 'post_inspections', 'pre_photos', 'IMG_20200608_204646547.jpg', '2020-06-08 20:46:48'),
('5ede566de151d', '5ede566de1439.jpg', 'image/png', 'post_inspections', 'pre_photos', 'IMG-20200607-WA0003.jpg', '2020-06-08 20:47:01'),
('5ede56b60a327', '5ede56b60a251.jpg', 'image/png', 'post_inspections', 'pre_photos', 'IMG-20200607-WA0003.jpg', '2020-06-08 20:48:14'),
('5ede57c7d73de', '5ede57c7d7336.', 'image/jpg', 'post_inspections', 'pre_photos', 'file', '2020-06-08 20:52:47'),
('5ede57c81e97b', '5ede57c81e8d3.', 'image/jpg', 'post_inspections', 'pre_photos', 'file', '2020-06-08 20:52:48'),
('5ede57c824b93', '5ede57c824af1.', 'image/jpg', 'post_inspections', 'pre_photos', 'file', '2020-06-08 20:52:48'),
('5ede57c93e96a', '5ede57c93e821.', 'image/jpg', 'post_inspections', 'pre_photos', 'file', '2020-06-08 20:52:49'),
('5ede57c9575ad', '5ede57c95745b.', 'image/jpg', 'post_inspections', 'pre_photos', 'file', '2020-06-08 20:52:49'),
('5ede57e6126fe', '5ede57e6125b1.', 'image/jpg', 'post_inspections', 'post_photos', 'file', '2020-06-08 20:53:18'),
('5ede57e64d648', '5ede57e64d47e.', 'image/jpg', 'post_inspections', 'post_photos', 'file', '2020-06-08 20:53:18'),
('5ede5873c46af', '5ede5873c45d9.jpg', 'image/png', 'post_inspections', 'pre_photos', 'IMG-20200607-WA0003.jpg', '2020-06-08 20:55:39'),
('5ede5879484a4', '5ede5879483d7.jpg', 'image/png', 'post_inspections', 'post_photos', 'IMG-20200607-WA0003.jpg', '2020-06-08 20:55:45'),
('5ede60933f344', '5ede60933f266.jpg', 'image/png', 'post_inspections', 'pre_photos', 'IMG-20200607-WA0003.jpg', '2020-06-08 21:30:19'),
('5ede6c3e27ae7', '5ede6c3e27a06.pdf', 'pdf', 'notes', NULL, 'App%20Brewery%20Flutter%20Course%20Syllabus.pdf', '2020-06-08 22:20:06'),
('5ede6c3e2f7f9', '5ede6c3e2f6d5.png', 'png', 'notes', NULL, 'Screenshot%202020-02-07%20at%2011.20.49%20PM.png', '2020-06-08 22:20:06'),
('5ede6c9e2052f', '5ede6c9e2045b.pdf', 'pdf', 'notes', NULL, 'App%20Brewery%20Flutter%20Course%20Syllabus.pdf', '2020-06-08 22:21:42'),
('5ede6c9e266d6', '5ede6c9e2660a.png', 'png', 'notes', NULL, 'Screenshot%202020-02-07%20at%2011.20.49%20PM.png', '2020-06-08 22:21:42'),
('5edf74273e6af', '5edf74273e56a.jpg', 'image/png', 'post_inspections', 'pre_photos', 'IMG_20200609_170604882.jpg', '2020-06-09 17:06:07'),
('5edf74338cc94', '5edf74338cb5d.jpg', 'image/png', 'post_inspections', 'post_photos', 'IMG_20200609_170617690.jpg', '2020-06-09 17:06:19'),
('5edf87194dab9', '5edf87194d97c.jpg', 'image/png', 'post_inspections', 'pre_photos', 'IMG_20200609_182654831.jpg', '2020-06-09 18:26:57'),
('5edf8728701ac', '5edf8728700a5.jpg', 'image/png', 'post_inspections', 'pre_photos', 'IMG_20200609_182710826.jpg', '2020-06-09 18:27:12'),
('5edf8c7b0c809', '5edf8c7b0c6c7.jpg', 'image/png', 'post_inspections', 'pre_photos', 'IMG_20200609_184952676.jpg', '2020-06-09 18:49:55'),
('5edf962bedf74', '5edf962bede38.jpg', 'image/png', 'post_inspections', 'pre_photos', 'IMG_20200609_193111574.jpg', '2020-06-09 19:31:15'),
('5edf963b4b189', '5edf963b4b0ae.jpg', 'image/png', 'post_inspections', 'post_photos', 'IMG-20200607-WA0003.jpg', '2020-06-09 19:31:31'),
('5edf9cb88cf70', '5edf9cb88ce07.jpg', 'image/png', 'post_inspections', 'pre_photos', 'IMG_20200609_195910139.jpg', '2020-06-09 19:59:12'),
('5edfa443bce0f', '5edfa443bcd22.jpg', 'image/png', 'post_inspections', 'pre_photos', 'IMG_20200609_203121570.jpg', '2020-06-09 20:31:23'),
('5edfa49520fe7', '5edfa49520eb3.jpg', 'image/png', 'post_inspections', 'pre_photos', 'IMG_20200609_203242704.jpg', '2020-06-09 20:32:45'),
('5edfa75a24340', '5edfa75a24202.jpg', 'image/png', 'post_inspections', 'pre_photos', 'IMG_20200609_204431639.jpg', '2020-06-09 20:44:34'),
('5edfa7dd57de1', '5edfa7dd57caa.jpg', 'image/png', 'post_inspections', 'pre_photos', 'IMG_20200609_204642844.jpg', '2020-06-09 20:46:45'),
('5ee44b04e6ad4', '5ee44b04e6a2f.jpg', 'image/png', 'post_inspections', 'pre_photos', 'IMG_20200613_091155789.jpg', '2020-06-13 09:11:56'),
('5ee44b1fa0702', '5ee44b1fa0626.jpg', 'image/png', 'notes', NULL, 'IMG_20200613_091222084.jpg', '2020-06-13 09:12:23'),
('5ee44b2a080de', '5ee44b2a07ff2.jpg', 'image/png', 'notes', NULL, 'IMG-20200612-WA0085.jpg', '2020-06-13 09:12:34'),
('5ef1cfc4dab92', '5ef1cfc4daa7d.', 'image/jpg', 'post_inspections', 'pre_photos', 'file', '2020-06-23 15:17:48'),
('5ef1cfd07419b', '5ef1cfd07409d.', 'image/jpg', 'post_inspections', 'post_photos', 'file', '2020-06-23 15:18:00'),
('5ef373b311f37', '5ef373b311e99.', 'image/jpg', 'detail_estimates', 'pre_photos', 'file', '2020-06-24 21:09:31'),
('5ef373e44b491', '5ef373e44b3f2.', 'image/jpg', 'detail_estimates', 'pre_photos', 'file', '2020-06-24 21:10:20');
INSERT INTO `tbltemp_files` (`id`, `file_name`, `filetype`, `image_for`, `task_file_type`, `original_file_name`, `dateadded`) VALUES
('5ef374b1550f2', '5ef374b15505c.', 'image/jpg', 'detail_estimates', 'pre_photos', 'file', '2020-06-24 21:13:45'),
('5ef377b693bf0', '5ef377b693b4e.jpg', 'image/png', 'detail_estimates', 'pre_photos', 'IMG_20200624_212635878.jpg', '2020-06-24 21:26:38'),
('5ef378c9cd97f', '5ef378c9cd8ab.jpg', 'image/png', 'detail_estimates', 'pre_photos', 'IMG_20200624_213110870.jpg', '2020-06-24 21:31:13'),
('5ef37a667d391', '5ef37a667d2fc.png', 'image/png', 'detail_estimates', 'pre_photos', 'default.png', '2020-06-24 21:38:06'),
('5ef37ad2193c9', '5ef37ad2192f0.jpg', 'image/png', 'detail_estimates', 'pre_photos', 'IMG_20200624_213951252.jpg', '2020-06-24 21:39:54'),
('5ef37beea661f', '5ef37beea6580.png', 'image/png', 'detail_estimates', 'pre_photos', 'default.png', '2020-06-24 21:44:38'),
('5ef38391d6750', '5ef38391d6688.jpg', 'image/png', 'detail_estimates', 'pre_photos', 'IMG_20200624_221711421.jpg', '2020-06-24 22:17:13'),
('5ef3845806db5', '5ef3845806cec.jpg', 'image/png', 'detail_estimates', 'pre_photos', 'IMG_20200624_222029586.jpg', '2020-06-24 22:20:32'),
('5ef385130e2fc', '5ef385130e22d.jpg', 'image/png', 'detail_estimates', 'pre_photos', 'IMG_20200624_222336627.jpg', '2020-06-24 22:23:39'),
('5ef386cfa6702', '5ef386cfa663d.jpg', 'image/png', 'detail_estimates', 'pre_photos', 'IMG_20200624_223101204.jpg', '2020-06-24 22:31:03'),
('5ef3872e32c11', '5ef3872e32b4a.jpg', 'image/png', 'detail_estimates', 'pre_photos', 'IMG_20200624_223233338.jpg', '2020-06-24 22:32:38'),
('5ef387b2d1a74', '5ef387b2d19c2.jpg', 'image/png', 'detail_estimates', 'pre_photos', 'IMG_20200624_223448732.jpg', '2020-06-24 22:34:50'),
('5ef388530dee6', '5ef388530de50.png', 'image/png', 'detail_estimates', 'pre_photos', 'default.png', '2020-06-24 22:37:31'),
('5ef38a6d142f7', '5ef38a6d1424e.png', 'image/png', 'detail_estimates', 'pre_photos', 'default.png', '2020-06-24 22:46:29'),
('5ef38e5bbf96d', '5ef38e5bbf88c.jpg', 'image/png', 'detail_estimates', 'pre_photos', 'IMG_20200624_230313311.jpg', '2020-06-24 23:03:15'),
('5ef43f0ebdb58', '5ef43f0ebda7f.jpg', 'image/png', 'detail_estimates', 'pre_photos', 'IMG_20200625_113707075.jpg', '2020-06-25 11:37:10'),
('5ef44aae9fada', '5ef44aae9fa01.jpg', 'image/png', 'detail_estimates', 'pre_photos', 'IMG_20200625_113707075.jpg', '2020-06-25 12:26:46'),
('5ef44d305e5b4', '5ef44d305e510.jpg', 'image/png', 'detail_estimates', 'pre_photos', 'IMG_20200625_123726684.jpg', '2020-06-25 12:37:28'),
('5ef44f533599b', '5ef44f53358db.jpg', 'image/png', 'detail_estimates', 'pre_photos', 'IMG_20200625_124633437.jpg', '2020-06-25 12:46:35'),
('5ef44f663f95e', '5ef44f663f8be.jpg', 'image/png', 'detail_estimates', 'pre_photos', 'IMG_20200625_124652847.jpg', '2020-06-25 12:46:54'),
('5ef4503ecf7f8', '5ef4503ecf757.jpg', 'image/png', 'detail_estimates', 'pre_photos', 'IMG_20200625_125029349.jpg', '2020-06-25 12:50:30'),
('5ef450589aed7', '5ef450589ae3b.jpg', 'image/png', 'detail_estimates', 'pre_photos', 'IMG_20200625_125055089.jpg', '2020-06-25 12:50:56'),
('5ef451730a816', '5ef451730a77a.jpg', 'image/png', 'detail_estimates', 'pre_photos', 'IMG_20200625_125537630.jpg', '2020-06-25 12:55:39'),
('5ef45186d0493', '5ef45186d03f0.jpg', 'image/png', 'detail_estimates', 'pre_photos', 'IMG_20200625_125557469.jpg', '2020-06-25 12:55:58'),
('5ef45230056e8', '5ef452300564b.jpg', 'image/png', 'detail_estimates', 'pre_photos', 'IMG_20200625_125846604.jpg', '2020-06-25 12:58:48'),
('5ef4524f55f09', '5ef4524f55e65.jpg', 'image/png', 'detail_estimates', 'pre_photos', 'IMG_20200625_125917945.jpg', '2020-06-25 12:59:19'),
('5ef45a37c5904', '5ef45a37c5868.jpg', 'image/png', 'detail_estimates', 'pre_photos', 'IMG_20200625_133302245.jpg', '2020-06-25 13:33:03'),
('5ef45ab035a07', '5ef45ab035942.jpg', 'image/png', 'detail_estimates', 'pre_photos', 'IMG_20200625_133502334.jpg', '2020-06-25 13:35:04'),
('5ef45e8d900a0', '5ef45e8d90001.jpg', 'image/png', 'detail_estimates', 'pre_photos', 'IMG_20200625_135131910.jpg', '2020-06-25 13:51:33'),
('5ef46030d7688', '5ef46030d75e4.jpg', 'image/png', 'detail_estimates', 'pre_photos', 'IMG_20200625_135831244.jpg', '2020-06-25 13:58:32'),
('5ef4604703ab5', '5ef46047039da.jpg', 'image/png', 'detail_estimates', 'pre_photos', 'IMG_20200624_230313311.jpg', '2020-06-25 13:58:55'),
('5ef460587b24b', '5ef460587b176.jpg', 'image/png', 'detail_estimates', 'pre_photos', 'IMG_20200624_223233338.jpg', '2020-06-25 13:59:12'),
('5ef47043f3724', '5ef47043f367d.', 'image/jpg', 'detail_estimates', 'pre_photos', 'file', '2020-06-25 15:07:07'),
('5ef474bf54499', '5ef474bf543f9.jpg', 'image/png', 'detail_estimates', 'pre_photos', 'IMG_20200625_152613897.jpg', '2020-06-25 15:26:15'),
('5ef474dee5e02', '5ef474dee5d2b.jpg', 'image/png', 'detail_estimates', 'pre_photos', 'IMG_20200624_230313311.jpg', '2020-06-25 15:26:46'),
('5ef4759775457', '5ef47597753b2.jpg', 'image/png', 'detail_estimates', 'pre_photos', 'IMG_20200625_152950028.jpg', '2020-06-25 15:29:51'),
('5ef4b16fb133f', '5ef4b16fb1299.', 'image/jpg', 'detail_estimates', 'pre_photos', 'file', '2020-06-25 19:45:11'),
('5ef4b3619aaea', '5ef4b3619aa47.', 'image/jpg', 'detail_estimates', 'pre_photos', 'file', '2020-06-25 19:53:29'),
('5ef4b68a8b463', '5ef4b68a8b3bf.', 'image/jpg', 'detail_estimates', 'pre_photos', 'file', '2020-06-25 20:06:58'),
('5ef4b94c28fbd', '5ef4b94c28f16.', 'image/jpg', 'detail_estimates', 'pre_photos', 'file', '2020-06-25 20:18:44'),
('5ef4b9ea41f8a', '5ef4b9ea41ee7.', 'image/jpg', 'detail_estimates', 'pre_photos', 'file', '2020-06-25 20:21:22'),
('5ef4bbc8ca418', '5ef4bbc8ca375.', 'image/jpg', 'detail_estimates', 'pre_photos', 'file', '2020-06-25 20:29:20'),
('5ef4bc5a8f058', '5ef4bc5a8efb6.', 'image/jpg', 'detail_estimates', 'pre_photos', 'file', '2020-06-25 20:31:46'),
('5ef4bdd0d075a', '5ef4bdd0d06b7.', 'image/jpg', 'detail_estimates', 'pre_photos', 'file', '2020-06-25 20:38:00'),
('5ef4c0772c2cb', '5ef4c0772c22a.', 'image/jpg', 'detail_estimates', 'pre_photos', 'file', '2020-06-25 20:49:19'),
('5ef4c11f1941d', '5ef4c11f19375.', 'image/jpg', 'detail_estimates', 'pre_photos', 'file', '2020-06-25 20:52:07'),
('5ef4c18f772b2', '5ef4c18f77212.', 'image/jpg', 'detail_estimates', 'pre_photos', 'file', '2020-06-25 20:53:59'),
('5ef5bfff626e6', '5ef5bfff62609.jpg', 'image/png', 'detail_estimates', 'pre_photos', 'IMG_20200626_145932048.jpg', '2020-06-26 14:59:35'),
('5ef5c0064316a', '5ef5c006430c4.jpg', 'image/png', 'detail_estimates', 'pre_photos', 'IMG_20200625_152950028.jpg', '2020-06-26 14:59:42'),
('5ef5cdab8021a', '5ef5cdab80179.jpg', 'image/png', 'detail_estimates', 'pre_photos', 'IMG_20200625_152950028.jpg', '2020-06-26 15:57:55'),
('5ef5ce783bfb4', '5ef5ce783bf0e.jpg', 'image/png', 'detail_estimates', 'pre_photos', 'IMG_20200625_152950028.jpg', '2020-06-26 16:01:20'),
('5ef5cf9c82690', '5ef5cf9c825e3.jpg', 'image/png', 'detail_estimates', 'pre_photos', 'IMG_20200625_152950028.jpg', '2020-06-26 16:06:12'),
('5ef5d6be7d7f5', '5ef5d6be7d74b.jpg', 'image/png', 'detail_estimates', 'pre_photos', 'IMG_20200625_152950028.jpg', '2020-06-26 16:36:38'),
('5ef5d6fc7b8a9', '5ef5d6fc7b807.jpg', 'image/png', 'detail_estimates', 'pre_photos', 'IMG_20200625_152613897.jpg', '2020-06-26 16:37:40'),
('5ef5d822b17d1', '5ef5d822b172e.jpg', 'image/png', 'detail_estimates', 'pre_photos', 'IMG_20200625_152950028.jpg', '2020-06-26 16:42:34'),
('5ef5d849bfb03', '5ef5d849bfa5e.jpg', 'image/png', 'detail_estimates', 'pre_photos', 'IMG_20200625_152950028.jpg', '2020-06-26 16:43:13'),
('5ef5d938b582d', '5ef5d938b578c.jpg', 'image/png', 'detail_estimates', 'pre_photos', 'IMG_20200625_152950028.jpg', '2020-06-26 16:47:12'),
('5ef5db68eced0', '5ef5db68ece1f.jpg', 'image/png', 'detail_estimates', 'pre_photos', 'IMG_20200625_152613897.jpg', '2020-06-26 16:56:32'),
('5ef5df013ddaf', '5ef5df013dd04.jpg', 'image/png', 'detail_estimates', 'pre_photos', 'IMG_20200625_152613897.jpg', '2020-06-26 17:11:53'),
('5ef5df3a09235', '5ef5df3a09165.jpg', 'image/png', 'detail_estimates', 'pre_photos', 'IMG_20200626_171247624.jpg', '2020-06-26 17:12:50'),
('5ef5df70475d7', '5ef5df7047505.jpg', 'image/png', 'detail_estimates', 'pre_photos', 'IMG_20200625_152613897.jpg', '2020-06-26 17:13:44'),
('5ef5dfc306662', '5ef5dfc306597.jpg', 'image/png', 'detail_estimates', 'pre_photos', 'IMG_20200626_171504760.jpg', '2020-06-26 17:15:07'),
('5ef5e1cb55148', '5ef5e1cb5506f.jpg', 'image/png', 'detail_estimates', 'pre_photos', 'IMG-20200618-WA0003.jpg', '2020-06-26 17:23:47'),
('5ef5e28488691', '5ef5e284885b6.jpg', 'image/png', 'detail_estimates', 'pre_photos', 'IMG-20200618-WA0003.jpg', '2020-06-26 17:26:52'),
('5ef5e3a2db3de', '5ef5e3a2db307.jpg', 'image/png', 'detail_estimates', 'pre_photos', 'IMG-20200618-WA0003.jpg', '2020-06-26 17:31:38'),
('5ef5e42d31e3a', '5ef5e42d31d44.jpg', 'image/png', 'detail_estimates', 'pre_photos', 'IMG-20200618-WA0003.jpg', '2020-06-26 17:33:57'),
('5ef5e4e426538', '5ef5e4e426451.jpg', 'image/png', 'detail_estimates', 'pre_photos', 'IMG_20200626_173657500.jpg', '2020-06-26 17:37:00'),
('5ef5f6ac64ec6', '5ef5f6ac64e22.jpg', 'image/png', 'detail_estimates', 'pre_photos', 'IMG_20200625_152950028.jpg', '2020-06-26 18:52:52'),
('5ef5f6cb000d3', '5ef5f6cb0002d.jpg', 'image/png', 'detail_estimates', 'pre_photos', 'IMG_20200625_152950028.jpg', '2020-06-26 18:53:23'),
('5ef5f7b0f38a8', '5ef5f7b0f3800.jpg', 'image/png', 'detail_estimates', 'pre_photos', 'IMG_20200625_152950028.jpg', '2020-06-26 18:57:12'),
('5ef5f7e3d123e', '5ef5f7e3d119b.jpg', 'image/png', 'detail_estimates', 'pre_photos', 'IMG_20200625_152613897.jpg', '2020-06-26 18:58:03'),
('5ef601ab0f1ad', '5ef601ab0f106.', 'image/jpg', 'detail_estimates', 'pre_photos', 'file', '2020-06-26 19:39:47'),
('5ef601f6c015b', '5ef601f6c00b3.jpg', 'image/png', 'detail_estimates', 'pre_photos', 'IMG_20200625_152950028.jpg', '2020-06-26 19:41:02'),
('5ef602f66190f', '5ef602f66185c.jpg', 'image/png', 'detail_estimates', 'pre_photos', 'IMG-20200618-WA0006.jpg', '2020-06-26 19:45:18'),
('5ef603e823407', '5ef603e823352.', 'image/jpg', 'detail_estimates', 'pre_photos', 'file', '2020-06-26 19:49:20'),
('5ef60849bb1d1', '5ef60849bb129.', 'image/jpg', 'detail_estimates', 'pre_photos', 'file', '2020-06-26 20:08:01'),
('5ef60855619ef', '5ef6085561947.', 'image/jpg', 'detail_estimates', 'pre_photos', 'file', '2020-06-26 20:08:13'),
('5ef6089f7a1ed', '5ef6089f7a148.jpg', 'image/png', 'detail_estimates', 'pre_photos', 'IMG_20200625_152950028.jpg', '2020-06-26 20:09:27'),
('5ef60954f3b5f', '5ef60954f3ab4.', 'image/jpg', 'detail_estimates', 'pre_photos', 'file', '2020-06-26 20:12:28'),
('5ef6096328253', '5ef60963280e7.', 'image/jpg', 'detail_estimates', 'pre_photos', 'file', '2020-06-26 20:12:43'),
('5ef609bb4d81e', '5ef609bb4d770.', 'image/jpg', 'detail_estimates', 'pre_photos', 'file', '2020-06-26 20:14:11'),
('5ef609c1cf1bc', '5ef609c1cf104.', 'image/jpg', 'detail_estimates', 'pre_photos', 'file', '2020-06-26 20:14:17'),
('5ef61586af32d', '5ef61586af28a.jpg', 'image/png', 'detail_estimates', 'pre_photos', 'IMG_20200625_152613897.jpg', '2020-06-26 21:04:30'),
('5ef615cabc959', '5ef615cabc888.', 'image/jpg', 'detail_estimates', 'pre_photos', 'file', '2020-06-26 21:05:38'),
('5ef616baedd66', '5ef616baedcad.jpg', 'image/png', 'detail_estimates', 'pre_photos', 'IMG-20200626-WA0006.jpg', '2020-06-26 21:09:38'),
('5ef6173ee3379', '5ef6173ee32cb.jpg', 'image/png', 'detail_estimates', 'pre_photos', 'IMG-20200626-WA0006.jpg', '2020-06-26 21:11:50'),
('5ef6184cd780c', '5ef6184cd7762.jpg', 'image/png', 'detail_estimates', 'pre_photos', 'IMG-20200626-WA0006.jpg', '2020-06-26 21:16:20'),
('5ef638759e459', '5ef638759e3a4.', 'image/jpg', 'detail_estimates', 'pre_photos', 'file', '2020-06-26 23:33:33'),
('5ef639f372efe', '5ef639f372e55.', 'image/jpg', 'detail_estimates', 'pre_photos', 'file', '2020-06-26 23:39:55'),
('5efdea6cc2276', '5efdea6cc1fdc.jpg', 'image/png', 'detail_estimates', 'pre_photos', 'IMG-20200702-WA0001.jpg', '2020-07-02 19:38:44'),
('5efdeacc54fd4', '5efdeacc54d57.jpg', 'image/png', 'detail_estimates', 'pre_photos', 'IMG-20200702-WA0001.jpg', '2020-07-02 19:40:20'),
('5efdeb605b3d9', '5efdeb605b148.jpg', 'image/png', 'detail_estimates', 'pre_photos', 'IMG-20200702-WA0001.jpg', '2020-07-02 19:42:48'),
('5efdef10a55dc', '5efdef10a5347.jpg', 'image/png', 'detail_estimates', 'pre_photos', 'IMG-20200702-WA0001.jpg', '2020-07-02 19:58:32'),
('5efdf2889600c', '5efdf28895d9d.jpg', 'image/png', 'detail_estimates', 'pre_photos', 'IMG-20200702-WA0001.jpg', '2020-07-02 20:13:20'),
('5efdf67f1b3a2', '5efdf67f1b0fe.jpg', 'image/png', 'detail_estimates', 'pre_photos', 'IMG_20200702_203013535.jpg', '2020-07-02 20:30:15'),
('5efdfbf9981bf', '5efdfbf997f37.jpg', 'image/png', 'post_inspections', 'pre_photos', 'IMG-20200702-WA0001.jpg', '2020-07-02 20:53:37'),
('5eff4947a81b8', '5eff4947a7dc0.jpg', 'image/png', 'detail_estimates', 'pre_photos', 'IMG_20200703_203540232.jpg', '2020-07-03 20:35:43'),
('5eff4d0fdea83', '5eff4d0fde7a9.jpg', 'image/png', 'detail_estimates', 'pre_photos', 'IMG_20200703_205149530.jpg', '2020-07-03 20:51:51'),
('5eff4ddb2b1da', '5eff4ddb2af03.jpg', 'image/png', 'detail_estimates', 'pre_photos', 'IMG_20200703_205512368.jpg', '2020-07-03 20:55:15'),
('5eff5500c81d3', '5eff5500c7f05.jpg', 'image/png', 'detail_estimates', 'pre_photos', 'IMG_20200703_212543370.jpg', '2020-07-03 21:25:44'),
('5f00324fd9ad3', '5f00324fd97ea.jpg', 'image/png', 'detail_estimates', 'pre_photos', 'IMG_20200703_205512368.jpg', '2020-07-04 13:09:59'),
('5f0032e59f01a', '5f0032e59ed55.jpg', 'image/png', 'detail_estimates', 'pre_photos', 'IMG_20200703_205512368.jpg', '2020-07-04 13:12:29'),
('5f0033572f06b', '5f0033572edaa.jpg', 'image/png', 'detail_estimates', 'pre_photos', 'IMG-20200704-WA0003.jpg', '2020-07-04 13:14:23'),
('5f00348fc4a1e', '5f00348fc4749.jpg', 'image/png', 'detail_estimates', 'pre_photos', 'IMG_20200703_205512368.jpg', '2020-07-04 13:19:35'),
('5f01485f5ec74', '5f01485f5e9c4.jpg', 'image/png', 'detail_estimates', 'pre_photos', 'IMG_20200705_085620810.jpg', '2020-07-05 08:56:23'),
('5f0462f35fd08', '5f0462f35fbb0.jpg', 'image/png', 'post_inspections', 'pre_photos', 'IMG_20200704_155531933.jpg', '2020-07-07 17:26:35'),
('5f046f9e8a0ea', '5f046f9e89f81.jpg', 'image/png', 'post_inspections', 'pre_photos', 'IMG_20200704_155531933.jpg', '2020-07-07 18:20:38'),
('5f046fc212ea3', '5f046fc212d30.jpg', 'image/png', 'post_inspections', 'pre_photos', 'IMG_20200704_155531933.jpg', '2020-07-07 18:21:14'),
('5f046fe85d17a', '5f046fe85cfff.jpg', 'image/png', 'post_inspections', 'pre_photos', 'IMG_20200704_155531933.jpg', '2020-07-07 18:21:52'),
('5f0471ce3e98d', '5f0471ce3e836.jpg', 'image/png', 'post_inspections', 'pre_photos', 'IMG_20200704_155531933.jpg', '2020-07-07 18:29:58'),
('5f0474cf13405', '5f0474cf1328d.jpg', 'image/png', 'post_inspections', 'pre_photos', 'IMG_20200704_155531933.jpg', '2020-07-07 18:42:47'),
('5f0478db6f806', '5f0478db6f69b.jpg', 'image/png', 'post_inspections', 'pre_photos', 'IMG_20200704_155531933.jpg', '2020-07-07 19:00:03'),
('5f047a2db9f56', '5f047a2db9d8a.jpg', 'image/png', 'post_inspections', 'pre_photos', 'IMG_20200704_155531933.jpg', '2020-07-07 19:05:41'),
('5f047bc03f858', '5f047bc03f6ff.jpg', 'image/png', 'post_inspections', 'pre_photos', 'IMG_20200704_155531933.jpg', '2020-07-07 19:12:24'),
('5f07f8915958f', '5f07f8915949f.jpeg', 'image/jpeg', 'notes', NULL, '1594357903.073282.jpeg', '2020-07-10 10:41:45'),
('5f07f8b20c384', '5f07f8b20c07e.', 'image/jpg', 'post_inspections', 'pre_photos', 'file', '2020-07-10 10:42:18'),
('5f08289701c0e', '5f08289701925.jpeg', 'image/jpeg', 'detail_estimates', 'pre_photos', 'WhatsApp Image 2019-09-06 at 10.22.22 PM.jpeg', '2020-07-10 14:06:39'),
('5f08346ca400b', '5f08346ca3d06.png', 'image/png', 'detail_estimates', 'pre_photos', 'Screenshot from 2020-06-16 20-25-17.png', '2020-07-10 14:57:08'),
('5f08452dc3373', '5f08452dc306a.', 'image/jpg', 'post_inspections', 'pre_photos', 'file', '2020-07-10 16:08:37'),
('5f084a58a2d96', '5f084a58a2a7c.png', 'image/jpg', 'detail_estimates', 'pre_photos', 'file.png', '2020-07-10 16:30:40'),
('5f09d15c0e673', '5f09d15c0dfd7.mp4', 'image/png', 'notes', NULL, 'VID-20200630-WA0009.mp4', '2020-07-11 20:19:00'),
('5f09d17379ede', '5f09d17379cf8.jpg', 'image/png', 'notes', NULL, 'Screenshot_20200710-221052.jpg', '2020-07-11 20:19:23'),
('5f09d279e5f51', '5f09d279e5eab.jpg', 'image/png', 'notes', NULL, 'IMG-20200711-WA0026.jpg', '2020-07-11 20:23:45'),
('5f0a3b531d43e', '5f0a3b531a82b.jpg', 'image/png', 'detail_estimates', 'pre_photos', 'IMG_20200712_035105742.jpg', '2020-07-12 03:51:07'),
('5f0a3b588024b', '5f0a3b588011f.jpg', 'image/png', 'detail_estimates', 'pre_photos', 'IMG_20200712_035111792.jpg', '2020-07-12 03:51:12'),
('5f0a3b624de70', '5f0a3b624dd52.jpg', 'image/png', 'detail_estimates', 'pre_photos', 'IMG_20200712_035121597.jpg', '2020-07-12 03:51:22'),
('5f0a3b89153c2', '5f0a3b891527c.jpg', 'image/png', 'detail_estimates', 'pre_photos', 'IMG_20200712_035200101.jpg', '2020-07-12 03:52:01'),
('5f0a3bab35ec8', '5f0a3bab35d89.jpg', 'image/png', 'detail_estimates', 'pre_photos', 'IMG_20200712_035234212.jpg', '2020-07-12 03:52:35'),
('5f0b0330aab7d', '5f0b0330aaa46.png', 'image/jpg', 'detail_estimates', 'pre_photos', 'file.png', '2020-07-12 18:03:52'),
('5f0b228213efc', '5f0b228213de0.jpg', 'image/png', 'detail_estimates', 'pre_photos', 'IMG_20200712_201718671.jpg', '2020-07-12 20:17:30'),
('5f0b2a52345b1', '5f0b2a523441a.jpg', 'image/png', 'notes', NULL, 'IMG-20200712-WA0007.jpg', '2020-07-12 20:50:50'),
('5f0b2a523846a', '5f0b2a52383a0.jpg', 'image/png', 'notes', NULL, 'IMG-20200711-WA0022.jpg', '2020-07-12 20:50:50'),
('5f0b2a52658bf', '5f0b2a5265799.jpg', 'image/png', 'notes', NULL, 'Screenshot_20200712-193519.jpg', '2020-07-12 20:50:50'),
('5f0b2a5271476', '5f0b2a527133b.jpg', 'image/png', 'notes', NULL, 'Screenshot_20200712-191034.jpg', '2020-07-12 20:50:50'),
('5f0c3fba79f74', '5f0c3fba797d2.jpg', 'image/png', 'post_inspections', 'pre_photos', 'IMG_20200713_163414813.jpg', '2020-07-13 16:34:26'),
('5f0c3fd054ee1', '5f0c3fd054c9e.jpg', 'image/png', 'post_inspections', 'pre_photos', 'IMG_20200713_163444951.jpg', '2020-07-13 16:34:48'),
('5f0c44cbc27df', '5f0c44cbc2693.png', 'image/png', 'post_inspections', 'pre_photos', 'com.loanklub.cwtapp-AppScreenshot-91.png', '2020-07-13 16:56:03'),
('5f0c48fc67088', '5f0c48fc66f9e.png', 'image/png', 'notes', NULL, 'com.loanklub.cwtapp-AppScreenshot-91.png', '2020-07-13 17:13:56'),
('5f0cbd7fd3e51', '5f0cbd7fd3d34.jpg', 'image/png', 'post_inspections', 'pre_photos', 'IMG_20200714_013102211.jpg', '2020-07-14 01:31:03'),
('5f0cbd85d4538', '5f0cbd85d43ff.jpg', 'image/png', 'post_inspections', 'pre_photos', 'IMG_20200714_013108798.jpg', '2020-07-14 01:31:09'),
('6', '5ecce6e0a5bd8.jpg', 'image/png', 'area_tasks', 'pre_photos', 'IMG_20200526_152230633.jpg', '2020-05-26 15:22:32'),
('60', '5ed52378dc728.jpeg', 'image/jpeg', 'notes', NULL, '1591026551.293206.jpeg', '2020-06-01 21:19:12'),
('61', '5ed52378ea711.jpeg', 'image/jpeg', 'notes', NULL, '1591026551.4036422.jpeg', '2020-06-01 21:19:12'),
('62', '5ed5238835444.jpeg', 'image/jpeg', 'notes', NULL, '1591026568.0486321.jpeg', '2020-06-01 21:19:28'),
('63', '5ed57ff051b29.jpeg', 'image/jpeg', 'notes', NULL, '1591050222.362351.jpeg', '2020-06-02 03:53:44'),
('64', '5ed57ff07d96f.jpeg', 'image/jpeg', 'notes', NULL, '1591050222.4268641.jpeg', '2020-06-02 03:53:44'),
('65', '5ed57ff0c9d26.jpeg', 'image/jpeg', 'notes', NULL, '1591050222.4940572.jpeg', '2020-06-02 03:53:44'),
('66', '5ed5803682617.jpeg', 'image/jpeg', 'notes', NULL, '1591050294.06583.jpeg', '2020-06-02 03:54:54'),
('67', '5ed5bf7470bed.pdf', 'application/pdf', 'notes', NULL, 'example_006.pdf', '2020-06-02 08:24:44'),
('68', '5ed5f9dfad19b.jpeg', 'image/jpeg', 'notes', NULL, '1591081438.587696.jpeg', '2020-06-02 12:33:59'),
('69', '5ed5fa5642dbd.jpeg', 'image/jpeg', 'notes', NULL, '1591081557.180501.jpeg', '2020-06-02 12:35:58'),
('7', '5ecce7e8d7df2.jpg', 'image/png', 'area_tasks', 'post_photos', 'IMG_20200526_152653760.jpg', '2020-05-26 15:26:56'),
('70', '5ed5fb809bfb4.jpeg', 'image/jpeg', 'notes', NULL, '1591081855.426527.jpeg', '2020-06-02 12:40:56'),
('71', '5ed603ee4bfac.jpeg', 'image/jpeg', 'notes', NULL, '1591084012.901917.jpeg', '2020-06-02 13:16:54'),
('72', '5ed60ca6c9b8d.pdf', 'pdf', 'notes', NULL, 'App%20Brewery%20Flutter%20Course%20Syllabus.pdf', '2020-06-02 13:54:06'),
('73', '5ed60e36bd3a8.pdf', 'pdf', 'notes', NULL, 'App%20Brewery%20Flutter%20Course%20Syllabus.pdf', '2020-06-02 14:00:46'),
('74', '5ed60e80bd5bf.pdf', 'pdf', 'notes', NULL, 'App%20Brewery%20Flutter%20Course%20Syllabus.pdf', '2020-06-02 14:02:00'),
('75', '5ed60ea451f9a.jpeg', 'image/jpeg', 'notes', NULL, '1591086754.779859.jpeg', '2020-06-02 14:02:36'),
('76', '5ed62b703d371.jpeg', 'image/jpeg', 'notes', NULL, '1591094126.935384.jpeg', '2020-06-02 16:05:28'),
('77', '5ed62b7085d89.jpeg', 'image/jpeg', 'notes', NULL, '1591094127.014411.jpeg', '2020-06-02 16:05:28'),
('78', '5ed62b708c1aa.jpeg', 'image/jpeg', 'notes', NULL, '1591094127.082862.jpeg', '2020-06-02 16:05:28'),
('79', '5ed62d3473fd4.jpeg', 'image/jpeg', 'notes', NULL, '1591094579.297291.jpeg', '2020-06-02 16:13:00'),
('8', '5ecce7ef13e7f.jpg', 'image/png', 'area_tasks', 'pre_photos', 'IMG_20200526_152700987.jpg', '2020-05-26 15:27:03'),
('80', '5ed62d34e62f6.jpeg', 'image/jpeg', 'notes', NULL, '1591094579.381948.jpeg', '2020-06-02 16:13:00'),
('81', '5ed62ef8c590b.jpeg', 'image/jpeg', 'notes', NULL, '1591095025.088671.jpeg', '2020-06-02 16:20:32'),
('82', '5ed62f1352111.jpeg', 'image/jpeg', 'notes', NULL, '1591095025.394983.jpeg', '2020-06-02 16:20:59'),
('83', '5ed62f1976e8d.jpeg', 'image/jpeg', 'notes', NULL, '1591095025.202409.jpeg', '2020-06-02 16:21:05'),
('84', '5ed62f29ba1ee.jpeg', 'image/jpeg', 'notes', NULL, '1591095025.321941.jpeg', '2020-06-02 16:21:21'),
('85', '5ed62f3534d53.jpeg', 'image/jpeg', 'notes', NULL, '1591095055.04697.jpeg', '2020-06-02 16:21:33'),
('86', '5ed62f373bac5.jpeg', 'image/jpeg', 'notes', NULL, '1591095054.835037.jpeg', '2020-06-02 16:21:35'),
('9', '5ecd0375a9634.jpg', 'image/png', 'area_tasks', 'pre_photos', 'IMG_20200526_172427332.jpg', '2020-05-26 17:24:29');

-- --------------------------------------------------------

--
-- Table structure for table `tbltenants`
--

CREATE TABLE `tbltenants` (
  `id` bigint(20) UNSIGNED NOT NULL,
  `email` varchar(255) COLLATE utf8_unicode_ci NOT NULL,
  `name` varchar(255) COLLATE utf8_unicode_ci NOT NULL,
  `company` varchar(500) COLLATE utf8_unicode_ci NOT NULL,
  `mobile_no` varchar(20) COLLATE utf8_unicode_ci DEFAULT NULL,
  `industry` varchar(100) COLLATE utf8_unicode_ci DEFAULT NULL,
  `is_pro` tinyint(1) NOT NULL DEFAULT '0',
  `pro_plan_id` bigint(20) DEFAULT NULL,
  `referred_by_tenant_id` bigint(20) DEFAULT NULL,
  `referred_by_tenant_staff_id` bigint(20) DEFAULT NULL,
  `referral_code_used_staff` varchar(255) COLLATE utf8_unicode_ci NOT NULL,
  `rewards_you_earned_from_referral` int(11) DEFAULT NULL,
  `rewards_earned_by_referred_staff` int(11) DEFAULT NULL,
  `is_refer_reward_distributed` tinyint(1) NOT NULL DEFAULT '0',
  `plan_purchase_frequency` enum('monthly','yearly') COLLATE utf8_unicode_ci DEFAULT NULL,
  `plan_monthly_price` decimal(10,2) DEFAULT NULL,
  `plan_yearly_price` decimal(10,2) DEFAULT NULL,
  `plan_monthly_to_yearly_discount` decimal(10,2) DEFAULT NULL,
  `custom_plan_no_of_staff_allowed` int(11) DEFAULT NULL,
  `custom_plan_monthly_price` decimal(10,2) DEFAULT NULL,
  `custom_plan_yearly_price` decimal(10,2) DEFAULT NULL,
  `custom_plan_monthly_to_yearly_discount` decimal(10,2) DEFAULT NULL,
  `created_at` datetime DEFAULT CURRENT_TIMESTAMP,
  `updated_at` datetime DEFAULT CURRENT_TIMESTAMP
) ENGINE=InnoDB DEFAULT CHARSET=utf8 COLLATE=utf8_unicode_ci;

--
-- Dumping data for table `tbltenants`
--

INSERT INTO `tbltenants` (`id`, `email`, `name`, `company`, `mobile_no`, `industry`, `is_pro`, `pro_plan_id`, `referred_by_tenant_id`, `referred_by_tenant_staff_id`, `referral_code_used_staff`, `rewards_you_earned_from_referral`, `rewards_earned_by_referred_staff`, `is_refer_reward_distributed`, `plan_purchase_frequency`, `plan_monthly_price`, `plan_yearly_price`, `plan_monthly_to_yearly_discount`, `custom_plan_no_of_staff_allowed`, `custom_plan_monthly_price`, `custom_plan_yearly_price`, `custom_plan_monthly_to_yearly_discount`, `created_at`, `updated_at`) VALUES
(1, 'dev.spryox@gmail.com', 'Spryox Admin', 'SpryOX', '123456789', '1', 1, 6, NULL, NULL, '', NULL, NULL, 0, 'yearly', '20.00', '30.00', '0.00', NULL, NULL, NULL, NULL, '2020-04-30 20:53:03', '2020-04-30 20:53:03'),
(18, 'akashparmar123@gmail.com', 'Akash Parmar', 'syCo', '9167023220', '1', 0, NULL, NULL, NULL, '', NULL, NULL, 0, NULL, NULL, NULL, NULL, NULL, NULL, NULL, NULL, '2020-05-07 07:25:51', '2020-05-07 07:25:51'),
(19, 'akashparmar1234@gmail.com', 'Akash Parmar', 'syCo', '9167023220', '1', 0, NULL, NULL, NULL, '', NULL, NULL, 0, NULL, NULL, NULL, NULL, NULL, NULL, NULL, NULL, '2020-05-07 09:48:53', '2020-05-07 09:48:53'),
(20, 'ketan.spryox@gmail.com', 'Ketan Sakulkat', 'Spryox', '8087405954', NULL, 0, NULL, NULL, NULL, '', NULL, NULL, 0, NULL, NULL, NULL, NULL, NULL, NULL, NULL, NULL, '2020-05-07 16:12:54', '2020-05-07 16:12:54'),
(21, 'sakulkarketan@gmail.com', 'Ketan Sakulkar', 'Spryox', '8087405954', NULL, 0, NULL, NULL, NULL, '', NULL, NULL, 0, NULL, NULL, NULL, NULL, NULL, NULL, NULL, NULL, '2020-05-07 16:36:18', '2020-05-07 16:36:18'),
(22, 'test@test.com', 'Akash Parmar', 'syCo', '9167023220', '1', 0, NULL, NULL, NULL, '', NULL, NULL, 0, NULL, NULL, NULL, NULL, NULL, NULL, NULL, NULL, '2020-05-08 17:21:00', '2020-05-08 17:21:00'),
(23, 'test1@test.com', 'Akash Parmar', 'syCo', '9167023220', '1', 0, NULL, NULL, NULL, '', NULL, NULL, 0, NULL, NULL, NULL, NULL, NULL, NULL, NULL, NULL, '2020-05-08 19:39:12', '2020-05-08 19:39:12'),
(24, 'test2@test.com', 'Akash Parmar', 'syCo', '9167023220', '1', 0, NULL, NULL, NULL, '', NULL, NULL, 0, NULL, NULL, NULL, NULL, NULL, NULL, NULL, NULL, '2020-05-08 19:40:07', '2020-05-08 19:40:07'),
(25, 'ajinkya.spryox@gmail.com', 'Ajinkya Sonar', 'Spryox', '9167921922', NULL, 0, NULL, NULL, NULL, '', NULL, NULL, 0, NULL, NULL, NULL, NULL, NULL, NULL, NULL, NULL, '2020-05-08 19:41:31', '2020-05-08 19:41:31'),
(26, 'test3@test.com', 'Akash Parmar', 'syCo', '9167023220', '1', 0, NULL, NULL, NULL, '', NULL, NULL, 0, NULL, NULL, NULL, NULL, NULL, NULL, NULL, NULL, '2020-05-08 19:45:02', '2020-05-08 19:45:02'),
(27, 'test4@test.com', 'Akash Parmar', 'syCo', '9167023220', NULL, 0, NULL, NULL, NULL, '', NULL, NULL, 0, NULL, NULL, NULL, NULL, NULL, NULL, NULL, NULL, '2020-05-08 19:45:45', '2020-05-08 19:45:45'),
(28, 'test5@test.com', 'Akash Parmar', 'syCo', '9167023220', '1', 0, NULL, NULL, NULL, '', NULL, NULL, 0, NULL, NULL, NULL, NULL, NULL, NULL, NULL, NULL, '2020-05-08 20:02:29', '2020-05-08 20:02:29'),
(29, 'test6@test.com', 'Akash Parmar', 'syCo', '9167023220', '1', 0, NULL, NULL, NULL, '', NULL, NULL, 0, NULL, NULL, NULL, NULL, NULL, NULL, NULL, NULL, '2020-05-08 20:12:26', '2020-05-08 20:12:26'),
(30, 'testt@test.com', 'Ajinkya Sonar', 'Spryox', '9167231878', '1', 0, NULL, NULL, NULL, '', NULL, NULL, 0, NULL, NULL, NULL, NULL, NULL, NULL, NULL, NULL, '2020-05-08 20:31:07', '2020-05-08 20:31:07'),
(31, 'ajinkya.speyox@gmail.com', 'Ajinkya Sonar', 'Spryox', '9167921922', '1', 0, NULL, NULL, NULL, '', NULL, NULL, 0, NULL, NULL, NULL, NULL, NULL, NULL, NULL, NULL, '2020-05-08 20:39:29', '2020-05-08 20:39:29'),
(32, 'akashparmar1234@mail.com', 'Akash Parmar', 'syCo', '9167023220', '1', 0, NULL, NULL, NULL, '', NULL, NULL, 0, NULL, NULL, NULL, NULL, NULL, NULL, NULL, NULL, '2020-05-11 10:44:54', '2020-05-11 10:44:54'),
(33, 'akashparmar101@gmail.com', 'Akash Parmar', 'syCo', '9167023220', '1', 0, NULL, NULL, NULL, '', NULL, NULL, 0, NULL, NULL, NULL, NULL, NULL, NULL, NULL, NULL, '2020-05-11 13:53:46', '2020-05-11 13:53:46'),
(34, 'akashparmar1234@maill.com', 'Akash Parmar', 'syCo', '9167023220', '1', 0, NULL, NULL, NULL, '', NULL, NULL, 0, NULL, NULL, NULL, NULL, NULL, NULL, NULL, NULL, '2020-05-11 15:02:35', '2020-05-11 15:02:35'),
(36, 'dev.spryox123@gmail.com', 'Akash Parmar', 'Spryox', '09167023220', '1', 0, NULL, NULL, NULL, '', NULL, NULL, 0, NULL, NULL, NULL, NULL, NULL, NULL, NULL, NULL, '2020-05-12 11:04:43', '2020-05-12 11:04:43'),
(37, 'vvvvv@gmail.com', 'Ghh Vvvg', 'Bbbhh', '7977796967', NULL, 0, NULL, NULL, NULL, '', NULL, NULL, 0, NULL, NULL, NULL, NULL, NULL, NULL, NULL, NULL, '2020-05-14 08:59:10', '2020-05-14 08:59:10'),
(38, 'akashparmar10@gmail.com', 'Akash Parmar', 'syCO', '1234567890', '1', 0, NULL, NULL, NULL, '', NULL, NULL, 0, NULL, NULL, NULL, NULL, NULL, NULL, NULL, NULL, '2020-05-15 18:51:01', '2020-05-15 18:51:01'),
(39, 'akashp.spryox@gmail.com', 'Akash Parmar', 'syCo', '1234567890', '', 0, NULL, NULL, NULL, '', NULL, NULL, 0, NULL, NULL, NULL, NULL, NULL, NULL, NULL, NULL, '2020-05-15 18:52:04', '2020-05-15 18:52:04'),
(40, 'sonar.ajinkya@gmail.com', 'Ajinkya Sonar', 'Google Test', '9167921922', '1', 0, NULL, NULL, NULL, '', NULL, NULL, 0, NULL, NULL, NULL, NULL, NULL, NULL, NULL, NULL, '2020-05-16 12:40:18', '2020-05-16 12:40:18'),
(41, 'chetan.spryox@gmail.com', 'chetan jadhav', 'SpryOX', '9860345142', NULL, 0, NULL, NULL, NULL, '', NULL, NULL, 0, NULL, NULL, NULL, NULL, NULL, NULL, NULL, NULL, '2020-05-16 13:38:12', '2020-05-16 13:38:12'),
(42, 'ajinkya_qujuhua_test@tfbnw.net', 'Ajinkya Test', 'Spryox', '9167921922', '1', 0, NULL, NULL, NULL, '', NULL, NULL, 0, NULL, NULL, NULL, NULL, NULL, NULL, NULL, NULL, '2020-05-16 19:16:07', '2020-05-16 19:16:07'),
(43, 'akashparmar101@gmaill.com', 'Akash Parmar', 'syCo', '9167023220', '1', 0, NULL, NULL, NULL, '', NULL, NULL, 0, NULL, NULL, NULL, NULL, NULL, NULL, NULL, NULL, '2020-05-16 21:52:08', '2020-05-16 21:52:08'),
(44, 'sakulkarketan@yahoo.com', 'Ketan Sakulkar', 'Ketan Inc', '8087405954', NULL, 0, NULL, NULL, NULL, '', NULL, NULL, 0, NULL, NULL, NULL, NULL, NULL, NULL, NULL, NULL, '2020-05-18 06:48:18', '2020-05-18 06:48:18'),
(53, 'akashparmar101101@gmail.com', 'Akash Parmar', 'syCo', '9167023220', '1', 0, NULL, NULL, NULL, '', NULL, NULL, 0, NULL, NULL, NULL, NULL, NULL, NULL, NULL, NULL, '2020-05-26 05:51:10', '2020-05-26 05:51:10'),
(54, 'akashparmarspryox@gmail.com', 'Akash Parmar', '', '1234567890', '', 0, NULL, NULL, NULL, '', NULL, NULL, 0, NULL, NULL, NULL, NULL, NULL, NULL, NULL, NULL, '2020-05-26 05:59:11', '2020-05-26 05:59:11'),
(55, 'static.test@gmail.com', 'Test Static Data', '', '1234567890', '', 0, NULL, NULL, NULL, '', NULL, NULL, 0, NULL, NULL, NULL, NULL, NULL, NULL, NULL, NULL, '2020-05-26 06:02:03', '2020-05-26 06:02:03'),
(56, 'tushar.spryox@gmail.com', 'Tushar Sawant', 'Spryox', '7977796967', NULL, 0, NULL, NULL, NULL, '', NULL, NULL, 0, NULL, NULL, NULL, NULL, NULL, NULL, NULL, NULL, '2020-05-26 16:29:09', '2020-05-26 16:29:09'),
(57, 'ceo@contractorplus.app', 'Justin Smith', 'Contractor Plus, Inc.', '7405035627', NULL, 0, NULL, NULL, NULL, '', NULL, NULL, 0, NULL, NULL, NULL, NULL, NULL, NULL, NULL, NULL, '2020-06-01 19:44:13', '2020-06-01 19:44:13'),
(58, 'vikrampawar08@gmail.com', 'Vikram Pawar', 'SpryOX Private Limited', '09870731602', '', 0, NULL, NULL, NULL, '', NULL, NULL, 0, NULL, NULL, NULL, NULL, NULL, NULL, NULL, NULL, '2020-07-06 15:38:30', '2020-07-06 15:38:30'),
(59, 'siddhesh.test@gmail.com', 'Sid Bgk', 'Spryox', '99999999999', NULL, 0, NULL, NULL, NULL, '', NULL, NULL, 0, NULL, NULL, NULL, NULL, NULL, NULL, NULL, NULL, '2020-07-10 19:52:59', '2020-07-10 19:52:59'),
(60, 'roshansethia2008@gmail.com', 'Roshan Sethia', 'Ganniti', '9819035950', NULL, 0, NULL, NULL, NULL, '', NULL, NULL, 0, NULL, NULL, NULL, NULL, NULL, NULL, NULL, NULL, '2020-07-11 02:45:56', '2020-07-11 02:45:56'),
(61, 'karanp.spryox@gmail.com', 'Karan Palav', 'SpryOX', '8898412140', '1', 0, NULL, NULL, NULL, '', NULL, NULL, 0, NULL, NULL, NULL, NULL, NULL, NULL, NULL, NULL, '2020-07-11 06:54:34', '2020-07-11 06:54:34'),
(62, 'girish.spryox@gmail.com', 'Girish Bodhe', 'spryox', '1234867890', '1', 0, NULL, NULL, NULL, '', NULL, NULL, 0, NULL, NULL, NULL, NULL, NULL, NULL, NULL, NULL, '2020-07-11 09:23:35', '2020-07-11 09:23:35'),
(63, 'girishbodhe@gmail.com', 'Girish Bodhe', 'Spryox', '12345678', '3', 0, NULL, NULL, NULL, '', NULL, NULL, 0, NULL, NULL, NULL, NULL, NULL, NULL, NULL, NULL, '2020-07-11 09:42:24', '2020-07-11 09:42:24');

-- --------------------------------------------------------

--
-- Table structure for table `tbltenantspecific_supplier`
--

CREATE TABLE `tbltenantspecific_supplier` (
  `id` bigint(20) UNSIGNED NOT NULL,
  `tenant_id` bigint(20) UNSIGNED NOT NULL,
  `name` varchar(191) COLLATE utf8_unicode_ci NOT NULL,
  `image` varchar(191) COLLATE utf8_unicode_ci DEFAULT NULL,
  `email` varchar(191) COLLATE utf8_unicode_ci DEFAULT NULL,
  `phone` varchar(191) COLLATE utf8_unicode_ci DEFAULT NULL,
  `street_1` varchar(191) COLLATE utf8_unicode_ci DEFAULT NULL,
  `street_2` varchar(191) COLLATE utf8_unicode_ci DEFAULT NULL,
  `city` varchar(191) COLLATE utf8_unicode_ci DEFAULT NULL,
  `state` varchar(191) COLLATE utf8_unicode_ci DEFAULT NULL,
  `zip` varchar(191) COLLATE utf8_unicode_ci DEFAULT NULL,
  `country` bigint(20) UNSIGNED DEFAULT NULL,
  `is_active` bigint(20) UNSIGNED DEFAULT '1',
  `addedfrom` bigint(20) UNSIGNED DEFAULT NULL,
  `datecreated` datetime NOT NULL
) ENGINE=InnoDB DEFAULT CHARSET=utf8 COLLATE=utf8_unicode_ci;

--
-- Dumping data for table `tbltenantspecific_supplier`
--

INSERT INTO `tbltenantspecific_supplier` (`id`, `tenant_id`, `name`, `image`, `email`, `phone`, `street_1`, `street_2`, `city`, `state`, `zip`, `country`, `is_active`, `addedfrom`, `datecreated`) VALUES
(1, 1, 'D Mart', '5edb2593f2b4e.jpeg', 'dmart@gmail.com', '', '', '', '', '', '', 0, 1, 1, '2020-06-06 10:41:47'),
(17, 1, 'Amazon', '5edb62391132c.png', '', '', '', '', '', ' ', '', 0, 1, 34, '2020-06-06 15:00:33'),
(18, 1, 'D Mart empty 1', '5edb2593f2b4e.jpeg', 'dmart@gmail.com', '', '', '', '', '', '', 0, 1, 1, '2020-06-06 10:41:47'),
(19, 1, 'Amazon empty 1', '5edb62391132c.png', '', '', '', '', '', ' ', '', 0, 1, 34, '2020-06-06 15:00:33'),
(20, 1, 'D Mart empty 2', '5edb2593f2b4e.jpeg', 'dmart@gmail.com', '', '', '', '', '', '', 0, 1, 1, '2020-06-06 10:41:47'),
(21, 1, 'Amazon empty 2', '5edb62391132c.png', '', '', '', '', '', ' ', '', 0, 1, 34, '2020-06-06 15:00:33'),
(22, 1, 'D Mart empty 2', '5edb2593f2b4e.jpeg', 'dmart@gmail.com', '', '', '', '', '', '', 0, 1, 1, '2020-06-06 10:41:47'),
(23, 1, 'Amazon empty 2', '5edb62391132c.png', '', '', '', '', '', ' ', '', 0, 1, 34, '2020-06-06 15:00:33'),
(24, 1, 'D Mart empty 3', '5edb2593f2b4e.jpeg', 'dmart@gmail.com', '', '', '', '', '', '', 0, 1, 1, '2020-06-06 10:41:47'),
(25, 1, 'Amazon empty 3', '5edb62391132c.png', '', '', '', '', '', ' ', '', 0, 1, 34, '2020-06-06 15:00:33'),
(26, 1, 'D Mart empty 3', '5edb2593f2b4e.jpeg', 'dmart@gmail.com', '', '', '', '', '', '', 0, 1, 1, '2020-06-06 10:41:47'),
(27, 1, 'Amazon  empty 3', '5edb62391132c.png', '', '', '', '', '', ' ', '', 0, 1, 34, '2020-06-06 15:00:33'),
(28, 1, 'D Mart  empty 3', '5edb2593f2b4e.jpeg', 'dmart@gmail.com', '', '', '', '', '', '', 0, 1, 1, '2020-06-06 10:41:47'),
(29, 1, 'Amazon empty 3', '5edb62391132c.png', '', '', '', '', '', ' ', '', 0, 1, 34, '2020-06-06 15:00:33'),
(30, 1, 'D Mart  empty 3', '5edb2593f2b4e.jpeg', 'dmart@gmail.com', '', '', '', '', '', '', 0, 1, 1, '2020-06-06 10:41:47'),
(31, 1, 'Amazon empty 3', NULL, '', '', '', '', '', ' ', '', 0, 1, 34, '2020-06-06 15:00:33'),
(32, 1, 'Zomato updated', '5eddea28daf1d.png', '', '', '', '', '', ' ', '', 0, 1, 34, '2020-06-08 13:05:04'),
(33, 1, 'supplier', '5ede256e436de.png', '', '', '', '', '', '', '', 0, 1, 71, '2020-06-08 16:45:40'),
(34, 1, 'Ajinkya Sonar Edit Working', '5ee2541fd52bd.jpeg', 'iostestsupplier@test.com', '9167921112', 'Supplier Street 1', 'Supplier Street 2', 'Supplier City', 'Supplier State', '455622', 14, 1, 1, '2020-06-08 17:40:53'),
(35, 1, 'Test Observer receiving supplier ', '5ede2ffb771a0.jpeg', 'iosaddtest@test.com', '9126486733', 's', '', '', '', '', 0, 1, 1, '2020-06-08 18:02:59'),
(36, 1, 'Notification Add Test my supplier ', '5ede30768dec0.jpeg', 'testaddsupplier@test.com', '9126486753', '', '', '', '', '', 0, 1, 1, '2020-06-08 18:05:02'),
(37, 1, 'Ajinkya Sonar Add Supplier', '5edea387a9212.jpeg', 'ajinkya@supplier.com', '9167123456', '', '', '', '', '', 0, 1, 1, '2020-06-08 18:07:08'),
(38, 1, 'Hypercity', '5ee0aad100798.jpeg', 'hypercity@test.com', '9167123123', 'Hypercity street road ', 'Kanjurmarg LBS Marg', 'Kanjur ', 'Maharashtra', '512345', 47, 1, 1, '2020-06-10 15:11:37'),
(39, 1, 'Sankan Demo supplier', '5ee10360db58d.jpg', 'chetan.spryox@gmail.com', '9860345142', 'Test street 1 ', 'Test street 2', 'Navi Mumbai', 'Maharashtra', '422008', 247, 1, 43, '2020-06-10 21:29:28'),
(40, 1, 'Test Add Supplier', NULL, 'test@test.com', ' ', ' ', ' ', ' ', ' ', ' ', 0, 1, 71, '2020-06-11 12:16:04'),
(41, 1, 'Test 1 Add Supplier', NULL, 'test@test1.com', ' ', ' ', ' ', ' ', ' ', ' ', 0, 1, 71, '2020-06-11 13:22:27'),
(42, 1, 'supplier add completion test', NULL, 'completion@test.com', '9156487343', '', '', '', '', '', 0, 1, 1, '2020-06-11 15:16:46'),
(43, 1, 'Normal Supplier Add Test', NULL, 'normal@test.com', '9167123123', '', '', '', '', '', 0, 1, 1, '2020-06-11 15:23:06'),
(44, 1, 'AddTest1', NULL, 'addtest1@test.com', '9920456456', '', '', '', '', '', 0, 1, 1, '2020-06-11 15:25:51'),
(45, 1, 'CompletionTest1', NULL, 'completiontest1@test.com', '9928123123', '', '', '', '', '', 0, 1, 1, '2020-06-11 15:26:27'),
(46, 1, 'Completion Test 2', NULL, 'completion2@test.com', '9920123456', '', '', '', '', '', 0, 1, 1, '2020-06-11 15:31:06'),
(47, 1, 'IOS completion test', NULL, 'completion@test3.com', '9928124215', '', '', '', '', '', 0, 1, 1, '2020-06-11 15:35:24'),
(48, 1, 'AddCimpletion4', NULL, 'addcimpletion@test.com', '9920123123', '', '', '', '', '', 0, 1, 1, '2020-06-11 15:37:10'),
(49, 1, 'Add Supplier Comp5', NULL, 'comp5@test.com', '9920852852', '', '', '', '', '', 0, 1, 1, '2020-06-11 15:40:48'),
(50, 1, 'comptest6', NULL, 'comp6@test.com', '9920258852', '', '', '', '', '', 0, 1, 1, '2020-06-11 15:43:05'),
(51, 1, 'comptest7', NULL, 'comp6@test.com', '9928123123', '', '', '', '', '', 0, 1, 1, '2020-06-11 15:46:39'),
(52, 1, 'comptest8', NULL, 'comp8@test.com', '992020123', '', '', '', '', '', 0, 1, 1, '2020-06-11 15:47:53'),
(53, 1, 'New Supplier Add Test 4', NULL, 'newsupplier4@test.com', '9120141414', '', '', '', '', '', 0, 1, 1, '2020-06-11 15:49:30'),
(54, 1, 'Supplier updated', NULL, '', '', '', '', '', ' ', '', 0, 1, 34, '2020-06-11 16:27:44'),
(55, 1, 'prime on', '5ee74c135d096.jpg', 'jadhav.chetan62@gmail.com', '9860345142', 'pl no 50', 'shahunagr cidco nashik', 'Nashik', 'Maharashtra', '422008', 5, 1, 43, '2020-06-15 15:53:15'),
(56, 1, 'Ak production', '5ee74d9f9bd8f.jpg', 'ak@gmail.com', '8806862623', '', '', '', '', '', 0, 1, 43, '2020-06-15 15:59:51'),
(57, 60, 'Sweta Steel', '5f0ccb8408b5c.jpg', '', '', '', '', '', '', '', 0, 1, 71, '2020-07-14 02:30:52'),
(58, 60, 'Chetna Steel', NULL, '', '', '', '', '', '', '', 0, 1, 71, '2020-07-14 02:31:57');

-- --------------------------------------------------------

--
-- Table structure for table `tbltenantspecific_supplies`
--

CREATE TABLE `tbltenantspecific_supplies` (
  `id` bigint(20) UNSIGNED NOT NULL,
  `tenantspecific_supplier_id` bigint(20) UNSIGNED NOT NULL,
  `tenantspecific_supply_category_id` bigint(20) UNSIGNED NOT NULL,
  `name` varchar(191) COLLATE utf8_unicode_ci NOT NULL,
  `image` varchar(191) COLLATE utf8_unicode_ci DEFAULT NULL,
  `price` decimal(15,2) DEFAULT '0.00',
  `is_active` bigint(20) UNSIGNED DEFAULT '1',
  `addedfrom` bigint(20) UNSIGNED DEFAULT NULL,
  `datecreated` datetime NOT NULL
) ENGINE=InnoDB DEFAULT CHARSET=utf8 COLLATE=utf8_unicode_ci;

--
-- Dumping data for table `tbltenantspecific_supplies`
--

INSERT INTO `tbltenantspecific_supplies` (`id`, `tenantspecific_supplier_id`, `tenantspecific_supply_category_id`, `name`, `image`, `price`, `is_active`, `addedfrom`, `datecreated`) VALUES
(1, 1, 1, 'Apple Taps', '5edcbfc6cd2ff.png', '50000.00', 1, 1, '2020-06-07 15:51:58'),
(2, 17, 2, 'Cement', '5edcdbdc66a48.png', '5000.00', 1, 1, '2020-06-07 17:51:48'),
(3, 17, 4, 'Supply added to amazon via api updated', '5ede04bb29a46.png', '200.00', 1, 34, '2020-06-08 14:58:27'),
(4, 17, 4, 'Added supply', '5ee374091508f.jpg', '200.00', 1, 34, '2020-06-08 15:08:08'),
(5, 1, 4, 'Supply Add Test P', '5ee20765dd501.png', '200.00', 1, 71, '2020-06-11 15:58:53'),
(6, 17, 4, 'Added supply one', '5ee3761404b8a.jpg', '200.00', 1, 34, '2020-06-11 16:03:57'),
(7, 17, 4, 'Added supply one', '5ee375f857aff.jpg', '200.00', 1, 34, '2020-06-11 16:21:03'),
(8, 1, 4, 'Supply Add Test P', '5ee20e1573b52.png', '200.00', 1, 71, '2020-06-11 16:27:25'),
(9, 1, 4, 'Supply Add Test P', '5ee215b79c8f5.png', '200.00', 1, 71, '2020-06-11 16:59:59'),
(10, 37, 4, 'Test Add Supply 1', '5ee217b466444.jpeg', '500.00', 1, 1, '2020-06-11 17:08:28'),
(11, 37, 4, 'Test add supply 2', '5ee38fa9eaa09.jpeg', '600.00', 1, 1, '2020-06-11 17:10:28'),
(12, 34, 4, 'Edit Supply Reloadd', '5f00a2a7a5df7.jpeg', '550.00', 1, 1, '2020-06-11 17:27:55'),
(13, 34, 2, 'Edit Supply Reload', '5ef4a23b88d6f.jpeg', '800.00', 1, 1, '2020-06-11 17:28:59'),
(14, 49, 4, 'Washroom Floor Cement', '5ee284b4e0870.jpg', '500.00', 1, 43, '2020-06-12 00:53:32'),
(15, 49, 4, 'Washroom Floor Cement', '5ee36b731e91e.jpg', '500.00', 1, 43, '2020-06-12 17:18:03'),
(16, 57, 12, 'roshan', NULL, '100.00', 1, 71, '2020-07-14 02:55:32');

-- --------------------------------------------------------

--
-- Table structure for table `tbltenantspecific_supply_category`
--

CREATE TABLE `tbltenantspecific_supply_category` (
  `id` bigint(20) UNSIGNED NOT NULL,
  `tenant_id` bigint(20) UNSIGNED NOT NULL,
  `name` varchar(191) COLLATE utf8_unicode_ci NOT NULL,
  `is_active` bigint(20) UNSIGNED DEFAULT '1',
  `addedfrom` bigint(20) UNSIGNED DEFAULT NULL,
  `datecreated` datetime NOT NULL
) ENGINE=InnoDB DEFAULT CHARSET=utf8 COLLATE=utf8_unicode_ci;

--
-- Dumping data for table `tbltenantspecific_supply_category`
--

INSERT INTO `tbltenantspecific_supply_category` (`id`, `tenant_id`, `name`, `is_active`, `addedfrom`, `datecreated`) VALUES
(1, 1, 'Taps', 1, 1, '0000-00-00 00:00:00'),
(2, 1, 'Walls', 1, 1, '0000-00-00 00:00:00'),
(3, 1, 'Cars', 1, 1, '2020-06-08 13:02:10'),
(4, 1, 'Others', 1, NULL, '2020-06-08 14:58:27'),
(5, 1, 'New object', 1, 1, '2020-06-10 21:30:02'),
(6, 1, 'Supply Category Add Test', 1, 1, '2020-06-10 22:19:06'),
(7, 1, 'Carss', 1, 1, '2020-06-11 14:52:25'),
(8, 1, 'Test ADD Category IOS ', 1, 1, '2020-06-11 15:02:53'),
(9, 1, 'Bikes', 1, 1, '2020-06-11 16:28:45'),
(10, 1, 'Doors', 1, 43, '2020-06-15 12:26:00'),
(11, 1, 'Flush Doors', 1, 43, '2020-06-15 12:29:08'),
(12, 60, 'xy', 1, 71, '2020-07-14 02:55:05');

-- --------------------------------------------------------

--
-- Table structure for table `tbltickets`
--

CREATE TABLE `tbltickets` (
  `tenant_id` bigint(20) UNSIGNED NOT NULL DEFAULT '1',
  `ticketid` bigint(20) UNSIGNED NOT NULL,
  `adminreplying` bigint(20) UNSIGNED NOT NULL DEFAULT '0',
  `userid` bigint(20) UNSIGNED NOT NULL,
  `contactid` bigint(20) UNSIGNED NOT NULL DEFAULT '0',
  `email` text,
  `name` text,
  `department` bigint(20) UNSIGNED NOT NULL,
  `priority` bigint(20) UNSIGNED NOT NULL,
  `status` bigint(20) UNSIGNED NOT NULL,
  `service` bigint(20) UNSIGNED DEFAULT NULL,
  `ticketkey` varchar(32) NOT NULL,
  `subject` varchar(191) NOT NULL,
  `message` text,
  `admin` bigint(20) UNSIGNED DEFAULT NULL,
  `date` datetime NOT NULL,
  `project_id` bigint(20) UNSIGNED NOT NULL DEFAULT '0',
  `lastreply` datetime DEFAULT NULL,
  `clientread` bigint(20) UNSIGNED NOT NULL DEFAULT '0',
  `adminread` bigint(20) UNSIGNED NOT NULL DEFAULT '0',
  `assigned` bigint(20) UNSIGNED NOT NULL DEFAULT '0'
) ENGINE=InnoDB DEFAULT CHARSET=utf8;

-- --------------------------------------------------------

--
-- Table structure for table `tbltickets_pipe_log`
--

CREATE TABLE `tbltickets_pipe_log` (
  `tenant_id` bigint(20) UNSIGNED NOT NULL DEFAULT '1',
  `id` bigint(20) UNSIGNED NOT NULL,
  `date` datetime NOT NULL,
  `email_to` varchar(100) NOT NULL,
  `name` varchar(191) NOT NULL,
  `subject` varchar(191) NOT NULL,
  `message` mediumtext NOT NULL,
  `email` varchar(100) NOT NULL,
  `status` varchar(100) NOT NULL
) ENGINE=InnoDB DEFAULT CHARSET=utf8;

-- --------------------------------------------------------

--
-- Table structure for table `tbltickets_predefined_replies`
--

CREATE TABLE `tbltickets_predefined_replies` (
  `tenant_id` bigint(20) UNSIGNED NOT NULL DEFAULT '1',
  `id` bigint(20) UNSIGNED NOT NULL,
  `name` varchar(191) NOT NULL,
  `message` text NOT NULL
) ENGINE=InnoDB DEFAULT CHARSET=utf8;

-- --------------------------------------------------------

--
-- Table structure for table `tbltickets_priorities`
--

CREATE TABLE `tbltickets_priorities` (
  `tenant_id` bigint(20) UNSIGNED NOT NULL DEFAULT '1',
  `priorityid` bigint(20) UNSIGNED NOT NULL,
  `name` varchar(50) NOT NULL
) ENGINE=InnoDB DEFAULT CHARSET=utf8;

--
-- Dumping data for table `tbltickets_priorities`
--

INSERT INTO `tbltickets_priorities` (`tenant_id`, `priorityid`, `name`) VALUES
(1, 1, 'Low'),
(1, 2, 'Medium'),
(1, 3, 'High'),
(52, 4, 'Low'),
(52, 5, 'Medium'),
(52, 6, 'High'),
(53, 7, 'Low'),
(53, 8, 'Medium'),
(53, 9, 'High'),
(55, 10, 'Low'),
(55, 11, 'Medium'),
(55, 12, 'High'),
(56, 13, 'Low'),
(56, 14, 'Medium'),
(56, 15, 'High'),
(57, 16, 'Low'),
(57, 17, 'Medium'),
(57, 18, 'High'),
(59, 19, 'Low'),
(59, 20, 'Medium'),
(59, 21, 'High'),
(60, 22, 'Low'),
(60, 23, 'Medium'),
(60, 24, 'High'),
(61, 25, 'Low'),
(61, 26, 'Medium'),
(61, 27, 'High'),
(62, 28, 'Low'),
(62, 29, 'Medium'),
(62, 30, 'High'),
(63, 31, 'Low'),
(63, 32, 'Medium'),
(63, 33, 'High');

-- --------------------------------------------------------

--
-- Table structure for table `tbltickets_priorities_static`
--

CREATE TABLE `tbltickets_priorities_static` (
  `priorityid` bigint(20) UNSIGNED NOT NULL,
  `name` varchar(50) NOT NULL
) ENGINE=InnoDB DEFAULT CHARSET=utf8;

--
-- Dumping data for table `tbltickets_priorities_static`
--

INSERT INTO `tbltickets_priorities_static` (`priorityid`, `name`) VALUES
(1, 'Low'),
(2, 'Medium'),
(3, 'High');

-- --------------------------------------------------------

--
-- Table structure for table `tbltickets_status`
--

CREATE TABLE `tbltickets_status` (
  `tenant_id` bigint(20) UNSIGNED NOT NULL DEFAULT '1',
  `ticketstatusid` bigint(20) UNSIGNED NOT NULL,
  `name` varchar(50) NOT NULL,
  `isdefault` bigint(20) UNSIGNED NOT NULL DEFAULT '0',
  `statuscolor` varchar(7) DEFAULT NULL,
  `statusorder` bigint(20) UNSIGNED DEFAULT NULL
) ENGINE=InnoDB DEFAULT CHARSET=utf8;

--
-- Dumping data for table `tbltickets_status`
--

INSERT INTO `tbltickets_status` (`tenant_id`, `ticketstatusid`, `name`, `isdefault`, `statuscolor`, `statusorder`) VALUES
(1, 1, 'Open', 1, '#ff2d42', 1),
(1, 2, 'In progress', 1, '#84c529', 2),
(1, 3, 'Answered', 1, '#0000ff', 3),
(1, 4, 'On Hold', 1, '#c0c0c0', 4),
(1, 5, 'Closed', 1, '#03a9f4', 5),
(52, 6, 'Open', 1, '#ff2d42', 1),
(52, 7, 'In progress', 1, '#84c529', 2),
(52, 8, 'Answered', 1, '#0000ff', 3),
(52, 9, 'On Hold', 1, '#c0c0c0', 4),
(52, 10, 'Closed', 1, '#03a9f4', 5),
(53, 13, 'Open', 1, '#ff2d42', 1),
(53, 14, 'In progress', 1, '#84c529', 2),
(53, 15, 'Answered', 1, '#0000ff', 3),
(53, 16, 'On Hold', 1, '#c0c0c0', 4),
(53, 17, 'Closed', 1, '#03a9f4', 5),
(55, 20, 'Open', 1, '#ff2d42', 1),
(55, 21, 'In progress', 1, '#84c529', 2),
(55, 22, 'Answered', 1, '#0000ff', 3),
(55, 23, 'On Hold', 1, '#c0c0c0', 4),
(55, 24, 'Closed', 1, '#03a9f4', 5),
(56, 27, 'Open', 1, '#ff2d42', 1),
(56, 28, 'In progress', 1, '#84c529', 2),
(56, 29, 'Answered', 1, '#0000ff', 3),
(56, 30, 'On Hold', 1, '#c0c0c0', 4),
(56, 31, 'Closed', 1, '#03a9f4', 5),
(57, 34, 'Open', 1, '#ff2d42', 1),
(57, 35, 'In progress', 1, '#84c529', 2),
(57, 36, 'Answered', 1, '#0000ff', 3),
(57, 37, 'On Hold', 1, '#c0c0c0', 4),
(57, 38, 'Closed', 1, '#03a9f4', 5),
(59, 39, 'Open', 1, '#ff2d42', 1),
(59, 40, 'In progress', 1, '#84c529', 2),
(59, 41, 'Answered', 1, '#0000ff', 3),
(59, 42, 'On Hold', 1, '#c0c0c0', 4),
(59, 43, 'Closed', 1, '#03a9f4', 5),
(60, 46, 'Open', 1, '#ff2d42', 1),
(60, 47, 'In progress', 1, '#84c529', 2),
(60, 48, 'Answered', 1, '#0000ff', 3),
(60, 49, 'On Hold', 1, '#c0c0c0', 4),
(60, 50, 'Closed', 1, '#03a9f4', 5),
(61, 53, 'Open', 1, '#ff2d42', 1),
(61, 54, 'In progress', 1, '#84c529', 2),
(61, 55, 'Answered', 1, '#0000ff', 3),
(61, 56, 'On Hold', 1, '#c0c0c0', 4),
(61, 57, 'Closed', 1, '#03a9f4', 5),
(62, 60, 'Open', 1, '#ff2d42', 1),
(62, 61, 'In progress', 1, '#84c529', 2),
(62, 62, 'Answered', 1, '#0000ff', 3),
(62, 63, 'On Hold', 1, '#c0c0c0', 4),
(62, 64, 'Closed', 1, '#03a9f4', 5),
(63, 67, 'Open', 1, '#ff2d42', 1),
(63, 68, 'In progress', 1, '#84c529', 2),
(63, 69, 'Answered', 1, '#0000ff', 3),
(63, 70, 'On Hold', 1, '#c0c0c0', 4),
(63, 71, 'Closed', 1, '#03a9f4', 5);

-- --------------------------------------------------------

--
-- Table structure for table `tbltickets_status_static`
--

CREATE TABLE `tbltickets_status_static` (
  `ticketstatusid` bigint(20) UNSIGNED NOT NULL,
  `name` varchar(50) NOT NULL,
  `isdefault` bigint(20) UNSIGNED NOT NULL DEFAULT '0',
  `statuscolor` varchar(7) DEFAULT NULL,
  `statusorder` bigint(20) UNSIGNED DEFAULT NULL
) ENGINE=InnoDB DEFAULT CHARSET=utf8;

--
-- Dumping data for table `tbltickets_status_static`
--

INSERT INTO `tbltickets_status_static` (`ticketstatusid`, `name`, `isdefault`, `statuscolor`, `statusorder`) VALUES
(1, 'Open', 1, '#ff2d42', 1),
(2, 'In progress', 1, '#84c529', 2),
(3, 'Answered', 1, '#0000ff', 3),
(4, 'On Hold', 1, '#c0c0c0', 4),
(5, 'Closed', 1, '#03a9f4', 5);

-- --------------------------------------------------------

--
-- Table structure for table `tblticket_attachments`
--

CREATE TABLE `tblticket_attachments` (
  `tenant_id` bigint(20) UNSIGNED NOT NULL DEFAULT '1',
  `id` bigint(20) UNSIGNED NOT NULL,
  `ticketid` bigint(20) UNSIGNED NOT NULL,
  `replyid` bigint(20) UNSIGNED DEFAULT NULL,
  `file_name` varchar(191) NOT NULL,
  `filetype` varchar(50) DEFAULT NULL,
  `dateadded` datetime NOT NULL
) ENGINE=InnoDB DEFAULT CHARSET=utf8;

-- --------------------------------------------------------

--
-- Table structure for table `tblticket_replies`
--

CREATE TABLE `tblticket_replies` (
  `tenant_id` bigint(20) UNSIGNED NOT NULL DEFAULT '1',
  `id` bigint(20) UNSIGNED NOT NULL,
  `ticketid` bigint(20) UNSIGNED NOT NULL,
  `userid` bigint(20) UNSIGNED DEFAULT NULL,
  `contactid` bigint(20) UNSIGNED NOT NULL DEFAULT '0',
  `name` text,
  `email` text,
  `date` datetime NOT NULL,
  `message` text,
  `attachment` bigint(20) UNSIGNED DEFAULT NULL,
  `admin` bigint(20) UNSIGNED DEFAULT NULL
) ENGINE=InnoDB DEFAULT CHARSET=utf8;

-- --------------------------------------------------------

--
-- Table structure for table `tbltodos`
--

CREATE TABLE `tbltodos` (
  `tenant_id` bigint(20) UNSIGNED NOT NULL DEFAULT '1',
  `todoid` bigint(20) UNSIGNED NOT NULL,
  `description` text NOT NULL,
  `staffid` bigint(20) UNSIGNED NOT NULL,
  `dateadded` datetime NOT NULL,
  `finished` tinyint(1) NOT NULL,
  `datefinished` datetime DEFAULT NULL,
  `item_order` bigint(20) UNSIGNED DEFAULT NULL
) ENGINE=InnoDB DEFAULT CHARSET=utf8;

--
-- Dumping data for table `tbltodos`
--

INSERT INTO `tbltodos` (`tenant_id`, `todoid`, `description`, `staffid`, `dateadded`, `finished`, `datefinished`, `item_order`) VALUES
(1, 6, 'Testing api add. Edited', 1, '2020-06-18 13:22:45', 1, '2020-07-12 22:09:02', 1),
(1, 7, 'i want to get the standup calljjjjjj', 1, '2020-06-19 11:14:10', 1, '2020-07-12 22:09:07', 2),
(1, 8, 'Test', 43, '2020-06-19 13:22:53', 0, '2020-06-20 04:41:46', NULL),
(1, 10, 'New Todo 1', 43, '2020-06-19 13:48:47', 0, '2020-06-20 04:41:45', NULL),
(1, 11, 'Testing', 43, '2020-06-19 15:14:46', 1, '2020-06-20 14:40:26', NULL),
(1, 13, 'need the complete todo list ', 1, '2020-06-19 18:45:23', 1, '2020-07-09 15:30:40', NULL),
(1, 14, 'testing the testing device for the testing device app is available for Android phone and the mail is working fine for the call please call let’s discuss it tomorrow or call me the call and call let’s discuss this changes please let me know when we ', 1, '2020-06-19 18:46:10', 1, '2020-07-05 02:24:12', NULL),
(1, 16, 'this is testing todo<br />\r\n', 1, '2020-06-20 17:19:35', 1, '2020-07-12 22:09:06', NULL),
(60, 18, 'Explaining bugs to Android Team', 71, '2020-07-14 02:15:12', 1, '2020-07-14 02:21:39', NULL);

-- --------------------------------------------------------

--
-- Table structure for table `tbltracked_mails`
--

CREATE TABLE `tbltracked_mails` (
  `tenant_id` bigint(20) UNSIGNED NOT NULL DEFAULT '1',
  `id` bigint(20) UNSIGNED NOT NULL,
  `uid` varchar(32) NOT NULL,
  `rel_id` bigint(20) UNSIGNED NOT NULL,
  `rel_type` varchar(40) NOT NULL,
  `date` datetime NOT NULL,
  `email` varchar(100) NOT NULL,
  `opened` tinyint(1) NOT NULL DEFAULT '0',
  `date_opened` datetime DEFAULT NULL,
  `subject` mediumtext
) ENGINE=InnoDB DEFAULT CHARSET=utf8;

--
-- Dumping data for table `tbltracked_mails`
--

INSERT INTO `tbltracked_mails` (`tenant_id`, `id`, `uid`, `rel_id`, `rel_type`, `date`, `email`, `opened`, `date_opened`, `subject`) VALUES
(1, 1, 'd7422e9118e014479119120cbcf8b9a4', 17, 'invoice', '2020-07-03 22:24:32', 'tushar.spryox@gmail.com', 1, '2020-07-03 23:24:08', 'Invoice with number INV-000017 created'),
(1, 2, 'f7683edbadd319b90f3c04e2572725ad', 17, 'invoice', '2020-07-04 22:53:13', 'vikram.spryox@gmail.com', 1, '2020-07-04 23:07:09', 'Invoice with number INV-000017 created'),
(1, 3, 'e138892ae1133cb917450fac1f322bb4', 17, 'invoice', '2020-07-13 18:29:23', 'tushar.spryox@gmail.com', 0, NULL, 'Invoice mail'),
(1, 4, '7653127771dafc303375e24048937bee', 17, 'invoice', '2020-07-13 21:22:33', 'tushar.spryox@gmail.com', 0, NULL, 'Invoice mail'),
(1, 5, '5d29181dd80b71ddcfb47e744f2abb82', 17, 'invoice', '2020-07-13 21:23:50', 'tushar.spryox@gmail.com', 0, NULL, 'Invoice mail');

-- --------------------------------------------------------

--
-- Table structure for table `tbluser_api`
--

CREATE TABLE `tbluser_api` (
  `id` int(11) NOT NULL,
  `user` varchar(50) NOT NULL,
  `name` varchar(50) NOT NULL,
  `password` varchar(50) NOT NULL,
  `token` varchar(255) NOT NULL,
  `expiration_date` datetime NOT NULL
) ENGINE=InnoDB DEFAULT CHARSET=latin1;

--
-- Dumping data for table `tbluser_api`
--

INSERT INTO `tbluser_api` (`id`, `user`, `name`, `password`, `token`, `expiration_date`) VALUES
(2, 'API User', 'Api USer', 'spryox', 'eyJ0eXAiOiJKV1QiLCJhbGciOiJIUzI1NiJ9.eyJ1c2VyIjoiQVBJIFRva2VuIiwibmFtZSI6IkFQSSBUb2tlbiBVc2VyIiwicGFzc3dvcmQiOm51bGwsIkFQSV9USU1FIjoxNTg4NjY3NTQ0fQ.Oq8ursv2w7xXT8Pfx5KhTKYl4_UqUzaduwMl9uoMiIs', '2020-06-30 01:12:41'),
(3, 'API User Testing', 'API User Testing', '$2a$08$hLVLjmWgD7RCM6akbmXpVuKLy5MljcCVVXPyyyEgPJV', 'eyJ0eXAiOiJKV1QiLCJhbGciOiJIUzI1NiJ9.eyJ1c2VyIjoiQVBJIFVzZXIgVGVzdGluZyIsIm5hbWUiOiJBUEkgVXNlciBUZXN0aW5nIiwicGFzc3dvcmQiOm51bGwsIkFQSV9USU1FIjoxNTkxMjg5MzIzfQ.DoqKdH8lh817nhYzc-DFwOVd3hR8p8vjHJwV5_0mlss', '2020-06-30 22:18:00');

-- --------------------------------------------------------

--
-- Table structure for table `tbluser_auto_login`
--

CREATE TABLE `tbluser_auto_login` (
  `tenant_id` bigint(20) UNSIGNED NOT NULL DEFAULT '1',
  `key_id` char(32) NOT NULL,
  `user_id` bigint(20) UNSIGNED NOT NULL,
  `user_agent` varchar(150) NOT NULL,
  `last_ip` varchar(40) NOT NULL,
  `last_login` timestamp NOT NULL DEFAULT CURRENT_TIMESTAMP ON UPDATE CURRENT_TIMESTAMP,
  `staff` bigint(20) UNSIGNED NOT NULL
) ENGINE=InnoDB DEFAULT CHARSET=utf8;

--
-- Dumping data for table `tbluser_auto_login`
--

INSERT INTO `tbluser_auto_login` (`tenant_id`, `key_id`, `user_id`, `user_agent`, `last_ip`, `last_login`, `staff`) VALUES
(1, 'e77f762b369d4f07e481c2d2573b88b5', 1, 'Mozilla/5.0 (Windows NT 10.0; Win64; x64) AppleWebKit/537.36 (KHTML, like Gecko) Chrome/83.0.4103.106 Safari/537.36', '103.101.113.99', '2020-06-18 07:17:11', 1),
(1, 'e327f9001d489ed67ae17cad14a40e80', 1, 'Mozilla/5.0 (Windows NT 10.0; Win64; x64) AppleWebKit/537.36 (KHTML, like Gecko) Chrome/83.0.4103.106 Safari/537.36', '47.8.154.137', '2020-06-18 08:24:36', 1),
(1, '56fb8d21d80f738c81368f2fb2c9e66b', 1, 'Mozilla/5.0 (Windows NT 10.0; Win64; x64) AppleWebKit/537.36 (KHTML, like Gecko) Chrome/83.0.4103.106 Safari/537.36', '103.101.113.99', '2020-06-18 14:22:19', 1),
(1, 'c6ce87baa9508f958b0f0f666cb47619', 1, 'Mozilla/5.0 (Macintosh; Intel Mac OS X 10_14_6) AppleWebKit/537.36 (KHTML, like Gecko) Chrome/83.0.4103.106 Safari/537.36', '1.38.148.16', '2020-06-18 15:32:51', 1),
(1, '263390a8ca8e6d7f90d6ed927105c217', 1, 'Mozilla/5.0 (Windows NT 10.0; Win64; x64) AppleWebKit/537.36 (KHTML, like Gecko) Chrome/83.0.4103.106 Safari/537.36', '103.101.113.99', '2020-06-19 07:47:52', 1),
(1, '8a47956f314446b22fb9da5a46cc22a3', 1, 'Mozilla/5.0 (Windows NT 10.0; Win64; x64) AppleWebKit/537.36 (KHTML, like Gecko) Chrome/83.0.4103.116 Safari/537.36', '103.21.184.11', '2020-07-06 16:27:12', 1),
(1, 'fbf39af1ceb5787318b063be0ab28b82', 1, 'Mozilla/5.0 (Windows NT 10.0; Win64; x64) AppleWebKit/537.36 (KHTML, like Gecko) Chrome/83.0.4103.116 Safari/537.36', '103.21.184.11', '2020-07-07 06:18:37', 1);

-- --------------------------------------------------------

--
-- Table structure for table `tbluser_meta`
--

CREATE TABLE `tbluser_meta` (
  `tenant_id` bigint(20) UNSIGNED NOT NULL DEFAULT '1',
  `umeta_id` bigint(20) UNSIGNED NOT NULL,
  `staff_id` bigint(20) UNSIGNED NOT NULL DEFAULT '0',
  `client_id` bigint(20) UNSIGNED NOT NULL DEFAULT '0',
  `contact_id` bigint(20) UNSIGNED NOT NULL DEFAULT '0',
  `meta_key` varchar(191) DEFAULT NULL,
  `meta_value` longtext
) ENGINE=InnoDB DEFAULT CHARSET=utf8;

--
-- Dumping data for table `tbluser_meta`
--

INSERT INTO `tbluser_meta` (`tenant_id`, `umeta_id`, `staff_id`, `client_id`, `contact_id`, `meta_key`, `meta_value`) VALUES
(1, 1, 1, 0, 0, 'dashboard_widgets_order', 'a:8:{s:6:\"top-12\";a:1:{i:0;s:16:\"widget-top_stats\";}s:13:\"middle-left-6\";a:0:{}s:14:\"middle-right-6\";a:0:{}s:6:\"left-8\";a:8:{i:0;s:23:\"widget-finance_overview\";i:1;s:12:\"widget-todos\";i:2;s:18:\"widget-leads_chart\";i:3;s:16:\"widget-user_data\";i:4;s:22:\"widget-upcoming_events\";i:5;s:15:\"widget-calendar\";i:6;s:28:\"widget-weekly_payments_chart\";i:7;s:25:\"widget-today_appointments\";}s:7:\"right-4\";a:3:{i:0;s:20:\"widget-tickets_chart\";i:1;s:24:\"widget-projects_activity\";i:2;s:21:\"widget-projects_chart\";}s:13:\"bottom-left-4\";a:0:{}s:15:\"bottom-middle-4\";a:0:{}s:14:\"bottom-right-4\";a:0:{}}'),
(1, 3, 1, 0, 0, 'recent_searches', '[]'),
(1, 4, 0, 0, 65, 'consent_key', 'e35e389244c66c0a922ad28e3a3856f5-97a523445e4e80592b807ddbe30363a6'),
(1, 5, 0, 0, 103, 'consent_key', '95113f667193b20b3611205ece3ec57e-5be8e80344881a4f0f2bc64d65eff8df'),
(1, 6, 0, 0, 101, 'consent_key', '9190c558d13588cb7b5fcb1926a04920-e8b0f7999d270680985504abaf8ec543'),
(1, 7, 0, 0, 90, 'consent_key', '4d3164f61cea3bbb20170b096a7b2a94-c1e7bd332f834b4896b37bf533aa40cf'),
(1, 8, 0, 0, 63, 'consent_key', '954671ca1b830b964e7ce50ae218a96c-7bfbfbe4db76df8c31e1a769de5485c3'),
(1, 9, 0, 0, 88, 'consent_key', 'e68a60eac56ad3e18d7783dda8c11165-66262b85b07789a982a7c7c483bfc2d0'),
(1, 10, 0, 0, 133, 'consent_key', '06d62115c61158d1ebf97049bb4437f9-0d43fd92283b9659d6c6ed3ebb504bf7'),
(1, 11, 0, 0, 147, 'consent_key', 'c313ee8f3a30b7810bbee6a651048906-7f2de8775ed56d4ebd7a9e83645d571c');

-- --------------------------------------------------------

--
-- Table structure for table `tblvault`
--

CREATE TABLE `tblvault` (
  `tenant_id` bigint(20) UNSIGNED NOT NULL DEFAULT '1',
  `id` bigint(20) UNSIGNED NOT NULL,
  `customer_id` bigint(20) UNSIGNED NOT NULL,
  `server_address` varchar(191) NOT NULL,
  `port` bigint(20) UNSIGNED DEFAULT NULL,
  `username` varchar(191) NOT NULL,
  `password` text NOT NULL,
  `description` text,
  `creator` bigint(20) UNSIGNED NOT NULL,
  `creator_name` varchar(100) DEFAULT NULL,
  `visibility` tinyint(1) NOT NULL DEFAULT '1',
  `share_in_projects` tinyint(1) NOT NULL DEFAULT '0',
  `last_updated` datetime DEFAULT NULL,
  `last_updated_from` varchar(100) DEFAULT NULL,
  `date_created` datetime NOT NULL
) ENGINE=InnoDB DEFAULT CHARSET=utf8;

-- --------------------------------------------------------

--
-- Table structure for table `tblviews_tracking`
--

CREATE TABLE `tblviews_tracking` (
  `tenant_id` bigint(20) UNSIGNED NOT NULL DEFAULT '1',
  `id` bigint(20) UNSIGNED NOT NULL,
  `rel_id` bigint(20) UNSIGNED NOT NULL,
  `rel_type` varchar(40) NOT NULL,
  `date` datetime NOT NULL,
  `view_ip` varchar(40) NOT NULL
) ENGINE=InnoDB DEFAULT CHARSET=utf8;

--
-- Dumping data for table `tblviews_tracking`
--

INSERT INTO `tblviews_tracking` (`tenant_id`, `id`, `rel_id`, `rel_type`, `date`, `view_ip`) VALUES
(1, 1, 7, 'estimate', '2020-06-15 21:01:30', '52.114.142.71'),
(1, 2, 17, 'invoice', '2020-07-01 21:14:49', '43.242.229.252'),
(1, 3, 17, 'invoice', '2020-07-02 00:32:53', '43.242.229.252'),
(1, 4, 10, 'invoice', '2020-07-02 01:17:29', '43.242.229.252'),
(1, 5, 17, 'invoice', '2020-07-03 00:33:55', '103.216.145.17'),
(1, 6, 17, 'invoice', '2020-07-04 23:07:22', '74.125.210.4');

-- --------------------------------------------------------

--
-- Table structure for table `tblweb_to_lead`
--

CREATE TABLE `tblweb_to_lead` (
  `tenant_id` bigint(20) UNSIGNED NOT NULL DEFAULT '1',
  `id` bigint(20) UNSIGNED NOT NULL,
  `form_key` varchar(32) NOT NULL,
  `lead_source` bigint(20) UNSIGNED NOT NULL,
  `lead_status` bigint(20) UNSIGNED NOT NULL,
  `notify_lead_imported` bigint(20) UNSIGNED NOT NULL DEFAULT '1',
  `notify_type` varchar(20) DEFAULT NULL,
  `notify_ids` mediumtext,
  `responsible` bigint(20) UNSIGNED NOT NULL DEFAULT '0',
  `name` varchar(191) NOT NULL,
  `form_data` mediumtext,
  `recaptcha` bigint(20) UNSIGNED NOT NULL DEFAULT '0',
  `submit_btn_name` varchar(40) DEFAULT NULL,
  `success_submit_msg` text,
  `language` varchar(40) DEFAULT NULL,
  `allow_duplicate` bigint(20) UNSIGNED NOT NULL DEFAULT '1',
  `mark_public` bigint(20) UNSIGNED NOT NULL DEFAULT '0',
  `track_duplicate_field` varchar(20) DEFAULT NULL,
  `track_duplicate_field_and` varchar(20) DEFAULT NULL,
  `create_task_on_duplicate` bigint(20) UNSIGNED NOT NULL DEFAULT '0',
  `dateadded` datetime NOT NULL
) ENGINE=InnoDB DEFAULT CHARSET=utf8;

-- --------------------------------------------------------

--
-- Table structure for table `tbl_leads_conversations`
--

CREATE TABLE `tbl_leads_conversations` (
  `id` bigint(20) UNSIGNED NOT NULL,
  `tenant_id` bigint(20) UNSIGNED NOT NULL,
  `lead_id` bigint(20) UNSIGNED NOT NULL,
  `conversation` longtext NOT NULL,
  `status` bigint(20) NOT NULL,
  `staff_id` bigint(20) UNSIGNED NOT NULL,
  `conversation_date` datetime NOT NULL,
  `type` varchar(50) DEFAULT NULL,
  `added_by` bigint(20) UNSIGNED NOT NULL,
  `added_on` datetime NOT NULL,
  `modified_by` bigint(20) UNSIGNED NOT NULL,
  `modified_on` datetime NOT NULL
) ENGINE=InnoDB DEFAULT CHARSET=utf8;

--
-- Dumping data for table `tbl_leads_conversations`
--

INSERT INTO `tbl_leads_conversations` (`id`, `tenant_id`, `lead_id`, `conversation`, `status`, `staff_id`, `conversation_date`, `type`, `added_by`, `added_on`, `modified_by`, `modified_on`) VALUES
(1, 1, 2, 'fjyiy', 1, 67, '2020-06-13 00:00:00', 'phone_call', 0, '2020-06-06 14:47:09', 0, '2020-06-06 14:47:09'),
(2, 1, 2, 'vvg', 1, 34, '2020-06-06 00:00:00', 'phone_call', 0, '2020-06-06 14:48:43', 0, '2020-06-06 14:48:43'),
(3, 1, 2, 'ufit', 1, 67, '2020-06-06 00:00:00', 'phone_call', 0, '2020-06-06 14:51:49', 0, '2020-06-06 14:51:49'),
(4, 1, 10, 'Test 123', 5, 1, '2020-05-20 00:00:00', 'phone_call', 0, '2020-06-06 15:10:01', 0, '2020-06-06 15:10:01'),
(5, 1, 1, 'New Lead Conversation add test iOS', 0, 1, '2020-06-07 00:00:00', 'phone_call', 0, '2020-06-06 15:25:27', 0, '2020-06-06 15:25:27'),
(6, 1, 1, 'New Lead Conversation add test iOS', 1, 1, '2020-06-07 00:00:00', 'phone_call', 0, '2020-06-06 15:25:41', 0, '2020-06-06 15:25:41'),
(7, 1, 1, 'Test add conversation part two iOS ', 1, 1, '2020-06-08 00:00:00', 'in_person', 0, '2020-06-06 15:31:47', 0, '2020-06-06 15:31:47'),
(8, 1, 1, 'Last Conversion add test iOS', 1, 44, '2020-06-08 00:00:00', 'phone_call', 0, '2020-06-06 15:37:40', 0, '2020-06-06 15:37:40');

--
-- Indexes for dumped tables
--

--
-- Indexes for table `tblactivity_log`
--
ALTER TABLE `tblactivity_log`
  ADD PRIMARY KEY (`id`),
  ADD KEY `staffid` (`staffid`);

--
-- Indexes for table `tblannouncements`
--
ALTER TABLE `tblannouncements`
  ADD PRIMARY KEY (`announcementid`);

--
-- Indexes for table `tblapad_options`
--
ALTER TABLE `tblapad_options`
  ADD PRIMARY KEY (`id`),
  ADD KEY `name` (`name`);

--
-- Indexes for table `tblappointly_appointments`
--
ALTER TABLE `tblappointly_appointments`
  ADD PRIMARY KEY (`id`);

--
-- Indexes for table `tblappointly_appointment_types`
--
ALTER TABLE `tblappointly_appointment_types`
  ADD PRIMARY KEY (`id`);

--
-- Indexes for table `tblappointly_callbacks`
--
ALTER TABLE `tblappointly_callbacks`
  ADD PRIMARY KEY (`id`);

--
-- Indexes for table `tblappointly_callbacks_assignees`
--
ALTER TABLE `tblappointly_callbacks_assignees`
  ADD PRIMARY KEY (`id`);

--
-- Indexes for table `tblappointly_google`
--
ALTER TABLE `tblappointly_google`
  ADD PRIMARY KEY (`id`);

--
-- Indexes for table `tblapp_admin`
--
ALTER TABLE `tblapp_admin`
  ADD PRIMARY KEY (`id`);

--
-- Indexes for table `tblarea_tasks`
--
ALTER TABLE `tblarea_tasks`
  ADD PRIMARY KEY (`id`),
  ADD KEY `area_id` (`area_id`);

--
-- Indexes for table `tblassets`
--
ALTER TABLE `tblassets`
  ADD PRIMARY KEY (`id`);

--
-- Indexes for table `tblassets_acction_1`
--
ALTER TABLE `tblassets_acction_1`
  ADD PRIMARY KEY (`id`);

--
-- Indexes for table `tblassets_acction_2`
--
ALTER TABLE `tblassets_acction_2`
  ADD PRIMARY KEY (`id`);

--
-- Indexes for table `tblassets_group`
--
ALTER TABLE `tblassets_group`
  ADD PRIMARY KEY (`group_id`);

--
-- Indexes for table `tblasset_location`
--
ALTER TABLE `tblasset_location`
  ADD PRIMARY KEY (`location_id`);

--
-- Indexes for table `tblasset_unit`
--
ALTER TABLE `tblasset_unit`
  ADD PRIMARY KEY (`unit_id`);

--
-- Indexes for table `tblclients`
--
ALTER TABLE `tblclients`
  ADD PRIMARY KEY (`userid`),
  ADD KEY `country` (`country`),
  ADD KEY `leadid` (`leadid`),
  ADD KEY `company` (`company`);

--
-- Indexes for table `tblcompany_rewards`
--
ALTER TABLE `tblcompany_rewards`
  ADD PRIMARY KEY (`id`);

--
-- Indexes for table `tblcompany_rewards_reedemption`
--
ALTER TABLE `tblcompany_rewards_reedemption`
  ADD PRIMARY KEY (`id`);

--
-- Indexes for table `tblconsents`
--
ALTER TABLE `tblconsents`
  ADD PRIMARY KEY (`id`),
  ADD KEY `purpose_id` (`purpose_id`),
  ADD KEY `contact_id` (`contact_id`),
  ADD KEY `lead_id` (`lead_id`);

--
-- Indexes for table `tblconsent_purposes`
--
ALTER TABLE `tblconsent_purposes`
  ADD PRIMARY KEY (`id`);

--
-- Indexes for table `tblcontacts`
--
ALTER TABLE `tblcontacts`
  ADD PRIMARY KEY (`id`),
  ADD KEY `userid` (`userid`),
  ADD KEY `firstname` (`firstname`),
  ADD KEY `lastname` (`lastname`),
  ADD KEY `email` (`email`),
  ADD KEY `is_primary` (`is_primary`);

--
-- Indexes for table `tblcontact_permissions`
--
ALTER TABLE `tblcontact_permissions`
  ADD PRIMARY KEY (`id`);

--
-- Indexes for table `tblcontracts`
--
ALTER TABLE `tblcontracts`
  ADD PRIMARY KEY (`id`),
  ADD KEY `client` (`client`),
  ADD KEY `contract_type` (`contract_type`);

--
-- Indexes for table `tblcontracts_types`
--
ALTER TABLE `tblcontracts_types`
  ADD PRIMARY KEY (`id`);

--
-- Indexes for table `tblcontract_comments`
--
ALTER TABLE `tblcontract_comments`
  ADD PRIMARY KEY (`id`);

--
-- Indexes for table `tblcontract_renewals`
--
ALTER TABLE `tblcontract_renewals`
  ADD PRIMARY KEY (`id`);

--
-- Indexes for table `tblcountries`
--
ALTER TABLE `tblcountries`
  ADD PRIMARY KEY (`country_id`);

--
-- Indexes for table `tblcreditnotes`
--
ALTER TABLE `tblcreditnotes`
  ADD PRIMARY KEY (`id`),
  ADD KEY `currency` (`currency`),
  ADD KEY `clientid` (`clientid`),
  ADD KEY `project_id` (`project_id`);

--
-- Indexes for table `tblcreditnote_refunds`
--
ALTER TABLE `tblcreditnote_refunds`
  ADD PRIMARY KEY (`id`);

--
-- Indexes for table `tblcredits`
--
ALTER TABLE `tblcredits`
  ADD PRIMARY KEY (`id`);

--
-- Indexes for table `tblcurrencies`
--
ALTER TABLE `tblcurrencies`
  ADD PRIMARY KEY (`id`);

--
-- Indexes for table `tblcurrencies_static`
--
ALTER TABLE `tblcurrencies_static`
  ADD PRIMARY KEY (`id`);

--
-- Indexes for table `tblcustomers_groups`
--
ALTER TABLE `tblcustomers_groups`
  ADD PRIMARY KEY (`id`),
  ADD KEY `name` (`name`);

--
-- Indexes for table `tblcustomer_admins`
--
ALTER TABLE `tblcustomer_admins`
  ADD KEY `customer_id` (`customer_id`),
  ADD KEY `staff_id` (`staff_id`);

--
-- Indexes for table `tblcustomer_groups`
--
ALTER TABLE `tblcustomer_groups`
  ADD PRIMARY KEY (`id`),
  ADD KEY `groupid` (`groupid`),
  ADD KEY `customer_id` (`customer_id`);

--
-- Indexes for table `tblcustomer_properties`
--
ALTER TABLE `tblcustomer_properties`
  ADD PRIMARY KEY (`id`);

--
-- Indexes for table `tblcustomfields`
--
ALTER TABLE `tblcustomfields`
  ADD PRIMARY KEY (`id`);

--
-- Indexes for table `tblcustomfieldsvalues`
--
ALTER TABLE `tblcustomfieldsvalues`
  ADD PRIMARY KEY (`id`),
  ADD KEY `relid` (`relid`),
  ADD KEY `fieldto` (`fieldto`),
  ADD KEY `fieldid` (`fieldid`);

--
-- Indexes for table `tbldepartments`
--
ALTER TABLE `tbldepartments`
  ADD PRIMARY KEY (`departmentid`),
  ADD KEY `name` (`name`);

--
-- Indexes for table `tbldetail_estimate_areas`
--
ALTER TABLE `tbldetail_estimate_areas`
  ADD PRIMARY KEY (`id`),
  ADD KEY `estimate_id` (`estimate_id`);

--
-- Indexes for table `tbldetail_estimate_area_tasks`
--
ALTER TABLE `tbldetail_estimate_area_tasks`
  ADD PRIMARY KEY (`id`),
  ADD KEY `detail_estimate_area_id` (`detail_estimate_area_id`);

--
-- Indexes for table `tbldetail_estimate_area_task_files`
--
ALTER TABLE `tbldetail_estimate_area_task_files`
  ADD PRIMARY KEY (`id`),
  ADD KEY `detail_estimate_area_task_id` (`detail_estimate_area_task_id`);

--
-- Indexes for table `tbldetail_estimate_area_task_items`
--
ALTER TABLE `tbldetail_estimate_area_task_items`
  ADD PRIMARY KEY (`id`),
  ADD KEY `detail_estimate_area_task_id` (`detail_estimate_area_task_id`),
  ADD KEY `cp_supply_id` (`cp_supply_id`),
  ADD KEY `my_supply_id` (`my_supply_id`);

--
-- Indexes for table `tbldetail_estimate_area_task_labour_chareges`
--
ALTER TABLE `tbldetail_estimate_area_task_labour_chareges`
  ADD PRIMARY KEY (`id`),
  ADD KEY `detail_estimate_area_task_id` (`detail_estimate_area_task_id`);

--
-- Indexes for table `tbldismissed_announcements`
--
ALTER TABLE `tbldismissed_announcements`
  ADD PRIMARY KEY (`dismissedannouncementid`),
  ADD KEY `announcementid` (`announcementid`),
  ADD KEY `staff` (`staff`),
  ADD KEY `userid` (`userid`);

--
-- Indexes for table `tblemailtemplates`
--
ALTER TABLE `tblemailtemplates`
  ADD PRIMARY KEY (`emailtemplateid`);

--
-- Indexes for table `tblemailtemplates_static`
--
ALTER TABLE `tblemailtemplates_static`
  ADD PRIMARY KEY (`emailtemplateid`);

--
-- Indexes for table `tblestimates`
--
ALTER TABLE `tblestimates`
  ADD PRIMARY KEY (`id`),
  ADD KEY `clientid` (`clientid`),
  ADD KEY `currency` (`currency`),
  ADD KEY `project_id` (`project_id`),
  ADD KEY `sale_agent` (`sale_agent`);

--
-- Indexes for table `tblevents`
--
ALTER TABLE `tblevents`
  ADD PRIMARY KEY (`eventid`);

--
-- Indexes for table `tblexpenses`
--
ALTER TABLE `tblexpenses`
  ADD PRIMARY KEY (`id`),
  ADD KEY `clientid` (`clientid`),
  ADD KEY `project_id` (`project_id`),
  ADD KEY `category` (`category`),
  ADD KEY `currency` (`currency`);

--
-- Indexes for table `tblexpenses_categories`
--
ALTER TABLE `tblexpenses_categories`
  ADD PRIMARY KEY (`id`);

--
-- Indexes for table `tblexpense_taxes`
--
ALTER TABLE `tblexpense_taxes`
  ADD PRIMARY KEY (`id`),
  ADD KEY `expense_id` (`expense_id`);

--
-- Indexes for table `tblfiles`
--
ALTER TABLE `tblfiles`
  ADD PRIMARY KEY (`id`),
  ADD KEY `rel_id` (`rel_id`),
  ADD KEY `rel_type` (`rel_type`);

--
-- Indexes for table `tblform_questions`
--
ALTER TABLE `tblform_questions`
  ADD PRIMARY KEY (`questionid`);

--
-- Indexes for table `tblform_question_box`
--
ALTER TABLE `tblform_question_box`
  ADD PRIMARY KEY (`boxid`);

--
-- Indexes for table `tblform_question_box_description`
--
ALTER TABLE `tblform_question_box_description`
  ADD PRIMARY KEY (`questionboxdescriptionid`);

--
-- Indexes for table `tblform_results`
--
ALTER TABLE `tblform_results`
  ADD PRIMARY KEY (`resultid`);

--
-- Indexes for table `tblgdpr_requests`
--
ALTER TABLE `tblgdpr_requests`
  ADD PRIMARY KEY (`id`);

--
-- Indexes for table `tblindustry`
--
ALTER TABLE `tblindustry`
  ADD PRIMARY KEY (`id`);

--
-- Indexes for table `tblinventory_history`
--
ALTER TABLE `tblinventory_history`
  ADD PRIMARY KEY (`id`);

--
-- Indexes for table `tblinvoicepaymentrecords`
--
ALTER TABLE `tblinvoicepaymentrecords`
  ADD PRIMARY KEY (`id`),
  ADD KEY `invoiceid` (`invoiceid`),
  ADD KEY `paymentmethod` (`paymentmethod`);

--
-- Indexes for table `tblinvoices`
--
ALTER TABLE `tblinvoices`
  ADD PRIMARY KEY (`id`),
  ADD KEY `currency` (`currency`),
  ADD KEY `clientid` (`clientid`),
  ADD KEY `project_id` (`project_id`),
  ADD KEY `sale_agent` (`sale_agent`),
  ADD KEY `total` (`total`);

--
-- Indexes for table `tblitemable`
--
ALTER TABLE `tblitemable`
  ADD PRIMARY KEY (`id`),
  ADD KEY `rel_id` (`rel_id`),
  ADD KEY `rel_type` (`rel_type`),
  ADD KEY `qty` (`qty`),
  ADD KEY `rate` (`rate`);

--
-- Indexes for table `tblitems`
--
ALTER TABLE `tblitems`
  ADD PRIMARY KEY (`id`),
  ADD KEY `tax` (`tax`),
  ADD KEY `tax2` (`tax2`),
  ADD KEY `group_id` (`group_id`);

--
-- Indexes for table `tblitems_groups`
--
ALTER TABLE `tblitems_groups`
  ADD PRIMARY KEY (`id`);

--
-- Indexes for table `tblitems_groups_static`
--
ALTER TABLE `tblitems_groups_static`
  ADD PRIMARY KEY (`id`);

--
-- Indexes for table `tblitem_tax`
--
ALTER TABLE `tblitem_tax`
  ADD PRIMARY KEY (`id`),
  ADD KEY `itemid` (`itemid`);

--
-- Indexes for table `tblknowedge_base_article_feedback`
--
ALTER TABLE `tblknowedge_base_article_feedback`
  ADD PRIMARY KEY (`articleanswerid`);

--
-- Indexes for table `tblknowledge_base`
--
ALTER TABLE `tblknowledge_base`
  ADD PRIMARY KEY (`articleid`);

--
-- Indexes for table `tblknowledge_base_groups`
--
ALTER TABLE `tblknowledge_base_groups`
  ADD PRIMARY KEY (`groupid`);

--
-- Indexes for table `tblleads`
--
ALTER TABLE `tblleads`
  ADD PRIMARY KEY (`id`),
  ADD KEY `name` (`name`),
  ADD KEY `company` (`company`),
  ADD KEY `email` (`email`),
  ADD KEY `assigned` (`assigned`),
  ADD KEY `status` (`status`),
  ADD KEY `source` (`source`),
  ADD KEY `lastcontact` (`lastcontact`),
  ADD KEY `dateadded` (`dateadded`),
  ADD KEY `leadorder` (`leadorder`),
  ADD KEY `from_form_id` (`from_form_id`);

--
-- Indexes for table `tblleads_email_integration`
--
ALTER TABLE `tblleads_email_integration`
  ADD PRIMARY KEY (`id`);

--
-- Indexes for table `tblleads_email_integration_static`
--
ALTER TABLE `tblleads_email_integration_static`
  ADD PRIMARY KEY (`id`);

--
-- Indexes for table `tblleads_sources`
--
ALTER TABLE `tblleads_sources`
  ADD PRIMARY KEY (`id`),
  ADD KEY `name` (`name`);

--
-- Indexes for table `tblleads_sources_static`
--
ALTER TABLE `tblleads_sources_static`
  ADD PRIMARY KEY (`id`);

--
-- Indexes for table `tblleads_status`
--
ALTER TABLE `tblleads_status`
  ADD PRIMARY KEY (`id`),
  ADD KEY `name` (`name`);

--
-- Indexes for table `tblleads_status_static`
--
ALTER TABLE `tblleads_status_static`
  ADD PRIMARY KEY (`id`);

--
-- Indexes for table `tbllead_activity_log`
--
ALTER TABLE `tbllead_activity_log`
  ADD PRIMARY KEY (`id`);

--
-- Indexes for table `tbllead_integration_emails`
--
ALTER TABLE `tbllead_integration_emails`
  ADD PRIMARY KEY (`id`);

--
-- Indexes for table `tblmail_queue`
--
ALTER TABLE `tblmail_queue`
  ADD PRIMARY KEY (`id`);

--
-- Indexes for table `tblmilestones`
--
ALTER TABLE `tblmilestones`
  ADD PRIMARY KEY (`id`);

--
-- Indexes for table `tblmodules`
--
ALTER TABLE `tblmodules`
  ADD PRIMARY KEY (`id`);

--
-- Indexes for table `tblnewsfeed_comment_likes`
--
ALTER TABLE `tblnewsfeed_comment_likes`
  ADD PRIMARY KEY (`id`);

--
-- Indexes for table `tblnewsfeed_posts`
--
ALTER TABLE `tblnewsfeed_posts`
  ADD PRIMARY KEY (`postid`);

--
-- Indexes for table `tblnewsfeed_post_comments`
--
ALTER TABLE `tblnewsfeed_post_comments`
  ADD PRIMARY KEY (`id`);

--
-- Indexes for table `tblnewsfeed_post_likes`
--
ALTER TABLE `tblnewsfeed_post_likes`
  ADD PRIMARY KEY (`id`);

--
-- Indexes for table `tblnotes`
--
ALTER TABLE `tblnotes`
  ADD PRIMARY KEY (`id`),
  ADD KEY `rel_id` (`rel_id`),
  ADD KEY `rel_type` (`rel_type`);

--
-- Indexes for table `tblnote_files`
--
ALTER TABLE `tblnote_files`
  ADD PRIMARY KEY (`id`),
  ADD KEY `note_id` (`note_id`);

--
-- Indexes for table `tblnotifications`
--
ALTER TABLE `tblnotifications`
  ADD PRIMARY KEY (`id`);

--
-- Indexes for table `tbloptions`
--
ALTER TABLE `tbloptions`
  ADD PRIMARY KEY (`id`),
  ADD KEY `name` (`name`);

--
-- Indexes for table `tbloptions_static`
--
ALTER TABLE `tbloptions_static`
  ADD PRIMARY KEY (`id`);

--
-- Indexes for table `tblpayment_modes`
--
ALTER TABLE `tblpayment_modes`
  ADD PRIMARY KEY (`id`);

--
-- Indexes for table `tblpayment_modes_static`
--
ALTER TABLE `tblpayment_modes_static`
  ADD PRIMARY KEY (`id`);

--
-- Indexes for table `tblpinned_projects`
--
ALTER TABLE `tblpinned_projects`
  ADD PRIMARY KEY (`id`),
  ADD KEY `project_id` (`project_id`);

--
-- Indexes for table `tblplans`
--
ALTER TABLE `tblplans`
  ADD PRIMARY KEY (`id`),
  ADD KEY `plan_sets_id` (`plan_sets_id`);

--
-- Indexes for table `tblplan_features`
--
ALTER TABLE `tblplan_features`
  ADD PRIMARY KEY (`id`);

--
-- Indexes for table `tblplan_features_value`
--
ALTER TABLE `tblplan_features_value`
  ADD PRIMARY KEY (`id`);

--
-- Indexes for table `tblplan_sets`
--
ALTER TABLE `tblplan_sets`
  ADD PRIMARY KEY (`id`),
  ADD UNIQUE KEY `is_active` (`is_active`);

--
-- Indexes for table `tblpost_inspections`
--
ALTER TABLE `tblpost_inspections`
  ADD PRIMARY KEY (`id`),
  ADD KEY `clientid` (`clientid`),
  ADD KEY `project_id` (`project_id`),
  ADD KEY `estimate_id` (`estimate_id`),
  ADD KEY `property_id` (`property_id`),
  ADD KEY `staff_id` (`staff_id`);

--
-- Indexes for table `tblpost_inspection_areas`
--
ALTER TABLE `tblpost_inspection_areas`
  ADD PRIMARY KEY (`id`),
  ADD KEY `post_inspection_id` (`post_inspection_id`);

--
-- Indexes for table `tblprojectdiscussioncomments`
--
ALTER TABLE `tblprojectdiscussioncomments`
  ADD PRIMARY KEY (`id`);

--
-- Indexes for table `tblprojectdiscussions`
--
ALTER TABLE `tblprojectdiscussions`
  ADD PRIMARY KEY (`id`);

--
-- Indexes for table `tblprojects`
--
ALTER TABLE `tblprojects`
  ADD PRIMARY KEY (`id`),
  ADD KEY `clientid` (`clientid`),
  ADD KEY `name` (`name`);

--
-- Indexes for table `tblproject_activity`
--
ALTER TABLE `tblproject_activity`
  ADD PRIMARY KEY (`id`);

--
-- Indexes for table `tblproject_files`
--
ALTER TABLE `tblproject_files`
  ADD PRIMARY KEY (`id`);

--
-- Indexes for table `tblproject_members`
--
ALTER TABLE `tblproject_members`
  ADD PRIMARY KEY (`id`),
  ADD KEY `project_id` (`project_id`),
  ADD KEY `staff_id` (`staff_id`);

--
-- Indexes for table `tblproject_notes`
--
ALTER TABLE `tblproject_notes`
  ADD PRIMARY KEY (`id`);

--
-- Indexes for table `tblproject_settings`
--
ALTER TABLE `tblproject_settings`
  ADD PRIMARY KEY (`id`),
  ADD KEY `project_id` (`project_id`);

--
-- Indexes for table `tblproposals`
--
ALTER TABLE `tblproposals`
  ADD PRIMARY KEY (`id`);

--
-- Indexes for table `tblproposal_comments`
--
ALTER TABLE `tblproposal_comments`
  ADD PRIMARY KEY (`id`);

--
-- Indexes for table `tblpurchase_plan_history`
--
ALTER TABLE `tblpurchase_plan_history`
  ADD PRIMARY KEY (`id`);

--
-- Indexes for table `tblrelated_items`
--
ALTER TABLE `tblrelated_items`
  ADD PRIMARY KEY (`id`);

--
-- Indexes for table `tblreminders`
--
ALTER TABLE `tblreminders`
  ADD PRIMARY KEY (`id`),
  ADD KEY `rel_id` (`rel_id`),
  ADD KEY `rel_type` (`rel_type`),
  ADD KEY `staff` (`staff`);

--
-- Indexes for table `tblroles`
--
ALTER TABLE `tblroles`
  ADD PRIMARY KEY (`roleid`);

--
-- Indexes for table `tblsales_activity`
--
ALTER TABLE `tblsales_activity`
  ADD PRIMARY KEY (`id`);

--
-- Indexes for table `tblscheduled_emails`
--
ALTER TABLE `tblscheduled_emails`
  ADD PRIMARY KEY (`id`);

--
-- Indexes for table `tblservices`
--
ALTER TABLE `tblservices`
  ADD PRIMARY KEY (`serviceid`);

--
-- Indexes for table `tblsessions`
--
ALTER TABLE `tblsessions`
  ADD PRIMARY KEY (`id`),
  ADD KEY `ci_sessions_timestamp` (`timestamp`);

--
-- Indexes for table `tblshopping_list`
--
ALTER TABLE `tblshopping_list`
  ADD PRIMARY KEY (`id`),
  ADD KEY `tenant_id` (`tenant_id`),
  ADD KEY `client_id` (`client_id`),
  ADD KEY `addedfrom` (`addedfrom`);

--
-- Indexes for table `tblshopping_list_items`
--
ALTER TABLE `tblshopping_list_items`
  ADD PRIMARY KEY (`id`),
  ADD KEY `shopping_list_id` (`shopping_list_id`),
  ADD KEY `cp_supply_id` (`cp_supply_id`),
  ADD KEY `my_supply_id` (`my_supply_id`);

--
-- Indexes for table `tblspam_filters`
--
ALTER TABLE `tblspam_filters`
  ADD PRIMARY KEY (`id`);

--
-- Indexes for table `tblstaff`
--
ALTER TABLE `tblstaff`
  ADD PRIMARY KEY (`staffid`),
  ADD KEY `firstname` (`firstname`),
  ADD KEY `lastname` (`lastname`);

--
-- Indexes for table `tblstaff_departments`
--
ALTER TABLE `tblstaff_departments`
  ADD PRIMARY KEY (`staffdepartmentid`);

--
-- Indexes for table `tblstaff_fcm_notification_registrations`
--
ALTER TABLE `tblstaff_fcm_notification_registrations`
  ADD PRIMARY KEY (`id`),
  ADD KEY `tenant_id` (`tenant_id`),
  ADD KEY `staff_id` (`staff_id`);

--
-- Indexes for table `tblstaff_rewards`
--
ALTER TABLE `tblstaff_rewards`
  ADD PRIMARY KEY (`id`);

--
-- Indexes for table `tblstaff_rewards_reedemption`
--
ALTER TABLE `tblstaff_rewards_reedemption`
  ADD PRIMARY KEY (`id`);

--
-- Indexes for table `tblsubscriptions`
--
ALTER TABLE `tblsubscriptions`
  ADD PRIMARY KEY (`id`),
  ADD KEY `clientid` (`clientid`),
  ADD KEY `currency` (`currency`),
  ADD KEY `tax_id` (`tax_id`);

--
-- Indexes for table `tblsystemwide_supplier`
--
ALTER TABLE `tblsystemwide_supplier`
  ADD PRIMARY KEY (`id`),
  ADD KEY `addedfrom` (`addedfrom`);

--
-- Indexes for table `tblsystemwide_supplies`
--
ALTER TABLE `tblsystemwide_supplies`
  ADD PRIMARY KEY (`id`),
  ADD KEY `systemwide_supplier_id` (`systemwide_supplier_id`),
  ADD KEY `systemwide_supply_category_id` (`systemwide_supply_category_id`),
  ADD KEY `addedfrom` (`addedfrom`);

--
-- Indexes for table `tblsystemwide_supply_category`
--
ALTER TABLE `tblsystemwide_supply_category`
  ADD PRIMARY KEY (`id`),
  ADD KEY `addedfrom` (`addedfrom`);

--
-- Indexes for table `tbltaggables`
--
ALTER TABLE `tbltaggables`
  ADD KEY `rel_id` (`rel_id`),
  ADD KEY `rel_type` (`rel_type`),
  ADD KEY `tag_id` (`tag_id`);

--
-- Indexes for table `tbltags`
--
ALTER TABLE `tbltags`
  ADD PRIMARY KEY (`id`),
  ADD KEY `name` (`name`);

--
-- Indexes for table `tbltasks`
--
ALTER TABLE `tbltasks`
  ADD PRIMARY KEY (`id`),
  ADD KEY `rel_id` (`rel_id`),
  ADD KEY `rel_type` (`rel_type`),
  ADD KEY `milestone` (`milestone`),
  ADD KEY `kanban_order` (`kanban_order`);

--
-- Indexes for table `tbltaskstimers`
--
ALTER TABLE `tbltaskstimers`
  ADD PRIMARY KEY (`id`),
  ADD KEY `task_id` (`task_id`),
  ADD KEY `staff_id` (`staff_id`);

--
-- Indexes for table `tbltasks_checklist_templates`
--
ALTER TABLE `tbltasks_checklist_templates`
  ADD PRIMARY KEY (`id`);

--
-- Indexes for table `tbltask_assigned`
--
ALTER TABLE `tbltask_assigned`
  ADD PRIMARY KEY (`id`),
  ADD KEY `taskid` (`taskid`),
  ADD KEY `staffid` (`staffid`);

--
-- Indexes for table `tbltask_checklist_items`
--
ALTER TABLE `tbltask_checklist_items`
  ADD PRIMARY KEY (`id`),
  ADD KEY `taskid` (`taskid`);

--
-- Indexes for table `tbltask_comments`
--
ALTER TABLE `tbltask_comments`
  ADD PRIMARY KEY (`id`),
  ADD KEY `file_id` (`file_id`),
  ADD KEY `taskid` (`taskid`);

--
-- Indexes for table `tbltask_files`
--
ALTER TABLE `tbltask_files`
  ADD PRIMARY KEY (`id`),
  ADD KEY `task_id` (`task_id`);

--
-- Indexes for table `tbltask_followers`
--
ALTER TABLE `tbltask_followers`
  ADD PRIMARY KEY (`id`);

--
-- Indexes for table `tbltaxes`
--
ALTER TABLE `tbltaxes`
  ADD PRIMARY KEY (`id`);

--
-- Indexes for table `tbltemp_files`
--
ALTER TABLE `tbltemp_files`
  ADD PRIMARY KEY (`id`);

--
-- Indexes for table `tbltenants`
--
ALTER TABLE `tbltenants`
  ADD PRIMARY KEY (`id`),
  ADD UNIQUE KEY `email` (`email`);

--
-- Indexes for table `tbltenantspecific_supplier`
--
ALTER TABLE `tbltenantspecific_supplier`
  ADD PRIMARY KEY (`id`),
  ADD KEY `tenant_id` (`tenant_id`),
  ADD KEY `country` (`country`),
  ADD KEY `addedfrom` (`addedfrom`);

--
-- Indexes for table `tbltenantspecific_supplies`
--
ALTER TABLE `tbltenantspecific_supplies`
  ADD PRIMARY KEY (`id`),
  ADD KEY `tenantspecific_supplier_id` (`tenantspecific_supplier_id`),
  ADD KEY `tenantspecific_supply_category_id` (`tenantspecific_supply_category_id`),
  ADD KEY `addedfrom` (`addedfrom`);

--
-- Indexes for table `tbltenantspecific_supply_category`
--
ALTER TABLE `tbltenantspecific_supply_category`
  ADD PRIMARY KEY (`id`),
  ADD KEY `tenant_id` (`tenant_id`),
  ADD KEY `addedfrom` (`addedfrom`);

--
-- Indexes for table `tbltickets`
--
ALTER TABLE `tbltickets`
  ADD PRIMARY KEY (`ticketid`),
  ADD KEY `service` (`service`),
  ADD KEY `department` (`department`),
  ADD KEY `status` (`status`),
  ADD KEY `userid` (`userid`),
  ADD KEY `priority` (`priority`),
  ADD KEY `project_id` (`project_id`),
  ADD KEY `contactid` (`contactid`);

--
-- Indexes for table `tbltickets_pipe_log`
--
ALTER TABLE `tbltickets_pipe_log`
  ADD PRIMARY KEY (`id`);

--
-- Indexes for table `tbltickets_predefined_replies`
--
ALTER TABLE `tbltickets_predefined_replies`
  ADD PRIMARY KEY (`id`);

--
-- Indexes for table `tbltickets_priorities`
--
ALTER TABLE `tbltickets_priorities`
  ADD PRIMARY KEY (`priorityid`);

--
-- Indexes for table `tbltickets_priorities_static`
--
ALTER TABLE `tbltickets_priorities_static`
  ADD PRIMARY KEY (`priorityid`);

--
-- Indexes for table `tbltickets_status`
--
ALTER TABLE `tbltickets_status`
  ADD PRIMARY KEY (`ticketstatusid`);

--
-- Indexes for table `tbltickets_status_static`
--
ALTER TABLE `tbltickets_status_static`
  ADD PRIMARY KEY (`ticketstatusid`);

--
-- Indexes for table `tblticket_attachments`
--
ALTER TABLE `tblticket_attachments`
  ADD PRIMARY KEY (`id`);

--
-- Indexes for table `tblticket_replies`
--
ALTER TABLE `tblticket_replies`
  ADD PRIMARY KEY (`id`);

--
-- Indexes for table `tbltodos`
--
ALTER TABLE `tbltodos`
  ADD PRIMARY KEY (`todoid`);

--
-- Indexes for table `tbltracked_mails`
--
ALTER TABLE `tbltracked_mails`
  ADD PRIMARY KEY (`id`);

--
-- Indexes for table `tbluser_api`
--
ALTER TABLE `tbluser_api`
  ADD PRIMARY KEY (`id`);

--
-- Indexes for table `tbluser_meta`
--
ALTER TABLE `tbluser_meta`
  ADD PRIMARY KEY (`umeta_id`);

--
-- Indexes for table `tblvault`
--
ALTER TABLE `tblvault`
  ADD PRIMARY KEY (`id`);

--
-- Indexes for table `tblviews_tracking`
--
ALTER TABLE `tblviews_tracking`
  ADD PRIMARY KEY (`id`);

--
-- Indexes for table `tblweb_to_lead`
--
ALTER TABLE `tblweb_to_lead`
  ADD PRIMARY KEY (`id`);

--
-- Indexes for table `tbl_leads_conversations`
--
ALTER TABLE `tbl_leads_conversations`
  ADD PRIMARY KEY (`id`);

--
-- AUTO_INCREMENT for dumped tables
--

--
-- AUTO_INCREMENT for table `tblactivity_log`
--
ALTER TABLE `tblactivity_log`
  MODIFY `id` bigint(20) UNSIGNED NOT NULL AUTO_INCREMENT, AUTO_INCREMENT=934;

--
-- AUTO_INCREMENT for table `tblannouncements`
--
ALTER TABLE `tblannouncements`
  MODIFY `announcementid` bigint(20) UNSIGNED NOT NULL AUTO_INCREMENT, AUTO_INCREMENT=2;

--
-- AUTO_INCREMENT for table `tblapad_options`
--
ALTER TABLE `tblapad_options`
  MODIFY `id` bigint(20) UNSIGNED NOT NULL AUTO_INCREMENT, AUTO_INCREMENT=527;

--
-- AUTO_INCREMENT for table `tblappointly_appointments`
--
ALTER TABLE `tblappointly_appointments`
  MODIFY `id` bigint(20) UNSIGNED NOT NULL AUTO_INCREMENT;

--
-- AUTO_INCREMENT for table `tblappointly_appointment_types`
--
ALTER TABLE `tblappointly_appointment_types`
  MODIFY `id` bigint(20) UNSIGNED NOT NULL AUTO_INCREMENT;

--
-- AUTO_INCREMENT for table `tblappointly_callbacks`
--
ALTER TABLE `tblappointly_callbacks`
  MODIFY `id` bigint(20) UNSIGNED NOT NULL AUTO_INCREMENT;

--
-- AUTO_INCREMENT for table `tblappointly_callbacks_assignees`
--
ALTER TABLE `tblappointly_callbacks_assignees`
  MODIFY `id` bigint(20) UNSIGNED NOT NULL AUTO_INCREMENT;

--
-- AUTO_INCREMENT for table `tblappointly_google`
--
ALTER TABLE `tblappointly_google`
  MODIFY `id` bigint(20) UNSIGNED NOT NULL AUTO_INCREMENT;

--
-- AUTO_INCREMENT for table `tblapp_admin`
--
ALTER TABLE `tblapp_admin`
  MODIFY `id` int(10) UNSIGNED NOT NULL AUTO_INCREMENT, AUTO_INCREMENT=2;

--
-- AUTO_INCREMENT for table `tblarea_tasks`
--
ALTER TABLE `tblarea_tasks`
  MODIFY `id` bigint(20) UNSIGNED NOT NULL AUTO_INCREMENT, AUTO_INCREMENT=85;

--
-- AUTO_INCREMENT for table `tblassets`
--
ALTER TABLE `tblassets`
  MODIFY `id` bigint(20) UNSIGNED NOT NULL AUTO_INCREMENT, AUTO_INCREMENT=3;

--
-- AUTO_INCREMENT for table `tblassets_acction_1`
--
ALTER TABLE `tblassets_acction_1`
  MODIFY `id` bigint(20) UNSIGNED NOT NULL AUTO_INCREMENT, AUTO_INCREMENT=2;

--
-- AUTO_INCREMENT for table `tblassets_acction_2`
--
ALTER TABLE `tblassets_acction_2`
  MODIFY `id` bigint(20) UNSIGNED NOT NULL AUTO_INCREMENT, AUTO_INCREMENT=3;

--
-- AUTO_INCREMENT for table `tblassets_group`
--
ALTER TABLE `tblassets_group`
  MODIFY `group_id` bigint(20) UNSIGNED NOT NULL AUTO_INCREMENT, AUTO_INCREMENT=3;

--
-- AUTO_INCREMENT for table `tblasset_location`
--
ALTER TABLE `tblasset_location`
  MODIFY `location_id` bigint(20) UNSIGNED NOT NULL AUTO_INCREMENT, AUTO_INCREMENT=3;

--
-- AUTO_INCREMENT for table `tblasset_unit`
--
ALTER TABLE `tblasset_unit`
  MODIFY `unit_id` bigint(20) UNSIGNED NOT NULL AUTO_INCREMENT, AUTO_INCREMENT=3;

--
-- AUTO_INCREMENT for table `tblclients`
--
ALTER TABLE `tblclients`
  MODIFY `userid` bigint(20) UNSIGNED NOT NULL AUTO_INCREMENT, AUTO_INCREMENT=154;

--
-- AUTO_INCREMENT for table `tblconsents`
--
ALTER TABLE `tblconsents`
  MODIFY `id` bigint(20) UNSIGNED NOT NULL AUTO_INCREMENT;

--
-- AUTO_INCREMENT for table `tblconsent_purposes`
--
ALTER TABLE `tblconsent_purposes`
  MODIFY `id` bigint(20) UNSIGNED NOT NULL AUTO_INCREMENT;

--
-- AUTO_INCREMENT for table `tblcontacts`
--
ALTER TABLE `tblcontacts`
  MODIFY `id` bigint(20) UNSIGNED NOT NULL AUTO_INCREMENT, AUTO_INCREMENT=148;

--
-- AUTO_INCREMENT for table `tblcontact_permissions`
--
ALTER TABLE `tblcontact_permissions`
  MODIFY `id` bigint(20) UNSIGNED NOT NULL AUTO_INCREMENT;

--
-- AUTO_INCREMENT for table `tblcontracts`
--
ALTER TABLE `tblcontracts`
  MODIFY `id` bigint(20) UNSIGNED NOT NULL AUTO_INCREMENT;

--
-- AUTO_INCREMENT for table `tblcontracts_types`
--
ALTER TABLE `tblcontracts_types`
  MODIFY `id` bigint(20) UNSIGNED NOT NULL AUTO_INCREMENT;

--
-- AUTO_INCREMENT for table `tblcontract_comments`
--
ALTER TABLE `tblcontract_comments`
  MODIFY `id` bigint(20) UNSIGNED NOT NULL AUTO_INCREMENT;

--
-- AUTO_INCREMENT for table `tblcontract_renewals`
--
ALTER TABLE `tblcontract_renewals`
  MODIFY `id` bigint(20) UNSIGNED NOT NULL AUTO_INCREMENT;

--
-- AUTO_INCREMENT for table `tblcountries`
--
ALTER TABLE `tblcountries`
  MODIFY `country_id` int(5) NOT NULL AUTO_INCREMENT, AUTO_INCREMENT=251;

--
-- AUTO_INCREMENT for table `tblcreditnotes`
--
ALTER TABLE `tblcreditnotes`
  MODIFY `id` bigint(20) UNSIGNED NOT NULL AUTO_INCREMENT;

--
-- AUTO_INCREMENT for table `tblcreditnote_refunds`
--
ALTER TABLE `tblcreditnote_refunds`
  MODIFY `id` bigint(20) UNSIGNED NOT NULL AUTO_INCREMENT;

--
-- AUTO_INCREMENT for table `tblcredits`
--
ALTER TABLE `tblcredits`
  MODIFY `id` bigint(20) UNSIGNED NOT NULL AUTO_INCREMENT;

--
-- AUTO_INCREMENT for table `tblcurrencies`
--
ALTER TABLE `tblcurrencies`
  MODIFY `id` bigint(20) UNSIGNED NOT NULL AUTO_INCREMENT, AUTO_INCREMENT=31;

--
-- AUTO_INCREMENT for table `tblcurrencies_static`
--
ALTER TABLE `tblcurrencies_static`
  MODIFY `id` bigint(20) UNSIGNED NOT NULL AUTO_INCREMENT, AUTO_INCREMENT=3;

--
-- AUTO_INCREMENT for table `tblcustomers_groups`
--
ALTER TABLE `tblcustomers_groups`
  MODIFY `id` bigint(20) UNSIGNED NOT NULL AUTO_INCREMENT;

--
-- AUTO_INCREMENT for table `tblcustomer_groups`
--
ALTER TABLE `tblcustomer_groups`
  MODIFY `id` bigint(20) UNSIGNED NOT NULL AUTO_INCREMENT;

--
-- AUTO_INCREMENT for table `tblcustomer_properties`
--
ALTER TABLE `tblcustomer_properties`
  MODIFY `id` bigint(20) UNSIGNED NOT NULL AUTO_INCREMENT, AUTO_INCREMENT=147;

--
-- AUTO_INCREMENT for table `tblcustomfields`
--
ALTER TABLE `tblcustomfields`
  MODIFY `id` bigint(20) UNSIGNED NOT NULL AUTO_INCREMENT;

--
-- AUTO_INCREMENT for table `tblcustomfieldsvalues`
--
ALTER TABLE `tblcustomfieldsvalues`
  MODIFY `id` bigint(20) UNSIGNED NOT NULL AUTO_INCREMENT;

--
-- AUTO_INCREMENT for table `tbldepartments`
--
ALTER TABLE `tbldepartments`
  MODIFY `departmentid` bigint(20) UNSIGNED NOT NULL AUTO_INCREMENT;

--
-- AUTO_INCREMENT for table `tbldetail_estimate_areas`
--
ALTER TABLE `tbldetail_estimate_areas`
  MODIFY `id` bigint(20) UNSIGNED NOT NULL AUTO_INCREMENT, AUTO_INCREMENT=106;

--
-- AUTO_INCREMENT for table `tbldetail_estimate_area_tasks`
--
ALTER TABLE `tbldetail_estimate_area_tasks`
  MODIFY `id` bigint(20) UNSIGNED NOT NULL AUTO_INCREMENT, AUTO_INCREMENT=80;

--
-- AUTO_INCREMENT for table `tbldetail_estimate_area_task_files`
--
ALTER TABLE `tbldetail_estimate_area_task_files`
  MODIFY `id` bigint(20) UNSIGNED NOT NULL AUTO_INCREMENT, AUTO_INCREMENT=28;

--
-- AUTO_INCREMENT for table `tbldetail_estimate_area_task_items`
--
ALTER TABLE `tbldetail_estimate_area_task_items`
  MODIFY `id` bigint(20) UNSIGNED NOT NULL AUTO_INCREMENT, AUTO_INCREMENT=106;

--
-- AUTO_INCREMENT for table `tbldetail_estimate_area_task_labour_chareges`
--
ALTER TABLE `tbldetail_estimate_area_task_labour_chareges`
  MODIFY `id` bigint(20) UNSIGNED NOT NULL AUTO_INCREMENT, AUTO_INCREMENT=80;

--
-- AUTO_INCREMENT for table `tbldismissed_announcements`
--
ALTER TABLE `tbldismissed_announcements`
  MODIFY `dismissedannouncementid` bigint(20) UNSIGNED NOT NULL AUTO_INCREMENT, AUTO_INCREMENT=2;

--
-- AUTO_INCREMENT for table `tblemailtemplates`
--
ALTER TABLE `tblemailtemplates`
  MODIFY `emailtemplateid` bigint(20) UNSIGNED NOT NULL AUTO_INCREMENT, AUTO_INCREMENT=22380;

--
-- AUTO_INCREMENT for table `tblemailtemplates_static`
--
ALTER TABLE `tblemailtemplates_static`
  MODIFY `emailtemplateid` bigint(20) UNSIGNED NOT NULL AUTO_INCREMENT, AUTO_INCREMENT=2002;

--
-- AUTO_INCREMENT for table `tblestimates`
--
ALTER TABLE `tblestimates`
  MODIFY `id` bigint(20) UNSIGNED NOT NULL AUTO_INCREMENT, AUTO_INCREMENT=104;

--
-- AUTO_INCREMENT for table `tblevents`
--
ALTER TABLE `tblevents`
  MODIFY `eventid` bigint(20) UNSIGNED NOT NULL AUTO_INCREMENT, AUTO_INCREMENT=3;

--
-- AUTO_INCREMENT for table `tblexpenses`
--
ALTER TABLE `tblexpenses`
  MODIFY `id` bigint(20) UNSIGNED NOT NULL AUTO_INCREMENT, AUTO_INCREMENT=106;

--
-- AUTO_INCREMENT for table `tblexpenses_categories`
--
ALTER TABLE `tblexpenses_categories`
  MODIFY `id` bigint(20) UNSIGNED NOT NULL AUTO_INCREMENT, AUTO_INCREMENT=21;

--
-- AUTO_INCREMENT for table `tblexpense_taxes`
--
ALTER TABLE `tblexpense_taxes`
  MODIFY `id` bigint(20) UNSIGNED NOT NULL AUTO_INCREMENT, AUTO_INCREMENT=130;

--
-- AUTO_INCREMENT for table `tblfiles`
--
ALTER TABLE `tblfiles`
  MODIFY `id` bigint(20) UNSIGNED NOT NULL AUTO_INCREMENT, AUTO_INCREMENT=74;

--
-- AUTO_INCREMENT for table `tblform_questions`
--
ALTER TABLE `tblform_questions`
  MODIFY `questionid` bigint(20) UNSIGNED NOT NULL AUTO_INCREMENT;

--
-- AUTO_INCREMENT for table `tblform_question_box`
--
ALTER TABLE `tblform_question_box`
  MODIFY `boxid` bigint(20) UNSIGNED NOT NULL AUTO_INCREMENT;

--
-- AUTO_INCREMENT for table `tblform_question_box_description`
--
ALTER TABLE `tblform_question_box_description`
  MODIFY `questionboxdescriptionid` bigint(20) UNSIGNED NOT NULL AUTO_INCREMENT;

--
-- AUTO_INCREMENT for table `tblform_results`
--
ALTER TABLE `tblform_results`
  MODIFY `resultid` bigint(20) UNSIGNED NOT NULL AUTO_INCREMENT;

--
-- AUTO_INCREMENT for table `tblgdpr_requests`
--
ALTER TABLE `tblgdpr_requests`
  MODIFY `id` bigint(20) UNSIGNED NOT NULL AUTO_INCREMENT;

--
-- AUTO_INCREMENT for table `tblindustry`
--
ALTER TABLE `tblindustry`
  MODIFY `id` bigint(20) UNSIGNED NOT NULL AUTO_INCREMENT, AUTO_INCREMENT=4;

--
-- AUTO_INCREMENT for table `tblinventory_history`
--
ALTER TABLE `tblinventory_history`
  MODIFY `id` bigint(20) UNSIGNED NOT NULL AUTO_INCREMENT, AUTO_INCREMENT=6;

--
-- AUTO_INCREMENT for table `tblinvoicepaymentrecords`
--
ALTER TABLE `tblinvoicepaymentrecords`
  MODIFY `id` bigint(20) UNSIGNED NOT NULL AUTO_INCREMENT, AUTO_INCREMENT=28;

--
-- AUTO_INCREMENT for table `tblinvoices`
--
ALTER TABLE `tblinvoices`
  MODIFY `id` bigint(20) UNSIGNED NOT NULL AUTO_INCREMENT, AUTO_INCREMENT=42;

--
-- AUTO_INCREMENT for table `tblitemable`
--
ALTER TABLE `tblitemable`
  MODIFY `id` bigint(20) UNSIGNED NOT NULL AUTO_INCREMENT, AUTO_INCREMENT=213;

--
-- AUTO_INCREMENT for table `tblitems`
--
ALTER TABLE `tblitems`
  MODIFY `id` bigint(20) UNSIGNED NOT NULL AUTO_INCREMENT, AUTO_INCREMENT=31;

--
-- AUTO_INCREMENT for table `tblitems_groups`
--
ALTER TABLE `tblitems_groups`
  MODIFY `id` bigint(20) UNSIGNED NOT NULL AUTO_INCREMENT, AUTO_INCREMENT=19;

--
-- AUTO_INCREMENT for table `tblitems_groups_static`
--
ALTER TABLE `tblitems_groups_static`
  MODIFY `id` bigint(20) UNSIGNED NOT NULL AUTO_INCREMENT, AUTO_INCREMENT=3;

--
-- AUTO_INCREMENT for table `tblitem_tax`
--
ALTER TABLE `tblitem_tax`
  MODIFY `id` bigint(20) UNSIGNED NOT NULL AUTO_INCREMENT, AUTO_INCREMENT=495;

--
-- AUTO_INCREMENT for table `tblknowedge_base_article_feedback`
--
ALTER TABLE `tblknowedge_base_article_feedback`
  MODIFY `articleanswerid` bigint(20) UNSIGNED NOT NULL AUTO_INCREMENT;

--
-- AUTO_INCREMENT for table `tblknowledge_base`
--
ALTER TABLE `tblknowledge_base`
  MODIFY `articleid` bigint(20) UNSIGNED NOT NULL AUTO_INCREMENT;

--
-- AUTO_INCREMENT for table `tblknowledge_base_groups`
--
ALTER TABLE `tblknowledge_base_groups`
  MODIFY `groupid` bigint(20) UNSIGNED NOT NULL AUTO_INCREMENT;

--
-- AUTO_INCREMENT for table `tblleads`
--
ALTER TABLE `tblleads`
  MODIFY `id` bigint(20) UNSIGNED NOT NULL AUTO_INCREMENT, AUTO_INCREMENT=10;

--
-- AUTO_INCREMENT for table `tblleads_email_integration`
--
ALTER TABLE `tblleads_email_integration`
  MODIFY `id` bigint(20) UNSIGNED NOT NULL AUTO_INCREMENT COMMENT 'the ID always must be 1', AUTO_INCREMENT=11;

--
-- AUTO_INCREMENT for table `tblleads_email_integration_static`
--
ALTER TABLE `tblleads_email_integration_static`
  MODIFY `id` bigint(20) UNSIGNED NOT NULL AUTO_INCREMENT, AUTO_INCREMENT=2;

--
-- AUTO_INCREMENT for table `tblleads_sources`
--
ALTER TABLE `tblleads_sources`
  MODIFY `id` bigint(20) UNSIGNED NOT NULL AUTO_INCREMENT, AUTO_INCREMENT=52;

--
-- AUTO_INCREMENT for table `tblleads_sources_static`
--
ALTER TABLE `tblleads_sources_static`
  MODIFY `id` bigint(20) UNSIGNED NOT NULL AUTO_INCREMENT, AUTO_INCREMENT=3;

--
-- AUTO_INCREMENT for table `tblleads_status`
--
ALTER TABLE `tblleads_status`
  MODIFY `id` bigint(20) UNSIGNED NOT NULL AUTO_INCREMENT, AUTO_INCREMENT=22;

--
-- AUTO_INCREMENT for table `tblleads_status_static`
--
ALTER TABLE `tblleads_status_static`
  MODIFY `id` bigint(20) UNSIGNED NOT NULL AUTO_INCREMENT, AUTO_INCREMENT=2;

--
-- AUTO_INCREMENT for table `tbllead_activity_log`
--
ALTER TABLE `tbllead_activity_log`
  MODIFY `id` bigint(20) UNSIGNED NOT NULL AUTO_INCREMENT, AUTO_INCREMENT=53;

--
-- AUTO_INCREMENT for table `tbllead_integration_emails`
--
ALTER TABLE `tbllead_integration_emails`
  MODIFY `id` bigint(20) UNSIGNED NOT NULL AUTO_INCREMENT;

--
-- AUTO_INCREMENT for table `tblmail_queue`
--
ALTER TABLE `tblmail_queue`
  MODIFY `id` bigint(20) UNSIGNED NOT NULL AUTO_INCREMENT;

--
-- AUTO_INCREMENT for table `tblmilestones`
--
ALTER TABLE `tblmilestones`
  MODIFY `id` bigint(20) UNSIGNED NOT NULL AUTO_INCREMENT;

--
-- AUTO_INCREMENT for table `tblmodules`
--
ALTER TABLE `tblmodules`
  MODIFY `id` bigint(20) UNSIGNED NOT NULL AUTO_INCREMENT, AUTO_INCREMENT=9;

--
-- AUTO_INCREMENT for table `tblnewsfeed_comment_likes`
--
ALTER TABLE `tblnewsfeed_comment_likes`
  MODIFY `id` bigint(20) UNSIGNED NOT NULL AUTO_INCREMENT;

--
-- AUTO_INCREMENT for table `tblnewsfeed_posts`
--
ALTER TABLE `tblnewsfeed_posts`
  MODIFY `postid` bigint(20) UNSIGNED NOT NULL AUTO_INCREMENT, AUTO_INCREMENT=3;

--
-- AUTO_INCREMENT for table `tblnewsfeed_post_comments`
--
ALTER TABLE `tblnewsfeed_post_comments`
  MODIFY `id` bigint(20) UNSIGNED NOT NULL AUTO_INCREMENT;

--
-- AUTO_INCREMENT for table `tblnewsfeed_post_likes`
--
ALTER TABLE `tblnewsfeed_post_likes`
  MODIFY `id` bigint(20) UNSIGNED NOT NULL AUTO_INCREMENT;

--
-- AUTO_INCREMENT for table `tblnotes`
--
ALTER TABLE `tblnotes`
  MODIFY `id` bigint(20) UNSIGNED NOT NULL AUTO_INCREMENT, AUTO_INCREMENT=109;

--
-- AUTO_INCREMENT for table `tblnote_files`
--
ALTER TABLE `tblnote_files`
  MODIFY `id` bigint(20) UNSIGNED NOT NULL AUTO_INCREMENT, AUTO_INCREMENT=182;

--
-- AUTO_INCREMENT for table `tblnotifications`
--
ALTER TABLE `tblnotifications`
  MODIFY `id` bigint(20) UNSIGNED NOT NULL AUTO_INCREMENT, AUTO_INCREMENT=276;

--
-- AUTO_INCREMENT for table `tbloptions`
--
ALTER TABLE `tbloptions`
  MODIFY `id` bigint(20) UNSIGNED NOT NULL AUTO_INCREMENT, AUTO_INCREMENT=5500;

--
-- AUTO_INCREMENT for table `tbloptions_static`
--
ALTER TABLE `tbloptions_static`
  MODIFY `id` bigint(20) UNSIGNED NOT NULL AUTO_INCREMENT, AUTO_INCREMENT=449;

--
-- AUTO_INCREMENT for table `tblpayment_modes`
--
ALTER TABLE `tblpayment_modes`
  MODIFY `id` bigint(20) UNSIGNED NOT NULL AUTO_INCREMENT, AUTO_INCREMENT=31;

--
-- AUTO_INCREMENT for table `tblpayment_modes_static`
--
ALTER TABLE `tblpayment_modes_static`
  MODIFY `id` bigint(20) UNSIGNED NOT NULL AUTO_INCREMENT, AUTO_INCREMENT=3;

--
-- AUTO_INCREMENT for table `tblpinned_projects`
--
ALTER TABLE `tblpinned_projects`
  MODIFY `id` bigint(20) UNSIGNED NOT NULL AUTO_INCREMENT;

--
-- AUTO_INCREMENT for table `tblplans`
--
ALTER TABLE `tblplans`
  MODIFY `id` int(11) NOT NULL AUTO_INCREMENT, AUTO_INCREMENT=8;

--
-- AUTO_INCREMENT for table `tblplan_features`
--
ALTER TABLE `tblplan_features`
  MODIFY `id` int(11) NOT NULL AUTO_INCREMENT;

--
-- AUTO_INCREMENT for table `tblplan_features_value`
--
ALTER TABLE `tblplan_features_value`
  MODIFY `id` int(11) NOT NULL AUTO_INCREMENT;

--
-- AUTO_INCREMENT for table `tblplan_sets`
--
ALTER TABLE `tblplan_sets`
  MODIFY `id` int(11) NOT NULL AUTO_INCREMENT, AUTO_INCREMENT=7;

--
-- AUTO_INCREMENT for table `tblpost_inspections`
--
ALTER TABLE `tblpost_inspections`
  MODIFY `id` bigint(20) UNSIGNED NOT NULL AUTO_INCREMENT, AUTO_INCREMENT=113;

--
-- AUTO_INCREMENT for table `tblpost_inspection_areas`
--
ALTER TABLE `tblpost_inspection_areas`
  MODIFY `id` bigint(20) UNSIGNED NOT NULL AUTO_INCREMENT, AUTO_INCREMENT=108;

--
-- AUTO_INCREMENT for table `tblprojectdiscussioncomments`
--
ALTER TABLE `tblprojectdiscussioncomments`
  MODIFY `id` bigint(20) UNSIGNED NOT NULL AUTO_INCREMENT, AUTO_INCREMENT=2;

--
-- AUTO_INCREMENT for table `tblprojectdiscussions`
--
ALTER TABLE `tblprojectdiscussions`
  MODIFY `id` bigint(20) UNSIGNED NOT NULL AUTO_INCREMENT, AUTO_INCREMENT=2;

--
-- AUTO_INCREMENT for table `tblprojects`
--
ALTER TABLE `tblprojects`
  MODIFY `id` bigint(20) UNSIGNED NOT NULL AUTO_INCREMENT, AUTO_INCREMENT=2;

--
-- AUTO_INCREMENT for table `tblproject_activity`
--
ALTER TABLE `tblproject_activity`
  MODIFY `id` bigint(20) UNSIGNED NOT NULL AUTO_INCREMENT, AUTO_INCREMENT=19;

--
-- AUTO_INCREMENT for table `tblproject_files`
--
ALTER TABLE `tblproject_files`
  MODIFY `id` bigint(20) UNSIGNED NOT NULL AUTO_INCREMENT;

--
-- AUTO_INCREMENT for table `tblproject_members`
--
ALTER TABLE `tblproject_members`
  MODIFY `id` bigint(20) UNSIGNED NOT NULL AUTO_INCREMENT, AUTO_INCREMENT=2;

--
-- AUTO_INCREMENT for table `tblproject_notes`
--
ALTER TABLE `tblproject_notes`
  MODIFY `id` bigint(20) UNSIGNED NOT NULL AUTO_INCREMENT;

--
-- AUTO_INCREMENT for table `tblproject_settings`
--
ALTER TABLE `tblproject_settings`
  MODIFY `id` bigint(20) UNSIGNED NOT NULL AUTO_INCREMENT, AUTO_INCREMENT=20;

--
-- AUTO_INCREMENT for table `tblproposals`
--
ALTER TABLE `tblproposals`
  MODIFY `id` bigint(20) UNSIGNED NOT NULL AUTO_INCREMENT;

--
-- AUTO_INCREMENT for table `tblproposal_comments`
--
ALTER TABLE `tblproposal_comments`
  MODIFY `id` bigint(20) UNSIGNED NOT NULL AUTO_INCREMENT;

--
-- AUTO_INCREMENT for table `tblpurchase_plan_history`
--
ALTER TABLE `tblpurchase_plan_history`
  MODIFY `id` bigint(20) NOT NULL AUTO_INCREMENT, AUTO_INCREMENT=5;

--
-- AUTO_INCREMENT for table `tblrelated_items`
--
ALTER TABLE `tblrelated_items`
  MODIFY `id` bigint(20) UNSIGNED NOT NULL AUTO_INCREMENT, AUTO_INCREMENT=4;

--
-- AUTO_INCREMENT for table `tblreminders`
--
ALTER TABLE `tblreminders`
  MODIFY `id` bigint(20) UNSIGNED NOT NULL AUTO_INCREMENT;

--
-- AUTO_INCREMENT for table `tblroles`
--
ALTER TABLE `tblroles`
  MODIFY `roleid` bigint(20) UNSIGNED NOT NULL AUTO_INCREMENT, AUTO_INCREMENT=4;

--
-- AUTO_INCREMENT for table `tblsales_activity`
--
ALTER TABLE `tblsales_activity`
  MODIFY `id` bigint(20) UNSIGNED NOT NULL AUTO_INCREMENT, AUTO_INCREMENT=432;

--
-- AUTO_INCREMENT for table `tblscheduled_emails`
--
ALTER TABLE `tblscheduled_emails`
  MODIFY `id` bigint(20) UNSIGNED NOT NULL AUTO_INCREMENT;

--
-- AUTO_INCREMENT for table `tblservices`
--
ALTER TABLE `tblservices`
  MODIFY `serviceid` bigint(20) UNSIGNED NOT NULL AUTO_INCREMENT;

--
-- AUTO_INCREMENT for table `tblshopping_list`
--
ALTER TABLE `tblshopping_list`
  MODIFY `id` bigint(20) UNSIGNED NOT NULL AUTO_INCREMENT, AUTO_INCREMENT=48;

--
-- AUTO_INCREMENT for table `tblshopping_list_items`
--
ALTER TABLE `tblshopping_list_items`
  MODIFY `id` bigint(20) UNSIGNED NOT NULL AUTO_INCREMENT, AUTO_INCREMENT=93;

--
-- AUTO_INCREMENT for table `tblspam_filters`
--
ALTER TABLE `tblspam_filters`
  MODIFY `id` bigint(20) UNSIGNED NOT NULL AUTO_INCREMENT;

--
-- AUTO_INCREMENT for table `tblstaff`
--
ALTER TABLE `tblstaff`
  MODIFY `staffid` bigint(20) UNSIGNED NOT NULL AUTO_INCREMENT, AUTO_INCREMENT=75;

--
-- AUTO_INCREMENT for table `tblstaff_departments`
--
ALTER TABLE `tblstaff_departments`
  MODIFY `staffdepartmentid` bigint(20) UNSIGNED NOT NULL AUTO_INCREMENT;

--
-- AUTO_INCREMENT for table `tblsubscriptions`
--
ALTER TABLE `tblsubscriptions`
  MODIFY `id` bigint(20) UNSIGNED NOT NULL AUTO_INCREMENT;

--
-- AUTO_INCREMENT for table `tblsystemwide_supplier`
--
ALTER TABLE `tblsystemwide_supplier`
  MODIFY `id` bigint(20) UNSIGNED NOT NULL AUTO_INCREMENT, AUTO_INCREMENT=37;

--
-- AUTO_INCREMENT for table `tblsystemwide_supplies`
--
ALTER TABLE `tblsystemwide_supplies`
  MODIFY `id` bigint(20) UNSIGNED NOT NULL AUTO_INCREMENT, AUTO_INCREMENT=4;

--
-- AUTO_INCREMENT for table `tblsystemwide_supply_category`
--
ALTER TABLE `tblsystemwide_supply_category`
  MODIFY `id` bigint(20) UNSIGNED NOT NULL AUTO_INCREMENT, AUTO_INCREMENT=3;

--
-- AUTO_INCREMENT for table `tbltags`
--
ALTER TABLE `tbltags`
  MODIFY `id` bigint(20) UNSIGNED NOT NULL AUTO_INCREMENT;

--
-- AUTO_INCREMENT for table `tbltasks`
--
ALTER TABLE `tbltasks`
  MODIFY `id` bigint(20) UNSIGNED NOT NULL AUTO_INCREMENT, AUTO_INCREMENT=21;

--
-- AUTO_INCREMENT for table `tbltaskstimers`
--
ALTER TABLE `tbltaskstimers`
  MODIFY `id` bigint(20) UNSIGNED NOT NULL AUTO_INCREMENT, AUTO_INCREMENT=39;

--
-- AUTO_INCREMENT for table `tbltasks_checklist_templates`
--
ALTER TABLE `tbltasks_checklist_templates`
  MODIFY `id` bigint(20) UNSIGNED NOT NULL AUTO_INCREMENT;

--
-- AUTO_INCREMENT for table `tbltask_assigned`
--
ALTER TABLE `tbltask_assigned`
  MODIFY `id` bigint(20) UNSIGNED NOT NULL AUTO_INCREMENT, AUTO_INCREMENT=78;

--
-- AUTO_INCREMENT for table `tbltask_checklist_items`
--
ALTER TABLE `tbltask_checklist_items`
  MODIFY `id` bigint(20) UNSIGNED NOT NULL AUTO_INCREMENT;

--
-- AUTO_INCREMENT for table `tbltask_comments`
--
ALTER TABLE `tbltask_comments`
  MODIFY `id` bigint(20) UNSIGNED NOT NULL AUTO_INCREMENT;

--
-- AUTO_INCREMENT for table `tbltask_files`
--
ALTER TABLE `tbltask_files`
  MODIFY `id` bigint(20) UNSIGNED NOT NULL AUTO_INCREMENT, AUTO_INCREMENT=77;

--
-- AUTO_INCREMENT for table `tbltask_followers`
--
ALTER TABLE `tbltask_followers`
  MODIFY `id` bigint(20) UNSIGNED NOT NULL AUTO_INCREMENT;

--
-- AUTO_INCREMENT for table `tbltaxes`
--
ALTER TABLE `tbltaxes`
  MODIFY `id` bigint(20) UNSIGNED NOT NULL AUTO_INCREMENT, AUTO_INCREMENT=48;

--
-- AUTO_INCREMENT for table `tbltenants`
--
ALTER TABLE `tbltenants`
  MODIFY `id` bigint(20) UNSIGNED NOT NULL AUTO_INCREMENT, AUTO_INCREMENT=64;

--
-- AUTO_INCREMENT for table `tbltenantspecific_supplier`
--
ALTER TABLE `tbltenantspecific_supplier`
  MODIFY `id` bigint(20) UNSIGNED NOT NULL AUTO_INCREMENT, AUTO_INCREMENT=59;

--
-- AUTO_INCREMENT for table `tbltenantspecific_supplies`
--
ALTER TABLE `tbltenantspecific_supplies`
  MODIFY `id` bigint(20) UNSIGNED NOT NULL AUTO_INCREMENT, AUTO_INCREMENT=17;

--
-- AUTO_INCREMENT for table `tbltenantspecific_supply_category`
--
ALTER TABLE `tbltenantspecific_supply_category`
  MODIFY `id` bigint(20) UNSIGNED NOT NULL AUTO_INCREMENT, AUTO_INCREMENT=13;

--
-- AUTO_INCREMENT for table `tbltickets`
--
ALTER TABLE `tbltickets`
  MODIFY `ticketid` bigint(20) UNSIGNED NOT NULL AUTO_INCREMENT;

--
-- AUTO_INCREMENT for table `tbltickets_pipe_log`
--
ALTER TABLE `tbltickets_pipe_log`
  MODIFY `id` bigint(20) UNSIGNED NOT NULL AUTO_INCREMENT;

--
-- AUTO_INCREMENT for table `tbltickets_predefined_replies`
--
ALTER TABLE `tbltickets_predefined_replies`
  MODIFY `id` bigint(20) UNSIGNED NOT NULL AUTO_INCREMENT;

--
-- AUTO_INCREMENT for table `tbltickets_priorities`
--
ALTER TABLE `tbltickets_priorities`
  MODIFY `priorityid` bigint(20) UNSIGNED NOT NULL AUTO_INCREMENT, AUTO_INCREMENT=34;

--
-- AUTO_INCREMENT for table `tbltickets_priorities_static`
--
ALTER TABLE `tbltickets_priorities_static`
  MODIFY `priorityid` bigint(20) UNSIGNED NOT NULL AUTO_INCREMENT, AUTO_INCREMENT=4;

--
-- AUTO_INCREMENT for table `tbltickets_status`
--
ALTER TABLE `tbltickets_status`
  MODIFY `ticketstatusid` bigint(20) UNSIGNED NOT NULL AUTO_INCREMENT, AUTO_INCREMENT=72;

--
-- AUTO_INCREMENT for table `tbltickets_status_static`
--
ALTER TABLE `tbltickets_status_static`
  MODIFY `ticketstatusid` bigint(20) UNSIGNED NOT NULL AUTO_INCREMENT, AUTO_INCREMENT=6;

--
-- AUTO_INCREMENT for table `tblticket_attachments`
--
ALTER TABLE `tblticket_attachments`
  MODIFY `id` bigint(20) UNSIGNED NOT NULL AUTO_INCREMENT;

--
-- AUTO_INCREMENT for table `tblticket_replies`
--
ALTER TABLE `tblticket_replies`
  MODIFY `id` bigint(20) UNSIGNED NOT NULL AUTO_INCREMENT;

--
-- AUTO_INCREMENT for table `tbltodos`
--
ALTER TABLE `tbltodos`
  MODIFY `todoid` bigint(20) UNSIGNED NOT NULL AUTO_INCREMENT, AUTO_INCREMENT=20;

--
-- AUTO_INCREMENT for table `tbltracked_mails`
--
ALTER TABLE `tbltracked_mails`
  MODIFY `id` bigint(20) UNSIGNED NOT NULL AUTO_INCREMENT, AUTO_INCREMENT=6;

--
-- AUTO_INCREMENT for table `tbluser_api`
--
ALTER TABLE `tbluser_api`
  MODIFY `id` int(11) NOT NULL AUTO_INCREMENT, AUTO_INCREMENT=4;

--
-- AUTO_INCREMENT for table `tbluser_meta`
--
ALTER TABLE `tbluser_meta`
  MODIFY `umeta_id` bigint(20) UNSIGNED NOT NULL AUTO_INCREMENT, AUTO_INCREMENT=12;

--
-- AUTO_INCREMENT for table `tblvault`
--
ALTER TABLE `tblvault`
  MODIFY `id` bigint(20) UNSIGNED NOT NULL AUTO_INCREMENT;

--
-- AUTO_INCREMENT for table `tblviews_tracking`
--
ALTER TABLE `tblviews_tracking`
  MODIFY `id` bigint(20) UNSIGNED NOT NULL AUTO_INCREMENT, AUTO_INCREMENT=7;

--
-- AUTO_INCREMENT for table `tblweb_to_lead`
--
ALTER TABLE `tblweb_to_lead`
  MODIFY `id` bigint(20) UNSIGNED NOT NULL AUTO_INCREMENT;

--
-- AUTO_INCREMENT for table `tbl_leads_conversations`
--
ALTER TABLE `tbl_leads_conversations`
  MODIFY `id` bigint(20) UNSIGNED NOT NULL AUTO_INCREMENT, AUTO_INCREMENT=9;

--
-- Constraints for dumped tables
--

--
-- Constraints for table `tbldetail_estimate_area_task_items`
--
ALTER TABLE `tbldetail_estimate_area_task_items`
  ADD CONSTRAINT `tbldeat_items_ibfk_1` FOREIGN KEY (`cp_supply_id`) REFERENCES `tblsystemwide_supplies` (`id`) ON DELETE SET NULL ON UPDATE SET NULL,
  ADD CONSTRAINT `tbldeat_items_ibfk_2` FOREIGN KEY (`my_supply_id`) REFERENCES `tbltenantspecific_supplies` (`id`) ON DELETE SET NULL ON UPDATE SET NULL;

--
-- Constraints for table `tblplans`
--
ALTER TABLE `tblplans`
  ADD CONSTRAINT `tblplans_ibfk_1` FOREIGN KEY (`plan_sets_id`) REFERENCES `tblplan_sets` (`id`) ON DELETE NO ACTION ON UPDATE CASCADE;

--
-- Constraints for table `tblshopping_list_items`
--
ALTER TABLE `tblshopping_list_items`
  ADD CONSTRAINT `tblshopping_list_items_ibfk_1` FOREIGN KEY (`cp_supply_id`) REFERENCES `tblsystemwide_supplies` (`id`) ON DELETE SET NULL ON UPDATE SET NULL,
  ADD CONSTRAINT `tblshopping_list_items_ibfk_2` FOREIGN KEY (`my_supply_id`) REFERENCES `tbltenantspecific_supplies` (`id`) ON DELETE SET NULL ON UPDATE SET NULL;
COMMIT;

